Brisbane, Queensland, Australia, Latitude 27°S 23' 52", Longitude 152° E 55' 35", Elevation 76 m

Tue 26 Oct 2021 5:35:03 pm: Temperature: 22.7 °C, Humidity: 74 %, Wind speed: 7 km/h, Wind Gust: 19 km/h, Rain today: 0.0 mm, MSLP: 1016.1 hPa

Website under continual development from 11 years of weather data. Please contact us if you find issues or like to provide feedback.

NOAA Style Reports

This page shows monthly and annual NOAA style reports since 2009.

Tables are updated at midnight each day.


Report for 2010 Feb
                   Monthly Climatological Summary for Feb 2010

Name: Ferny Grove   City: Brisbane   State: Queensland
Elevation: 76 m  Lat: S 27° 23' 52"   Lon: E 152° 55' 35"

                  Temperature (°C), Rain (mm), Wind Speed (km/h)

                                      Heat  Cool        Avg
    Mean                              Deg   Deg         Wind                 Dom
Day Temp  High   Time   Low    Time   Days  Days  Rain  Speed High   Time    Dir
----------------------------------------------------------------------------------
 1  ----  ----  12:00a  22.6  -----    ---   ---  21.5  ----   ---  12:00a   ---
 2  ----  ----  12:00a  ----  12:00a   ---   ---   9.3  ----   ---  12:00a   ---
 3  ----  ----  12:00a  ----  12:00a   ---   ---   3.5  ----   ---  12:00a   ---
 4  ----  ----  12:00a  ----  12:00a   ---   ---   0.0  ----   ---  12:00a   ---
 5  ----  ----  12:00a  ----  12:00a   ---   ---   0.5  ----   ---  12:00a   ---
 6  ----  ----  12:00a  ----  12:00a   ---   ---   0.0  ----   ---  12:00a   ---
 7  ----  ----  12:00a  ----  12:00a   ---   --- 103.9  ----   ---  12:00a   ---
 8  ----  ----  12:00a  ----  12:00a   ---   ---  14.0  ----   ---  12:00a   ---
 9  ----  ----  12:00a  ----  12:00a   ---   ---   8.5  ----   ---  12:00a   ---
10  ----  ----  12:00a  ----  12:00a   ---   ---   3.0  ----   ---  12:00a   ---
11  ----  ----  12:00a  ----  12:00a   ---   ---   0.9  ----   ---  12:00a   ---
12  ----  ----  12:00a  ----  12:00a   ---   ---   0.0  ----   ---  12:00a   ---
13  ----  ----  12:00a  ----  12:00a   ---   ---   0.0  ----   ---  12:00a   ---
14  ----  ----  12:00a  ----  12:00a   ---   ---   0.0  ----   ---  12:00a   ---
15  29.5  35.6  12:00a  23.3  12:00a   0.0   5.5   0.0  ----  46.5  12:00a   ---
16  27.5  31.1  11:30a  23.8   6:51p   0.0   3.5  12.5  ----  34.0  12:00a   ---
17  24.1  27.1   3:26p  21.1   6:15a   0.0   0.1  39.5  ----   7.0  12:00a   ---
18  26.2  30.5   2:04p  21.9   6:39a   0.0   2.2   0.0  ----  25.0  12:00a   ---
19  24.7  29.5  12:51p  19.8   6:35a   0.0   0.6   0.0  ----  20.0  12:00a   ---
20  25.2  29.7  12:58p  20.6   6:36a   0.0   1.2   1.1  ----  27.0   1:49p   ---
21  25.5  30.4   2:53p  20.6   6:13a   0.0   1.5   2.0  ----  30.5  12:00a   ---
22  25.6  31.8   2:16p  19.3   6:09a   0.0   1.6   0.0  ----  25.0   5:00p   ---
23  28.4  35.3   2:15p  21.5   6:08a   0.0   4.4   0.0  ----  27.0   4:28p   ---
24  27.3  31.2  12:40p  23.3   6:34a   0.0   3.3   0.0  ----  45.0  12:00a   ---
25  26.0  29.1  11:21a  22.8   6:43a   0.0   2.0   0.0  ----  32.0   2:16p   ---
26  23.5  28.1   3:20p  18.9   6:57a   0.0   0.0   2.8  ----  27.0   5:04p   ---
27  23.2  26.6  12:00a  19.8   6:41a   0.0   0.0   0.3  ----  23.0   2:45p   ---
28  25.0  28.8  11:41a  21.1   6:17a   0.0   1.0  15.8  ----  14.0   4:58p   ---
----------------------------------------------------------------------------------
    25.8  35.6    15    18.9    26     0.0   26.6 239.1  ----  46.5    15     ---

Max >=  30.0:  7
Max <=  25.0:  0
Min <=  10.0:  0
Min <=   5.0:  0
Max Rain: 103.9 on day 7
Days of Rain: 16 (>= 0.2 mm)  12 (>= 2.0 mm)  3 (>= 20.0 mm)
Heat Base: 18.0  Cool Base: 24.0  Method: Integration