Brisbane, Queensland, Australia, Latitude 27°S 23' 52", Longitude 152° E 55' 35", Elevation 76 m

Tue 26 Oct 2021 5:55:03 pm: Temperature: 22.7 °C, Humidity: 76 %, Wind speed: 7 km/h, Wind Gust: 14 km/h, Rain today: 0.0 mm, MSLP: 1015.6 hPa

Website under continual development from 11 years of weather data. Please contact us if you find issues or like to provide feedback.

NOAA Style Reports

This page shows monthly and annual NOAA style reports since 2009.

Tables are updated at midnight each day.


Report for 2011 Nov
                   Monthly Climatological Summary for Nov 2011

Name: Ferny Grove   City: Brisbane   State: Queensland
Elevation: 76 m  Lat: S 27° 23' 52"   Lon: E 152° 55' 35"

                  Temperature (°C), Rain (mm), Wind Speed (km/h)

                                      Heat  Cool        Avg
    Mean                              Deg   Deg         Wind                 Dom
Day Temp  High   Time   Low    Time   Days  Days  Rain  Speed High   Time    Dir
----------------------------------------------------------------------------------
 1  21.8  25.7  12:45p  17.9   5:40a   1.4   2.1   0.0   0.4  13.5   1:10p     W
 2  23.8  29.7   1:37p  17.8   5:36a   1.0   3.3   0.0   0.6  26.2   3:44p   NNW
 3  23.2  30.1   2:30p  16.3   5:25a   1.2   3.6   0.0   0.5  24.3   2:10p    NE
 4  25.0  28.8   2:48p  21.2   4:40a   0.1   3.6   0.0   0.8  25.1  12:49p    NE
 5  21.4  25.7   4:54p  17.1   2:37a   1.3   2.2   0.0   0.3  16.5   3:34p     N
 6  22.5  28.2   2:14p  16.8  12:40a   1.7   2.6   0.0   0.5  29.2   1:40p   NNE
 7  22.4  28.9   2:37p  15.8   5:13a   1.6   2.9   0.0   1.3  36.7  12:40p     N
 8  23.7  29.9   1:31p  17.4   4:50a   1.3   3.1   0.0   0.9  37.8   2:18p   NNE
 9  23.7  30.5   1:49p  16.9   5:00a   1.2   3.4   0.0   1.2  31.1   5:10p     N
10  24.8  31.9  12:41p  17.6   5:10a   0.8   4.0   0.0   0.7  29.2  11:00a     N
11  25.7  30.9   2:28p  20.5   5:19a   0.2   4.4   0.0   0.6  17.3   4:20p    NE
12  25.3  30.1   2:01p  20.4   5:22a   0.2   4.2   0.0   1.0  27.0   1:40p    NE
13  24.5  30.1   1:00p  18.8   4:40a   0.6   3.7   0.0   1.7  36.7   5:00p     N
14  26.7  32.6  12:36p  20.8   5:13a   0.1   4.4   0.0   0.7  35.9   8:30a     N
15  27.0  34.4   2:21p  19.5   5:22a   0.4   4.9   0.0   0.6  27.0   3:43p   NNE
16  27.3  32.8   2:18p  21.8   5:51a   0.0   4.9   0.0   1.1  23.2  10:40a     N
17  25.8  30.3   3:05a  21.3  11:40p   0.1   3.9   0.0   0.3  28.1   3:00p     N
18  24.5  29.4   2:12p  19.5  11:50p   0.5   3.6   0.0   0.6  20.3   5:50p     N
19  24.5  30.6   2:53p  18.4   3:58a   0.9   3.4   0.0   1.2  38.9   2:40p     N
20  24.8  31.3   2:39p  18.2   5:22a   0.9   3.6   0.0   1.8  32.9  10:40a     N
21  25.7  32.3   2:03p  19.1   5:25a   0.5   4.1   0.0   1.2  37.8   1:10p     N
22  24.1  30.1   3:16p  18.1   5:10a   0.6   3.6   0.0   2.3  51.3   5:00p   NNE
23  26.2  30.9  12:09p  21.4   4:40a   9.0   0.0   0.5   0.9  26.2  10:10a     N
24  22.9  24.6   4:57p  21.2   7:17a   0.1   5.6   2.6   0.7  31.1  11:00a   WNW
25  25.6  29.9   1:31p  21.2   4:00a   0.2   3.7   0.0   1.2  28.1  12:00p     N
26  25.7  29.6  11:37a  21.8   5:33a   0.0   3.8   4.1   1.1  23.2   9:30a     N
27  27.5  33.9   1:27p  21.1   5:10a   0.1   4.2   0.0   0.9  35.9  12:50p   NNW
28  26.7  33.1  12:14p  20.2   5:13a   0.2   4.7   0.0   0.7  17.3   4:10p   NNW
29  26.4  31.8   3:35p  20.9   5:21a   0.1   4.6   0.0   0.7  32.9  12:10p     N
30  25.1  30.1   2:49p  20.1   5:33a   0.2   4.1   0.0   0.1  16.5   3:00p   NNE
----------------------------------------------------------------------------------
    24.8  34.4    15    15.8     7    26.5 110.2   7.2   0.9  51.3    22       N

Max >=  30.0: 19
Max <=  25.0:  1
Min <=  10.0:  0
Min <=   5.0:  0
Max Rain: 4.1 on day 26
Days of Rain: 3 (>= 0.2 mm)  2 (>= 2.0 mm)  0 (>= 20.0 mm)
Heat Base: 18.0  Cool Base: 24.0  Method: Integration