Brisbane, Queensland, Australia, Latitude 27°S 23' 52", Longitude 152° E 55' 35", Elevation 76 m

Tue 21 Sep 2021 11:40:03 pm: Temperature: 11.8 °C, Humidity: 41 %, Wind speed: 7 km/h, Wind Gust: 15 km/h, Rain today: 0.0 mm, MSLP: 1018.5 hPa

Website under continual development from 11 years of weather data. Please contact us if you find issues or like to provide feedback.

NOAA Style Reports

This page shows monthly and annual NOAA style reports since 2009.

Tables are updated at midnight each day.


Report for 2012 Feb
                   Monthly Climatological Summary for Feb 2012

Name: Ferny Grove   City: Brisbane   State: Queensland
Elevation: 76 m  Lat: S 27° 23' 52"   Lon: E 152° 55' 35"

                  Temperature (°C), Rain (mm), Wind Speed (km/h)

                                      Heat  Cool        Avg
    Mean                              Deg   Deg         Wind                 Dom
Day Temp  High   Time   Low    Time   Days  Days  Rain  Speed High   Time    Dir
----------------------------------------------------------------------------------
 1  26.4  30.8   1:10p  21.9   5:27a   0.0   2.4   2.1   1.3  28.1   1:36p   NNE
 2  24.6  28.1  11:58a  21.1   3:10a   0.0   1.4   1.0   1.9  32.9   7:47a    NE
 3  22.5  25.4  11:40a  19.6   5:44a   0.0   0.3   8.3   0.2  10.5   5:10p   WNW
 4  23.9  29.4  12:25p  18.4   5:58a   0.0   1.7   0.0   0.7  22.1   7:39a   SSW
 5  25.8  32.2   3:27p  19.3   3:36a   0.0   2.6   0.0   0.7  13.5   2:27p    SW
 6  28.7  35.1   2:05p  22.3   4:55a   0.0   4.1   0.0   0.8  19.4   5:10p   WSW
 7  25.9  29.5  11:00a  22.2   9:45p   0.0   2.2   5.7   0.4  22.1   5:22p     S
 8  25.5  29.9  12:51p  21.1  11:50p   0.0   1.5   4.7   0.5  21.3  10:24a   SSW
 9  24.4  30.1  12:55p  18.7   5:40a   0.0   1.8   0.5   1.0  22.1   9:27a     S
10  24.4  30.2  12:52p  18.6   5:45a   0.0   1.9   0.0   1.2  25.1   3:46p   NNE
11  25.6  31.4   1:40p  19.8   4:35a   0.0   2.0  13.5   0.7  16.5   6:34a     N
12  25.6  31.4   1:46p  19.7   6:06a   0.0   2.0  10.9   0.4  13.5   1:59p     N
13  25.3  30.3  12:41p  20.3   5:40a   0.0   1.7   7.8   0.4  30.0   4:13p     S
14  24.6  29.4   1:32p  19.8   6:05a   0.0   1.5   0.0   1.2  27.0   4:21p   SSE
15  24.5  29.9   1:15p  19.0   5:55a   0.0   1.5   0.0   1.3  25.1   7:24p     S
16  24.4  29.7  12:55p  19.0   6:06a   0.0   1.7   0.0   1.3  21.3   2:04p   SSE
17  25.1  30.3   1:15p  19.8   4:55a   0.0   2.1   0.0   1.1  23.2  10:33a   SSE
18  24.5  29.8   2:21p  19.1   5:40a   0.0   2.0   0.0   0.7  23.2   5:16p     S
19  26.1  31.8   1:03p  20.3   5:40a   0.0   2.9   0.0   0.5  24.3   2:58p    SW
20  26.9  33.1   1:30p  20.6   6:08a   0.0   3.4   0.0   0.9  27.0   5:33p     N
21  26.4  30.3   1:15p  22.4   7:00a   0.0   2.1   3.1   0.3  12.4   3:20p     N
22  26.0  29.8  12:25p  22.1   5:15a   0.0   2.0   4.7   0.6  20.3   2:06p   SSE
23  21.9  23.6  12:00a  20.1  11:35p   0.0   0.0  17.1   0.1  10.5  12:39p     S
24  21.2  23.4  12:25p  19.0   4:30a   0.0   0.0  49.7   1.1  27.0  11:52a   SSW
25  23.2  26.7  11:56a  19.6  12:00a   0.0   0.6  27.5   1.0  19.4   1:29p   SSE
26  24.9  28.5   2:05p  21.3  11:45p   0.0   1.3   2.1   1.3  25.1  12:07p    SE
27  24.7  29.3   1:05p  20.1   2:52a   0.0   1.8   0.0   1.2  30.0  12:56p     E
28  25.1  30.4   1:20p  19.8   6:05a   0.0   2.3   0.0   1.2  26.2  12:12p   NNE
29  22.5  31.4  12:56p  13.6   6:00a   0.0   2.6   0.0   1.0  24.3   4:26p     N
----------------------------------------------------------------------------------
    24.8  35.1     6    13.6    29     0.0  53.4 158.7   0.9  32.9     2      SE

Max >=  30.0: 14
Max <=  25.0:  2
Min <=  10.0:  0
Min <=   5.0:  0
Max Rain: 49.7 on day 24
Days of Rain: 15 (>= 0.2 mm)  13 (>= 2.0 mm)  2 (>= 20.0 mm)
Heat Base: 18.0  Cool Base: 24.0  Method: Integration