Brisbane, Queensland, Australia, Latitude 27°S 23' 52", Longitude 152° E 55' 35", Elevation 76 m

Sun 9 Aug 2020 12:25:02 am: Temperature: 14.8 °C, Humidity: 66 %, Wind speed: 6 km/h, Wind Gust: 21 km/h, Rain today: 0.0 mm, MSLP: 1013.78 hPa

Website under continual development from 10 years of weather data. Please contact us if you find issues or like to provide feedback.

NOAA Style Reports

This page shows monthly and annual NOAA style reports since 2009.

Tables are updated at midnight each day.


Report for 2012 Nov
                   Monthly Climatological Summary for Nov 2012

Name: Ferny Grove   City: Brisbane   State: Queensland
Elevation: 76 m  Lat: S 27° 23' 52"   Lon: E 152° 55' 35"

                  Temperature (°C), Rain (mm), Wind Speed (km/h)

                                      Heat  Cool        Avg
    Mean                              Deg   Deg         Wind                 Dom
Day Temp  High   Time   Low    Time   Days  Days  Rain  Speed High   Time    Dir
----------------------------------------------------------------------------------
 1  22.0  30.5   1:55p  13.5   4:55a   0.2   1.7   0.0   2.4  31.1   2:28p     N
 2  23.3  29.6  11:25a  16.9   4:05a   0.0   1.6   0.0   3.3  30.0   2:44p   SSE
 3  23.0  26.5   2:00p  19.5   5:05a   0.0   0.4   0.0   2.2  25.1   3:25p    SE
 4  22.0  26.4   2:59p  17.5   6:00a   0.0   0.4   1.5   1.0  19.4   2:45p     N
 5  21.2  28.1   2:15p  14.3   5:36a   0.1   0.9   0.0   1.7  20.3   4:27p    NE
 6  21.1  27.6   1:10p  14.6   4:55a   0.1   0.8   0.0   2.1  29.2   1:30p   NNE
 7  21.2  28.3   1:50p  14.1   4:55a   0.1   1.0   0.0   2.1  25.1   1:20p   NNE
 8  23.1  29.1   3:00p  17.1   5:25a   0.0   1.4   0.5   4.0  43.7  10:13a   NNE
 9  24.5  29.5  12:05p  19.5  11:50p   0.0   1.1  15.5   1.9  26.2   1:05p   NNE
10  20.5  22.1   9:51a  18.9  11:50p   0.0   0.0  10.4   0.2   8.6  10:32a   SSW
11  20.7  24.6   3:56p  16.7   4:40a   0.1   0.0   0.0   6.7  34.0  11:31a     S
12  19.6  25.2   2:55p  13.9   4:50a   0.4   0.1   0.0   1.8  23.2   6:36a     S
13  20.5  28.3   2:10p  12.7   4:50a   0.7   1.0   0.0   2.0  21.3   4:37p     N
14  21.4  29.9   1:16p  12.9   5:15a   0.2   1.5   0.0   2.4  45.6  12:02p   NNE
15  23.3  31.4   1:39p  15.1   4:45a   0.0   2.4   0.0   3.7  32.9   3:18p   NNE
16  25.2  34.4   1:06p  16.0   4:55a   0.0   3.7   0.0   2.7  31.1   3:42p     N
17  23.4  27.5   4:00p  19.3  11:32a   0.0   0.8  68.4   0.6  35.9  10:45a   SSW
18  20.7  23.9  12:25p  17.4   5:12a   0.0   0.0  33.7   0.0   0.0  10:46a     E
19  24.6  33.3   3:20p  15.9   4:50a   0.0   2.7   0.0   0.0   0.0  12:00a     E
20  23.1  29.4   1:25p  16.7   5:20a   0.0   1.5   0.0   0.0   0.0  12:00a     E
21  21.1  28.8   1:45p  13.4   4:40a   0.0   1.2   0.0   0.0   0.0  12:00a     E
22  23.6  30.9   1:35p  16.2   5:20a   0.0   1.7   0.0   1.4  20.3   5:29p     N
23  25.8  30.4   1:15p  21.1   6:06a   0.0   1.9   0.0   1.7  27.0   9:37a   NNE
24  23.7  29.3   2:22p  18.1   5:15a   0.0   1.4   0.0   3.6  24.3   9:21a     N
25  23.4  29.6   3:20p  17.1   5:30a   0.1   1.5   0.0   3.5  39.7   6:57p   NNE
26  23.5  30.5   3:15p  16.5   5:05a   0.0   1.9   0.0   1.5  21.3   2:45p    NE
27  23.6  30.6   2:30p  16.6   5:42a   0.0   2.0   0.0   2.4  27.0   4:51p     N
28  25.0  32.2   1:55p  17.8   5:34a   0.0   2.8   3.6   1.4  28.1   2:43p   NNE
29  24.5  31.3   3:20p  17.7   5:05a   0.0   2.7   0.0   1.2  19.4   2:38p   NNE
30  25.1  32.8   2:10p  17.4   5:10a   0.0   3.3   0.0   2.8  43.7   4:00p     N
----------------------------------------------------------------------------------
    22.8  34.4    16    12.7    13     2.0  43.4 133.6   2.0  45.6    14     NNE

Max >=  30.0: 11
Max <=  25.0:  3
Min <=  10.0:  0
Min <=   5.0:  0
Max Rain: 68.4 on day 17
Days of Rain: 7 (>= 0.2 mm)  5 (>= 2.0 mm)  2 (>= 20.0 mm)
Heat Base: 18.0  Cool Base: 24.0  Method: Integration