Brisbane, Queensland, Australia, Latitude 27°S 23' 52", Longitude 152° E 55' 35", Elevation 76 m

Mon 5 Dec 2022 10:50:13 am: Temperature: 27.6 °C, Humidity: 56 %, Wind speed: 5 km/h, Wind Gust: 12 km/h, Rain today: 0.0 mm, MSLP: 1009.8 hPa

Website under continual development from 11 years of weather data. Please contact us if you find issues or like to provide feedback.

NOAA Style Reports

This page shows monthly and annual NOAA style reports since 2009.

Tables are updated at midnight each day.


Report for 2012 Dec
                   Monthly Climatological Summary for Dec 2012

Name: Ferny Grove   City: Brisbane   State: Queensland
Elevation: 76 m  Lat: S 27° 23' 52"   Lon: E 152° 55' 35"

                  Temperature (°C), Rain (mm), Wind Speed (km/h)

                                      Heat  Cool        Avg
    Mean                              Deg   Deg         Wind                 Dom
Day Temp  High   Time   Low    Time   Days  Days  Rain  Speed High   Time    Dir
----------------------------------------------------------------------------------
 1  24.8  32.5   1:31p  17.0   5:00a   0.0   3.2   0.0   3.2  34.0   4:53p     N
 2  24.9  32.5   1:18p  17.2   5:05a   0.0   3.1   0.0   2.5  34.0   7:55a   NNE
 3  25.3  32.2   3:15p  18.3   4:55a   0.0   3.5   0.0   3.2  32.9   4:09p   NNE
 4  29.1  38.5   3:10p  19.6   5:05a   0.0   6.3   0.0   3.6  27.0   2:53p   WSW
 5  26.1  34.9   5:05p  17.2   5:30a   0.0   5.1   0.0   3.3  32.9   2:17p   WSW
 6  23.4  31.1   1:05p  15.6   5:30a   0.0   3.0   0.0   2.4  22.1   5:33p     E
 7  24.2  29.9   2:45p  18.5   5:15a   0.0   2.1   0.0   2.9  34.0   3:34p   NNE
 8  24.9  30.9   2:15p  18.9   5:15a   0.0   2.2   0.0   2.3  19.4   4:28p   NNE
 9  24.0  30.8   2:52p  17.1   4:39a   0.0   2.2   0.0   1.2  21.3  11:51a   NNE
10  20.7  25.3   9:15a  16.0  11:50p   0.0   0.2  20.7   0.1   8.6   3:11p   SSW
11  21.9  27.1  12:45p  16.7   4:55a   0.0   0.4   0.5   3.5  27.0   1:36p     S
12  22.4  28.3   3:05p  16.5   4:55a   0.0   1.0   0.0   4.5  30.0   8:23p   SSE
13  22.7  28.8   2:25p  16.6   5:20a   0.0   1.2   0.5   3.6  29.2  11:40a   SSE
14  22.8  30.4   2:40p  15.2   4:50a   0.0   1.9   0.0   2.4  31.1   4:21p   SSE
15  22.9  31.2   2:42p  14.5   5:14a   0.0   2.3   0.0   1.7  18.4   6:23p   NNE
16  26.5  33.2   2:09p  19.7   5:00a   0.0   3.5   0.0   2.5  32.9   1:39p   NNE
17  27.4  35.4   2:05p  19.4   4:50a   0.0   4.9   0.0   2.2  31.9  12:23p   NNE
18  29.9  35.3   1:20p  24.5   4:00a   0.0   5.5   1.0   2.9  45.6   1:27p   NNE
19  27.2  31.2   3:40p  23.1   5:20a   0.0   3.6   0.0   2.5  27.0  11:41a   NNE
20  27.6  32.9  12:03p  22.3   5:00a   0.0   3.6   0.0   1.3  18.4   8:17a     N
21  26.9  30.4  12:38p  23.3  11:50p   0.0   2.7   4.1   1.2  31.1   4:06p   SSE
22  25.6  30.1   1:13p  21.0   3:15a   0.0   2.3   1.0   0.7  15.4   6:15p    SE
23  27.4  32.6   2:57p  22.1   4:55a   0.0   3.6   8.3   1.4  30.0   3:59p    NE
24  26.0  29.9   2:35p  22.1  11:45p   0.0   2.2   0.0   1.3   8.6   6:50p   NNE
25  25.8  32.9   1:34p  18.6   4:35a   0.0   3.3   0.0   2.8  41.6   4:13p   NNE
26  23.7  27.3   5:17p  20.1   6:40a   0.0   0.8   0.0   0.9  22.1  12:07p   SSW
27  25.0  30.8   2:00p  19.1   5:10a   0.0   2.3   0.0   1.6  23.2  10:11a     S
28  26.2  32.1  12:45p  20.3   4:30a   0.0   2.1   2.6   1.1  19.4   3:29p   NNE
29  26.0  32.5   3:20p  19.4   5:40a   0.0   3.3   0.0   2.0  34.0   3:00p   SSE
30  26.4  32.1   1:30p  20.7   5:15a   0.1   2.4   0.0   3.1  25.1  12:41p   SSE
31  24.2  29.5   2:30p  18.9   5:40a   0.0   2.0   0.0   2.1  31.1   1:53p   SSE
----------------------------------------------------------------------------------
    25.2  38.5     4    14.5    15     0.1  85.8  38.7   2.3  45.6    18     ENE

Max >=  30.0: 23
Max <=  25.0:  0
Min <=  10.0:  0
Min <=   5.0:  0
Max Rain: 20.7 on day 10
Days of Rain: 8 (>= 0.2 mm)  4 (>= 2.0 mm)  1 (>= 20.0 mm)
Heat Base: 18.0  Cool Base: 24.0  Method: Integration