Brisbane, Queensland, Australia, Latitude 27°S 23' 52", Longitude 152° E 55' 35", Elevation 76 m

Tue 21 Sep 2021 11:50:03 pm: Temperature: 11.7 °C, Humidity: 42 %, Wind speed: 4 km/h, Wind Gust: 12 km/h, Rain today: 0.0 mm, MSLP: 1018.4 hPa

Website under continual development from 11 years of weather data. Please contact us if you find issues or like to provide feedback.

NOAA Style Reports

This page shows monthly and annual NOAA style reports since 2009.

Tables are updated at midnight each day.


Report for 2013 Jan
                   Monthly Climatological Summary for Jan 2013

Name: Ferny Grove   City: Brisbane   State: Queensland
Elevation: 76 m  Lat: S 27° 23' 52"   Lon: E 152° 55' 35"

                  Temperature (°C), Rain (mm), Wind Speed (km/h)

                                      Heat  Cool        Avg
    Mean                              Deg   Deg         Wind                 Dom
Day Temp  High   Time   Low    Time   Days  Days  Rain  Speed High   Time    Dir
----------------------------------------------------------------------------------
 1  24.3  31.1   2:15p  17.4   3:30a   0.0   2.6   0.0   1.4  16.5   2:24a   NNE
 2  27.0  36.4   3:10p  17.6   5:40a   0.0   5.0   0.0   1.5  38.9   9:36a   ESE
 3  27.3  32.8   1:55p  21.8   5:40a   0.0   3.9   0.0   4.3  38.9   9:36a   SSE
 4  25.9  31.3   2:55p  20.5   5:20a   0.0   2.9   0.0   2.8  22.1   4:48a   SSE
 5  24.7  28.8   3:35p  20.6   6:00a   0.0   1.9   0.0   0.9  16.5   2:24a   SSE
 6  25.2  30.2   2:40p  20.1   5:10a   0.0   2.0   0.0   2.1  29.2   7:12p   SSE
 7  24.9  30.2  11:45a  19.6   5:45a   0.0   2.4   0.0   2.0  22.1   4:48a   SSE
 8  25.6  32.5   3:15p  18.6   5:05a   0.0   3.0   0.0   2.8  39.7   4:48p     N
 9  27.3  35.8   2:05p  18.7   5:25a   0.0   4.8   0.0   3.2  39.7   4:48p   NNE
10  28.4  34.6   1:40p  22.1   5:40a   0.0   5.6   0.0   2.5  30.0   2:24a    NE
11  29.2  34.8   2:40p  23.6   5:00a   0.1   5.4   0.0   4.7  43.7   4:48a   NNE
12  30.7  36.5   1:35p  24.8   5:25a   0.0   6.4   0.0   2.4  29.2   7:12p   NNE
13  30.5  36.6   1:50p  24.4   5:25a   0.0   6.2   0.0   3.7  30.0   2:24a   NNE
14  27.7  32.1  10:50a  23.3   4:20a   0.0   3.0   0.0   4.2  65.9   9:36a   SSE
15  24.7  28.9   2:50p  20.4   2:40a   0.0   1.4   0.0   3.4  35.9   7:12a   SSE
16  25.8  32.1   2:35p  19.4   5:05a   0.0   2.9   0.0   1.4  17.3   9:36a   ESE
17  25.6  32.8   2:55p  18.3   5:25a   0.0   3.3   0.0   1.8  28.1   9:36a   NNE
18  26.9  34.2   2:27p  19.5   5:40a   0.1   4.2   0.0   2.1  30.0   2:24a   NNE
19  28.5  36.2   1:10p  20.7   5:35a   0.3   5.4   6.7   1.7  18.4   7:12p   NNE
20  28.1  33.7   2:00p  22.5   5:05a   0.0   4.8   0.5   1.6  30.0   2:24a    SE
21  25.4  29.9  11:17a  20.9   6:02a   0.0   2.4   3.1   0.8  16.5   1:24a     S
22  25.1  29.1   5:30p  21.0   5:35a   0.0   2.1   1.0   1.2  25.1   7:12a   NNE
23  26.9  32.4   3:30p  21.3   5:00a   0.0   3.4   0.0   2.2  32.9   4:48a    NE
24  24.2  26.3  12:00a  22.1   5:45a   0.0   0.6   7.2   0.3  17.3   9:36a   SSE
25  24.2  26.7  11:40a  21.6   6:35a   0.0   0.4  69.9   1.7  32.9   4:48a    SE
26  23.4  24.9  11:59a  21.9  12:30a   0.1   0.0  35.2   3.8  29.2   7:12p   ENE
27  22.3  23.5  11:10a  21.1   1:15p   0.0   0.0 166.8  13.0  71.6  12:00p    NE
28  24.1  26.9  11:17a  21.3   5:06a   0.9   0.0  40.9  12.3  67.0   7:12p   NNE
29  27.2  34.2   3:47p  20.2   5:30a   0.0   4.4   0.0   1.5  19.4   4:48a     W
30  28.5  32.9  11:25a  24.1   5:55a   0.0   4.2   2.1   3.1  35.9   7:12a   SSE
31  26.1  29.1   2:50p  23.0   6:14a   0.0   2.4   3.6   0.7  17.3   9:36a   NNE
----------------------------------------------------------------------------------
    26.3  36.6    13    17.4     1     1.5  97.0 337.0   3.0  71.6    27     ENE

Max >=  30.0: 21
Max <=  25.0:  2
Min <=  10.0:  0
Min <=   5.0:  0
Max Rain: 166.8 on day 27
Days of Rain: 11 (>= 0.2 mm)  9 (>= 2.0 mm)  4 (>= 20.0 mm)
Heat Base: 18.0  Cool Base: 24.0  Method: Integration