Brisbane, Queensland, Australia, Latitude 27°S 23' 52", Longitude 152° E 55' 35", Elevation 76 m

Tue 21 Sep 2021 11:55:03 pm: Temperature: 11.7 °C, Humidity: 42 %, Wind speed: 4 km/h, Wind Gust: 10 km/h, Rain today: 0.0 mm, MSLP: 1018.5 hPa

Website under continual development from 11 years of weather data. Please contact us if you find issues or like to provide feedback.

NOAA Style Reports

This page shows monthly and annual NOAA style reports since 2009.

Tables are updated at midnight each day.


Report for 2013 Feb
                   Monthly Climatological Summary for Feb 2013

Name: Ferny Grove   City: Brisbane   State: Queensland
Elevation: 76 m  Lat: S 27° 23' 52"   Lon: E 152° 55' 35"

                  Temperature (°C), Rain (mm), Wind Speed (km/h)

                                      Heat  Cool        Avg
    Mean                              Deg   Deg         Wind                 Dom
Day Temp  High   Time   Low    Time   Days  Days  Rain  Speed High   Time    Dir
----------------------------------------------------------------------------------
 1  26.7  32.1   2:30p  21.3   6:54a   0.0   2.8   5.2   2.0  22.1  12:47p     N
 2  25.4  31.4   3:22p  19.3   6:30a   0.0   3.4   2.1   3.7  34.8   1:39p   WSW
 3  24.2  30.8   2:20p  17.5   6:00a   0.0   2.0   0.0   1.0  19.4   3:05p     E
 4  22.6  29.4  12:10p  15.7   3:50a   0.0   1.6   0.0   2.7  19.4   8:31a     S
 5  23.5  29.3  12:05p  17.7   5:30a   0.0   1.0   3.1   4.0  42.7  12:25p     S
 6  23.3  29.4  12:30p  17.2   4:25a   0.0   0.0   2.1   3.2  34.0  12:44p     S
 7  23.4  29.4  12:30p  17.3   4:25a   0.0   2.0   1.5   1.9  24.3   1:47p     S
 8  22.4  27.0  10:40a  17.8   5:29a   0.0   0.5   2.6   0.5  17.3   9:59a   SSW
 9  23.9  30.1   2:29p  17.7   5:20a   0.0   1.8   1.0   1.6   5.7   4:48p    SE
10  24.3  31.5   3:19p  17.1   5:50a   0.0   2.7   0.0   2.0  32.9   1:44p   NNE
11  25.3  31.8   3:30p  18.8   4:55a   0.0   2.8   0.0   1.8  23.2   5:27p     S
12  24.7  30.8  12:05p  18.5   5:56a   0.0   2.1   0.0   1.8  24.3   4:58p   SSE
13  22.0  26.6   4:20p  17.4   5:20a   0.0   0.5   0.0   3.7  36.7   6:07p   SSE
14  24.6  30.9   2:05p  18.2   6:20a   0.0   2.0   1.6   2.3  38.9   3:17a     S
15  22.6  26.8  10:20a  18.4  11:15p   0.0   0.4   8.3   1.1  27.0  10:10a   SSE
16  22.5  27.3   1:37p  17.6   4:00a   0.0   0.4   1.6   1.4  17.3   1:51p     S
17  22.6  26.9  11:36a  18.3   6:01a   0.0   0.4   1.6   2.5  22.1  10:05a     S
18  20.7  22.8   3:35p  18.5   5:50a   0.0   0.0  31.6   0.7  14.6   2:47p     S
19  21.0  23.1   1:45p  18.8   1:50a   0.0   0.0  15.0   5.0  55.4   1:10p     S
20  24.1  29.8   2:05p  18.3   4:52a   0.0   1.7   0.0   7.6  40.8   5:28p   SSW
21  24.2  28.8  12:23p  19.5   6:00a   0.0   1.2   2.1   5.6  49.4   9:12a   SSW
22  24.5  29.4   2:20p  19.6   1:00a   0.0   2.1   0.0   6.5  34.0   2:31p   WSW
23  27.3  34.1   3:01p  20.5   5:45a   0.0   4.1   0.0   3.4  34.8   1:41p     N
24  26.5  31.4  12:45p  21.5   5:05a   0.0   3.3   1.5   1.5  19.4   3:16p   NNE
25  22.8  25.1  12:00a  20.4   9:00p   0.0   0.1  94.3   0.8  21.3  11:34a   ESE
26  22.6  25.5  11:15a  19.6   4:40a   0.0   0.2  23.3   1.2  21.3  11:08a   ENE
27  23.9  28.2   1:10p  19.5   4:15a   0.0   1.2   5.2   2.1  23.2  10:03a    SE
28  23.8  28.4  12:25p  19.2   4:50a   0.0   1.3   2.6   1.1  28.1  11:38a   NNE
----------------------------------------------------------------------------------
    23.8  34.1    23    15.7     4     0.0  41.6 206.3   2.6  55.4    19       S

Max >=  30.0: 10
Max <=  25.0:  2
Min <=  10.0:  0
Min <=   5.0:  0
Max Rain: 94.3 on day 25
Days of Rain: 19 (>= 0.2 mm)  13 (>= 2.0 mm)  3 (>= 20.0 mm)
Heat Base: 18.0  Cool Base: 24.0  Method: Integration