Brisbane, Queensland, Australia, Latitude 27°S 23' 52", Longitude 152° E 55' 35", Elevation 76 m

Tue 21 Sep 2021 11:55:03 pm: Temperature: 11.7 °C, Humidity: 42 %, Wind speed: 4 km/h, Wind Gust: 10 km/h, Rain today: 0.0 mm, MSLP: 1018.5 hPa

Website under continual development from 11 years of weather data. Please contact us if you find issues or like to provide feedback.

NOAA Style Reports

This page shows monthly and annual NOAA style reports since 2009.

Tables are updated at midnight each day.


Report for 2013 Mar
                   Monthly Climatological Summary for Mar 2013

Name: Ferny Grove   City: Brisbane   State: Queensland
Elevation: 76 m  Lat: S 27° 23' 52"   Lon: E 152° 55' 35"

                  Temperature (°C), Rain (mm), Wind Speed (km/h)

                                      Heat  Cool        Avg
    Mean                              Deg   Deg         Wind                 Dom
Day Temp  High   Time   Low    Time   Days  Days  Rain  Speed High   Time    Dir
----------------------------------------------------------------------------------
 1  22.5  25.4   1:37p  19.5   6:04a   0.0   0.2   5.2   0.4  22.0  12:15p   NNE
 2  20.7  22.9   9:43a  18.4   8:53p   0.0   0.0  60.5   0.8  10.5   3:00p     S
 3  21.0  23.4   2:50p  18.5   2:40a   0.0   0.0  16.1   1.3  29.2   2:18p     S
 4  23.6  28.3  12:35p  18.8   5:50a   0.0   0.8   2.6   3.9  32.9  11:44a   SSE
 5  23.3  27.5   1:30p  19.1   5:33a   0.0   0.5   4.1   3.8  26.2   3:37p   SSE
 6  23.0  27.6   1:30p  18.3   5:05a   0.0   0.5   8.3   3.0  30.0   2:19p   SSE
 7  23.3  29.1   2:10p  17.4   6:00a   0.0   1.2   1.0   2.4  38.9  12:51a   SSE
 8  23.4  28.9   1:05p  17.9   4:55a   0.0   1.0   2.6   2.1  36.7  12:30p   SSE
 9  22.2  26.3   2:45p  18.1   4:45a   0.0   0.4   3.1   2.9  30.0  10:12a   SSE
10  23.0  28.2   3:16p  17.8   4:45a   0.0   0.9   1.0   2.2  26.2   4:54p     S
11  23.1  27.8   1:25p  18.3   6:00a   0.0   0.9   0.0   4.3  42.7  12:59p   SSE
12  23.1  28.6  12:35p  17.5   5:05a   0.0   1.0   0.0   4.4  50.5   4:40p     S
13  23.7  29.6   3:05p  17.7   5:20a   0.0   1.3   0.0   3.5  32.9  11:03a     S
14  23.1  30.3   3:40p  15.8   5:25a   0.0   1.9   0.0   2.2  26.2  11:40a   SSW
15  23.5  30.7   2:30p  16.2   6:15a   0.0   2.1   0.0   1.9  16.5   3:22p   SSW
16  25.0  32.3   1:56p  17.7   5:55a   0.0   2.6   0.0   1.4  19.4   2:54p     N
17  26.1  34.3   3:14p  17.9   6:00a   0.0   3.4   0.0   3.3  22.1   5:07p   SSE
18  23.4  27.9  12:25p  18.8   6:48a   0.0   0.8   0.0   5.1  46.4   7:16p     S
19  21.5  27.4  10:40a  15.5   6:15a   0.0   0.5   0.0   3.0  31.9  10:13a   SSE
20  21.9  25.8  12:25p  17.9  11:25p   0.0   0.1   3.1   1.4  36.7   1:31p     S
21  22.1  27.9   2:00p  16.4   5:45a   0.0   0.8   0.0   1.5  26.2   2:19p   NNE
22  23.1  27.8   3:12p  18.4   4:20a   0.0   1.1   0.0   1.0  16.5   5:31p     N
23  25.1  31.5   2:03p  18.6   6:10a   0.0   2.5   0.0   1.5  20.3   4:56p     N
24  25.6  31.3   1:53p  19.8  10:45p   0.0   2.3   8.3   1.5  27.0   6:07p     N
25  24.8  31.2   2:30p  18.4   6:21a   0.0   2.4   0.0   1.0  16.5  11:00a     S
26  23.8  30.3   1:15p  17.3   6:12a   0.0   1.9   0.0   1.0  30.0  11:16a   SSE
27  23.8  29.3   2:40p  18.2   2:43a   0.0   1.4   7.3   1.3  30.0  11:16a   ENE
28  23.7  29.8   2:05p  17.5   5:15a   0.0   1.4   0.5   0.5  16.5   1:10p    NE
29  23.3  30.5  12:35p  16.1   6:15a   0.0   2.0   0.0   0.9  16.5   1:11p   SSW
30  21.9  27.3   2:48p  16.4  11:55p   0.0   0.8   0.0   1.1  21.3  10:46a     S
31  21.0  25.9  10:37a  16.1   5:25a   0.0   0.3  21.2   0.5  20.3   5:30p     N
----------------------------------------------------------------------------------
    23.2  34.3    17    15.5    19     0.0  37.0 144.9   2.1  50.5    12     SSE

Max >=  30.0:  9
Max <=  25.0:  2
Min <=  10.0:  0
Min <=   5.0:  0
Max Rain: 60.5 on day 2
Days of Rain: 15 (>= 0.2 mm)  12 (>= 2.0 mm)  2 (>= 20.0 mm)
Heat Base: 18.0  Cool Base: 24.0  Method: Integration