Brisbane, Queensland, Australia, Latitude 27°S 23' 52", Longitude 152° E 55' 35", Elevation 76 m

Wed 22 Sep 2021 12:00:11 am: Temperature: 11.7 °C, Humidity: 42 %, Wind speed: 5 km/h, Wind Gust: 14 km/h, Rain today: 0.0 mm, MSLP: 1018.4 hPa

Website under continual development from 11 years of weather data. Please contact us if you find issues or like to provide feedback.

NOAA Style Reports

This page shows monthly and annual NOAA style reports since 2009.

Tables are updated at midnight each day.


Report for 2013 Apr
                   Monthly Climatological Summary for Apr 2013

Name: Ferny Grove   City: Brisbane   State: Queensland
Elevation: 76 m  Lat: S 27° 23' 52"   Lon: E 152° 55' 35"

                  Temperature (°C), Rain (mm), Wind Speed (km/h)

                                      Heat  Cool        Avg
    Mean                              Deg   Deg         Wind                 Dom
Day Temp  High   Time   Low    Time   Days  Days  Rain  Speed High   Time    Dir
----------------------------------------------------------------------------------
 1  21.9  27.6   1:47p  16.2   6:05a   0.0   0.4   1.6   0.6  18.9  10:47a    SW
 2  23.1  29.0   1:40p  17.2   6:15a   0.0   0.9   1.5   0.8  17.9   9:03a   SSW
 3  23.4  28.6   1:24p  18.1   3:20a   0.0   0.8   2.1   0.9  19.4   3:17p    NW
 4  22.0  26.4   1:00p  17.5   5:40a   0.0   0.2   2.6   3.3  18.8  11:33a     S
 5  21.9  26.6   1:10p  17.1   6:20a   0.0   0.4   3.6   5.3  18.1   9:56a     S
 6  20.5  24.4   1:49p  16.6   6:07a   0.0   0.0   2.1   1.5  17.8  11:41a     S
 7  21.3  25.4  12:06p  17.2   6:20a   0.0   0.1   0.0   0.5  18.3  10:00a   SSW
 8  20.7  25.5   2:50p  15.9   5:10a   0.1   0.2   1.0   1.1  17.3   2:51p     S
 9  21.1  25.8  12:30p  16.4   6:00a   0.0   0.1   1.5   1.0  17.6  12:50p     S
10  20.3  24.4   1:15p  16.2   6:40a   0.0   0.0   0.0   1.6  17.4  10:35a   SSE
11  21.1  25.8  12:30p  16.4   6:55a   0.0   0.1   0.0   3.0  17.4   3:05p     S
12  20.0  22.4   2:20p  17.6   6:55a   0.0   0.0  16.6   2.1  18.8   3:05p     S
13  19.2  20.9   1:14p  17.5  12:55a   0.0   0.0  33.7   1.4  18.5  12:26p   SSW
14  21.5  27.4   1:55p  15.6   6:30a   0.1   0.6   0.0   1.0  16.8  10:17a   SSW
15  22.4  27.2   3:15p  17.5   5:20a   0.0   0.5   0.0   0.9  18.2   3:16p     N
16  23.1  28.6   1:30p  17.6   6:10a   0.0   0.6   1.5   0.8  18.1   2:50p     W
17  21.8  27.3   3:00p  16.3   6:00a   0.2   0.6   5.2   0.6  14.3   4:40p     N
18  21.7  28.9   1:55p  14.4   6:49a   0.0   1.1   0.0   0.6  18.3   1:12p    NW
19  20.0  27.9   2:10p  12.1   6:15a   0.6   0.8   0.0   1.6  15.3  11:58a   WSW
20  18.5  25.7   3:03p  11.3   6:35a   1.1   0.2   0.0   1.3  14.4  11:58a     W
21  18.2  26.2   2:02p  10.1   5:05a   1.3   0.3   0.0   0.8  13.2  10:04a   SSW
22  20.0  27.8   2:45p  12.1   5:55a   0.6   0.7   0.0   1.1  15.3  11:01a     N
23  21.8  29.8   1:55p  13.8   6:08a   0.1   1.2   0.0   0.4  17.1   2:40p     N
24  21.0  28.1   1:20p  13.9   6:15a   0.1   0.8   0.0   1.0  17.2   2:39p     S
25  20.5  27.6   2:34p  13.4   6:05a   0.2   0.6   0.0   0.4  16.5  10:58a    SW
26  19.4  26.6   1:35p  12.2   6:40a   0.4   0.3   0.0   0.5  15.5  10:18a     S
27  19.9  26.8   2:24p  12.9   6:25a   0.3   0.7   0.0   0.6  16.0  12:41p     S
28  19.4  27.2   1:15p  11.6   6:30a   0.7   0.6   0.0   0.5  14.9  10:36a   SSW
29  19.7  26.6   3:20p  12.8   5:55a   0.4   0.5   0.0   0.8  15.9   3:13p    SW
30  20.1  26.1   1:50p  14.1   4:35a   0.0   0.3   0.5   0.5  17.4   2:47p    NE
----------------------------------------------------------------------------------
    20.9  29.8    23    10.1    21     6.2  13.6  73.5   1.2  19.4     3     SSW

Max >=  30.0:  0
Max <=  25.0:  4
Min <=  10.0:  0
Min <=   5.0:  0
Max Rain: 33.7 on day 13
Days of Rain: 13 (>= 0.2 mm)  7 (>= 2.0 mm)  1 (>= 20.0 mm)
Heat Base: 18.0  Cool Base: 24.0  Method: Integration