NOAA Style Reports

This page shows monthly and annual NOAA style reports since 2009.

Tables are updated at midnight each day.


Report for 2013 Aug
                   Monthly Climatological Summary for Aug 2013

Name: Ferny Grove   City: Brisbane   State: Queensland
Elevation: 76 m  Lat: S 27° 23' 52"   Lon: E 152° 55' 35"

                  Temperature (°C), Rain (mm), Wind Speed (km/h)

                                      Heat  Cool        Avg
    Mean                              Deg   Deg         Wind                 Dom
Day Temp  High   Time   Low    Time   Days  Days  Rain  Speed High   Time    Dir
----------------------------------------------------------------------------------
 1  15.7  21.6   1:55p   9.8   2:55a   2.2   0.0   0.0   1.2  27.0  11:02a   SSW
 2  15.6  22.4  12:44p   8.8   6:44a   2.5   0.0   0.0   0.3  12.4  10:53a   NNE
 3  16.5  23.3   2:15p   9.7   6:10a   2.4   0.0   0.0   1.8  20.3   2:02p   WSW
 4  14.2  23.1   2:27p   5.2   7:03a   3.1   0.0   0.0   1.6  22.1   4:29p    SW
 5  14.2  23.3   3:00p   5.0   6:15a   3.5   0.0   0.0   0.9  19.4   2:17p    SW
 6  15.2  24.2   3:40p   6.1   6:30a   3.4   0.0   0.0   1.0  18.4  12:08p     W
 7  16.0  24.9   2:25p   7.0   6:45a   2.4   0.1   0.0   0.6  13.5   4:26p   WSW
 8  14.9  22.8   2:10p   6.9   6:45a   2.4   0.0   0.0   4.3  30.0   8:47a   WSW
 9  15.6  22.8   3:15p   8.4   6:50a   2.9   0.0   0.0   1.5  31.9  10:43a    SW
10  16.1  25.4   2:24p   6.7   6:35a   2.8   0.2   0.0   0.8  15.4  11:23a    SW
11  17.2  26.1   2:25p   8.2   6:20a   2.3   0.2   0.0   0.5  12.4   2:36p     N
12  17.6  27.3   2:55p   7.9   6:25a   1.9   0.6   0.0   1.6  30.0   1:43p   NNE
13  19.9  27.9   2:30p  11.9   3:15a   0.0   0.0   0.0   1.7  19.4  11:20a   WSW
14  18.6  24.4   2:45p  12.7   6:00a   0.0   0.0   0.0   1.5  20.3   6:04p   NNE
15  20.0  25.7   1:25p  14.2   6:57a   0.0   0.0   0.0   2.4  36.7   1:05p    SW
16  14.0  21.9   1:45p   6.1   6:40a   3.3   0.0   0.0   0.6  16.5   4:59p    SE
17  16.9  24.0   1:11p   9.8   6:30a   1.7   0.0   0.0   1.2  23.2  12:22p     N
18  18.7  26.1   3:06p  11.2   6:10a   1.1   0.3   0.0   1.2  13.5   2:28p   SSW
19  18.8  26.2   3:05p  11.4   4:20a   1.1   0.3   0.0   1.0  18.4  12:56p     W
20  17.1  22.5   1:37p  11.6   2:07a   1.2   0.0   0.0   3.9  34.8   4:03p    SW
21  12.0  21.3   2:50p   2.7   6:50a   3.7   0.0   0.0   0.6  15.4   1:44p    NW
22  12.4  22.3   2:50p   2.5   6:06a   4.0   0.0   0.0   0.7  22.1   2:40p   WSW
23  12.8  23.4   3:15p   2.1   5:55a   0.0   2.6   0.0   1.7  19.4  11:56a     W
24  16.5  25.9   2:40p   7.1   6:40a   1.6   0.2   0.0   1.3  22.1   9:53a   SSW
25  16.1  24.3   3:00p   7.9   6:25a   1.8   0.0   0.0   0.6  24.3   3:13p   NNE
26  16.1  23.5   3:12p   8.7   6:00a   1.4   0.0   0.0   1.1  22.1   3:14p     N
27  17.1  24.7   3:15p   9.4   6:25a   1.5   0.1   0.0   0.7  27.0   4:15p     N
28  18.4  27.8   2:45p   9.0   6:20a   1.5   0.6   0.0   0.7  14.6   4:01p   SSW
29  18.2  25.9   1:15p  10.4   6:30a   0.0   0.0   0.0   0.8  24.3   1:15p   SSW
30  18.1  26.2   2:15p  10.0   6:25a   0.0   0.0   0.0   1.3  31.1   5:50p   NNE
31  20.0  28.9   2:38p  11.0   6:20a   0.7   0.9   0.0   0.9  16.5   4:38p     N
----------------------------------------------------------------------------------
    16.5  28.9    31     2.1    23    56.4   6.1   0.0   1.3  36.7    15     WSW

Max >=  30.0:  0
Max <=  25.0: 19
Min <=  10.0: 23
Min <=   5.0:  4
Max Rain: 0.0 on day 0
Days of Rain: 0 (>= 0.2 mm)  0 (>= 2.0 mm)  0 (>= 20.0 mm)
Heat Base: 18.0  Cool Base: 24.0  Method: Integration