Brisbane, Queensland, Australia, Latitude 27°S 23' 52", Longitude 152° E 55' 35", Elevation 76 m

Wed 22 Sep 2021 12:15:04 am: Temperature: 11.7 °C, Humidity: 42 %, Wind speed: 7 km/h, Wind Gust: 15 km/h, Rain today: 0.0 mm, MSLP: 1018.3 hPa

Website under continual development from 11 years of weather data. Please contact us if you find issues or like to provide feedback.

NOAA Style Reports

This page shows monthly and annual NOAA style reports since 2009.

Tables are updated at midnight each day.


Report for 2013 Sep
                   Monthly Climatological Summary for Sep 2013

Name: Ferny Grove   City: Brisbane   State: Queensland
Elevation: 76 m  Lat: S 27° 23' 52"   Lon: E 152° 55' 35"

                  Temperature (°C), Rain (mm), Wind Speed (km/h)

                                      Heat  Cool        Avg
    Mean                              Deg   Deg         Wind                 Dom
Day Temp  High   Time   Low    Time   Days  Days  Rain  Speed High   Time    Dir
----------------------------------------------------------------------------------
 1  19.8  27.0  12:37p  12.5   6:20a   0.1   0.4   0.0   1.1  18.4  10:42a     S
 2  17.4  24.9  12:10p   9.9   5:53a   1.2   0.1   0.0   2.2  32.9  10:49a   SSE
 3  18.9  23.6   2:00p  14.1   5:50a   0.6   0.0   0.0   4.0  38.9   4:33p     S
 4  18.5  24.6   1:04p  12.4   6:05a   1.2   0.0   0.0   2.5  28.1  11:26a   SSE
 5  18.0  25.3   1:40p  10.7   5:25a   1.5   0.1   0.0   0.9  16.5   1:28p     S
 6  17.3  25.8   2:16p   8.7   6:20a   1.8   0.2   0.0   1.2  24.3   1:26p   NNE
 7  18.1  26.7   1:38p   9.4   6:15a   1.3   0.4   0.0   1.5  25.1   4:02p   NNE
 8  19.2  28.1   1:39p  10.2   6:20a   1.0   0.7   0.0   0.9  25.1   4:18p   NNE
 9  18.3  26.6   2:30p  10.0   6:07a   1.0   0.4   0.0   1.8  24.3   4:27p   NNE
10  20.1  26.6   3:10p  13.5   3:45a   0.2   0.4   0.0   1.8  42.7   3:33p     N
11  21.3  32.2   2:21p  10.4   5:50a   0.9   1.9   0.0   0.8  42.7  10:00a   NNW
12  21.6  30.6   1:24p  12.5   6:15a   0.3   1.4   0.0   0.9  17.3  12:48p   NNE
13  21.1  27.9  12:23p  14.3   2:00a   0.0   0.5   0.0   1.7  27.0   2:12p   SSE
14  21.9  28.4   2:02p  15.3   5:10a   0.0   0.9   0.0   3.2  30.0   8:48a   NNE
15  20.1  28.9   2:20p  11.3   6:25a   0.2   1.0   0.0   1.9  38.9   2:59p   NNE
16  17.9  20.9  11:25a  14.8   6:21a   0.0   0.0  24.9   2.5  42.7   3:41p   NNE
17  20.2  27.5   2:44p  12.9   6:03a   0.2   0.6   1.6   2.4  34.8   1:59p     N
18  19.5  28.7   2:50p  10.3   6:15a   0.5   1.0   0.0   2.0  23.2   2:45p   WNW
19  21.0  32.1   2:40p   9.9   6:00a   0.7   2.1   0.0   2.1  31.9   2:03p     N
20  20.8  28.3   2:10p  13.2   4:00a   0.0   1.1   0.0   3.4  31.1   2:07p   WSW
21  18.1  26.8   1:58p   9.4   5:45a   0.9   0.4   0.0   1.4  17.3  12:54p    NE
22  19.4  26.8   1:57p  12.0   4:50a   0.4   0.4   0.0   2.3  29.2   3:59p     N
23  19.8  28.9   2:25p  10.6   5:58a   0.6   1.0   0.0   1.4  16.5   4:24p   NNE
24  21.3  31.3   2:30p  11.2   6:13a   0.4   2.1   0.0   2.8  39.7  11:10a   NNE
25  24.5  32.6   2:00p  16.4   2:35a   0.0   2.7   0.0   1.2  24.3   3:32p   NNE
26  24.3  32.3   1:55p  16.3   6:30a   0.0   2.3   0.0   1.0  16.5   2:58p   NNE
27  23.3  29.6   1:12p  17.0   6:10a   0.0   1.4   0.0   2.5  37.8   9:17a   SSE
28  20.9  25.3   4:23p  16.5   6:42a   0.0   0.1   0.5   1.2  22.1  12:39p     N
29  21.7  30.4  12:22p  12.9   5:20a   0.4   1.5   0.0   1.2  26.2   3:03p    SE
30  21.2  27.6   2:20p  14.7   2:55a   0.0   0.6   0.0   2.5  26.2  12:30p     N
----------------------------------------------------------------------------------
    20.2  32.6    25     8.7     6    15.4  25.7  27.0   1.9  42.7    10     NNE

Max >=  30.0:  7
Max <=  25.0:  4
Min <=  10.0:  6
Min <=   5.0:  0
Max Rain: 24.9 on day 16
Days of Rain: 3 (>= 0.2 mm)  1 (>= 2.0 mm)  1 (>= 20.0 mm)
Heat Base: 18.0  Cool Base: 24.0  Method: Integration