Brisbane, Queensland, Australia, Latitude 27°S 23' 52", Longitude 152° E 55' 35", Elevation 76 m

Sun 9 Aug 2020 12:25:02 am: Temperature: 14.8 °C, Humidity: 66 %, Wind speed: 6 km/h, Wind Gust: 21 km/h, Rain today: 0.0 mm, MSLP: 1013.78 hPa

Website under continual development from 10 years of weather data. Please contact us if you find issues or like to provide feedback.

NOAA Style Reports

This page shows monthly and annual NOAA style reports since 2009.

Tables are updated at midnight each day.


Report for 2013 Oct
                   Monthly Climatological Summary for Oct 2013

Name: Ferny Grove   City: Brisbane   State: Queensland
Elevation: 76 m  Lat: S 27° 23' 52"   Lon: E 152° 55' 35"

                  Temperature (°C), Rain (mm), Wind Speed (km/h)

                                      Heat  Cool        Avg
    Mean                              Deg   Deg         Wind                 Dom
Day Temp  High   Time   Low    Time   Days  Days  Rain  Speed High   Time    Dir
----------------------------------------------------------------------------------
 1  24.9  32.6   2:10p  17.1   6:10a   0.0   2.5   0.0   3.8  46.7   1:20p   NNE
 2  22.9  29.9   2:43p  15.9   6:24a   0.0   1.6   2.1   2.0  32.4   3:40p     N
 3  23.3  31.8   2:00p  14.7   5:15a   0.0   2.1   0.0   4.1  44.1   7:34p   WSW
 4  18.5  26.6   2:05p  10.3   5:45a   0.5   0.4   0.0   2.3  29.8   9:11a     S
 5  19.4  29.4   2:00p   9.3   5:40a   1.1   1.1   0.0   1.3  22.0   3:05p     N
 6  21.5  32.8   1:42p  10.2   6:00a   0.6   3.9   0.0   1.6  32.4   4:12p     N
 7  24.1  36.1   3:25p  12.1   5:40a   0.1   3.5   0.0   2.8  36.3   2:58p   SSE
 8  23.3  31.6   2:05p  14.9   6:00a   0.0   1.8   0.0   2.3  23.3   7:52p   SSW
 9  19.9  27.9   1:40p  11.9   5:33a   0.1   0.7   0.0   1.3  25.9   2:22p   NNE
10  21.0  30.8   1:19p  11.1   5:25a   0.4   1.8   0.0   3.8  49.2   2:19p     N
11  24.0  35.4   2:30p  12.5   5:55a   0.1   3.3   0.0   3.4  28.5  12:30p     S
12  24.0  28.9   1:58p  19.1  11:45p   0.0   1.1   0.0   3.0  40.2   3:07p   NNE
13  23.6  32.1   1:32p  15.1   5:45a   0.0   2.7   0.0   3.8  36.3   2:36p     N
14  24.8  29.6   3:19p  19.9  11:55p   0.0   1.6   0.0   7.1  57.0   9:47a    SW
15  20.5  28.8   1:35p  12.1   5:10a   0.3   1.1   0.0   1.7  29.8   4:05p     N
16  21.1  28.4   1:04p  13.7   4:35a   0.0   1.1   0.0   4.8  38.9  12:47p   NNE
17  21.3  29.6  12:55p  13.0   5:05a   0.1   1.4   0.0   5.0  44.1   4:37p   NNE
18  19.9  24.4  11:15a  15.4  11:35p   0.0   0.0   8.3   1.6  40.2  10:23a     S
19  19.7  27.5   1:08p  11.9   5:20a   0.5   0.5   0.0   2.3  25.9   5:56p     S
20  21.1  28.4   2:01p  13.7   5:37a   0.1   0.9   0.0   1.8  29.8  11:06a   NNE
21  22.2  29.2   2:43p  15.1   4:05a   0.0   1.2   0.0   2.0  29.8   5:26p   NNE
22  22.4  30.3   1:00p  14.5   5:40a   0.0   1.6   0.0   3.6  49.2   1:23p     N
23  23.1  32.4   1:30p  13.8   5:34a   0.0   2.5   0.0   3.2  57.0   2:34p     N
24  23.7  32.4  12:40p  15.0   5:03a   0.0   2.2   0.0   1.1  29.8  10:03a   WSW
25  20.2  26.7  12:02p  13.6   1:25a   0.0   0.4   0.0   3.9  58.3   8:43a   SSE
26  21.4  30.5   1:14p  12.3   5:05a   0.0   1.8   0.0   2.2  32.4   2:34p   NNE
27  21.4  28.4  11:33a  14.3   4:25a   0.0   0.9   0.0   2.0  25.9   9:04a   SSE
28  21.5  28.5   3:05p  14.5   3:10a   0.0   0.9   0.0   4.0  38.9   3:37p   NNE
29  23.7  32.5  12:40p  14.8   5:25a   0.0   1.7   3.6   3.1  53.1  11:43a   NNE
30  20.9  27.6   2:05p  14.1   5:25a   0.0   0.6   0.0   2.8  44.1   6:53p   SSE
31  21.9  27.6   1:10p  16.2   5:45a   0.0   0.8   0.0   1.4  29.8   6:09p   SSE
----------------------------------------------------------------------------------
    22.0  36.1     7     9.3     5     3.9  47.7  14.0   2.9  58.3    25     NNE

Max >=  30.0: 13
Max <=  25.0:  1
Min <=  10.0:  1
Min <=   5.0:  0
Max Rain: 8.3 on day 18
Days of Rain: 3 (>= 0.2 mm)  3 (>= 2.0 mm)  0 (>= 20.0 mm)
Heat Base: 18.0  Cool Base: 24.0  Method: Integration