Brisbane, Queensland, Australia, Latitude 27°S 23' 52", Longitude 152° E 55' 35", Elevation 76 m

Tue 7 Jul 2020 12:25:03 pm: Temperature: 22.1 °C, Humidity: 39 %, Wind speed: 3 km/h, Wind Gust: 10 km/h, Rain today: 0.0 mm, MSLP: 1025.09 hPa

Website under continual development from 10 years of weather data. Please contact us if you find issues or like to provide feedback.

NOAA Style Reports

This page shows monthly and annual NOAA style reports since 2009.

Tables are updated at midnight each day.


Report for 2013 Nov
                   Monthly Climatological Summary for Nov 2013

Name: Ferny Grove   City: Brisbane   State: Queensland
Elevation: 76 m  Lat: S 27° 23' 52"   Lon: E 152° 55' 35"

                  Temperature (°C), Rain (mm), Wind Speed (km/h)

                                      Heat  Cool        Avg
    Mean                              Deg   Deg         Wind                 Dom
Day Temp  High   Time   Low    Time   Days  Days  Rain  Speed High   Time    Dir
----------------------------------------------------------------------------------
 1  21.6  29.1   1:50p  14.1   5:35a   0.0   1.3   0.0   1.7  25.4   4:53p    SE
 2  21.6  30.4   1:23p  12.8   4:55a   0.3   1.5   0.0   2.8  23.5   5:34p   NNE
 3  24.1  33.8   1:58p  14.3   5:20a   0.0   3.1   0.0   1.8  22.4   2:07p     N
 4  22.8  27.6  11:40a  18.0   4:32a   0.0   0.7   0.0   4.3  33.3   7:14p   SSE
 5  20.7  25.4   2:25p  16.0   5:56a   0.0   0.2   0.0   2.5  41.2   9:44a   SSE
 6  20.1  27.6  12:33p  12.6   4:00a   0.2   0.6   0.0   2.1  26.5   5:00p   NNE
 7  21.8  30.0   1:29p  13.6   5:34a   0.0   1.5   0.0   2.6  36.3   2:33p   NNE
 8  22.0  31.3   1:05p  12.6   4:55a   0.1   2.0   0.0   3.3  32.2   4:32p   NNE
 9  22.7  32.1   1:15p  13.2   5:05a   0.0   2.5   0.0   2.7  35.2   4:26p     N
10  25.5  32.7   1:48p  18.2   5:50a   0.0   2.4   4.1   2.4  25.4   5:15p   NNE
11  23.5  29.1  12:35p  17.9   4:35a   0.0   1.3   2.6   3.4  37.1   1:49p   NNE
12  24.2  30.4  12:55p  17.9   5:20a   0.0   1.8   7.8   5.4  49.1   7:01p   NNE
13  24.1  30.6   3:00p  17.5   4:55a   0.0   1.9   9.3   2.4  31.1   9:50a   NNE
14  22.7  28.1   3:05p  17.3   5:23a   0.0   0.8  46.1   2.1  28.5   7:13p   NNE
15  22.6  30.2  12:56p  15.0   5:00a   0.0   1.5   0.0   2.3  25.4   4:18p     N
16  23.1  27.9  12:01p  18.3   5:36a   0.0   0.9   0.0   2.0  24.6   3:17p     N
17  21.7  26.0  12:58p  17.4  10:55p   0.0   0.2  15.5   0.5  13.0   7:40a   NNE
18  22.5  29.4   1:54p  15.5   5:24a   0.0   0.9   7.8   1.7  28.4   3:55p   NNW
19  22.3  31.8   3:15p  12.8   5:05a   0.5   1.8   0.0   2.0  23.5  12:36p    SW
20  23.4  30.9   2:28p  15.9   5:05a   0.0   2.0   0.0   1.1  19.7   3:15p   SSE
21  24.2  31.4   1:55p  17.0   5:20a   0.0   2.3   0.0   1.2  21.6   2:35p     N
22  24.6  31.0   1:15p  18.2   5:25a   0.0   1.9   0.0   1.6  28.4   3:45p     N
23  24.9  30.4   2:19p  19.3   5:05a   0.0   2.0  11.4   3.4  39.3   2:53p     N
24  25.8  32.8   1:58p  18.7   3:55a   0.0   2.2   1.0   1.0  19.7  12:50p     N
25  25.2  31.4  12:45p  19.0   5:30a   0.0   2.2   0.5   1.8  28.4   1:39p     S
26  23.9  28.8  12:55p  19.0   5:04a   0.0   1.3   0.0   2.6  27.3   3:05p   SSE
27  21.9  29.9   2:45p  13.9   5:05a   0.0   1.6   0.0   2.5  37.1   1:34p     N
28  23.7  31.5   2:30p  15.8   5:29a   0.0   2.3   0.0   3.0  33.3   4:07p   NNE
29  25.0  34.1   1:55p  15.9   4:50a   0.0   3.9   0.0   3.2  28.4   4:00p     N
30  21.2  24.8  12:00a  17.6  11:25a   0.0   0.0  33.7   1.8  25.4  11:21a   SSW
----------------------------------------------------------------------------------
    23.1  34.1    29    12.6     6     1.1  48.6 139.8   2.4  49.1    12     NNE

Max >=  30.0: 18
Max <=  25.0:  1
Min <=  10.0:  0
Min <=   5.0:  0
Max Rain: 46.1 on day 14
Days of Rain: 11 (>= 0.2 mm)  9 (>= 2.0 mm)  2 (>= 20.0 mm)
Heat Base: 18.0  Cool Base: 24.0  Method: Integration