Brisbane, Queensland, Australia, Latitude 27°S 23' 52", Longitude 152° E 55' 35", Elevation 76 m

Sun 9 Aug 2020 12:30:02 am: Temperature: 14.7 °C, Humidity: 66 %, Wind speed: 6 km/h, Wind Gust: 21 km/h, Rain today: 0.0 mm, MSLP: 1013.88 hPa

Website under continual development from 10 years of weather data. Please contact us if you find issues or like to provide feedback.

NOAA Style Reports

This page shows monthly and annual NOAA style reports since 2009.

Tables are updated at midnight each day.


Report for 2013 Dec
                   Monthly Climatological Summary for Dec 2013

Name: Ferny Grove   City: Brisbane   State: Queensland
Elevation: 76 m  Lat: S 27° 23' 52"   Lon: E 152° 55' 35"

                  Temperature (°C), Rain (mm), Wind Speed (km/h)

                                      Heat  Cool        Avg
    Mean                              Deg   Deg         Wind                 Dom
Day Temp  High   Time   Low    Time   Days  Days  Rain  Speed High   Time    Dir
----------------------------------------------------------------------------------
 1  20.4  27.1   3:03p  13.6   3:45a   0.3   0.6   0.0   4.2  42.7  11:05a     S
 2  20.9  28.9   2:40p  12.9   5:05a   0.3   1.2   0.0   2.3  25.1   8:24a     S
 3  21.8  29.9   2:25p  13.6   5:15a   0.1   1.5   0.0   2.0  29.2  11:59a     S
 4  22.7  31.3   2:53p  14.1   4:56a   0.0   2.0   0.0   2.9  29.2   5:49a     N
 5  25.8  35.1   3:18p  16.4   5:15a   0.0   3.2   6.7   2.9  41.6  10:33a    NW
 6  22.6  30.8   3:14p  14.4   5:10a   0.0   1.6   0.0   2.2  27.0   3:11a    SW
 7  21.4  29.9   2:16p  12.8   4:45a   0.2   1.6   0.0   2.0  25.1  12:07p     N
 8  22.2  29.9   5:03p  14.5   5:10a   0.0   1.7   0.0   2.0  22.1  11:47a     N
 9  23.2  30.7   2:57p  15.7   5:00a   0.0   1.9   0.0   3.6  32.9   3:10p     N
10  24.3  31.4   1:43p  17.1   5:05a   0.0   2.3   0.0   2.2  25.1   4:08p     N
11  25.9  31.0   2:30p  20.8   5:15a   0.0   2.4   5.7   0.6  16.5  11:52a     N
12  22.8  25.9  12:10p  19.7   6:02a   0.0   0.4   1.0   0.1  13.5  10:23a     N
13  24.5  32.1   2:18p  16.9   5:05a   0.0   2.4   0.0   1.7  30.0   2:24p   SSE
14  25.8  32.4   1:37p  19.1   4:50a   0.0   2.9   1.5   2.3  32.9   6:18p     N
15  25.4  31.9   2:21p  18.9   5:20a   0.0   2.6   0.0   1.0  18.4   4:15p   NNE
16  26.0  32.3   1:45p  19.7   5:20a   0.0   2.6   0.5   2.3  25.1   6:44p   SSE
17  23.6  28.3   2:30p  18.9   5:40a   0.0   1.3   0.0   2.2  27.0  10:45a   SSE
18  23.6  30.4   2:00p  16.7   5:10a   0.0   1.8   0.0   2.5  25.1  11:44a   SSE
19  23.1  30.5   2:14p  15.7   5:05a   0.0   1.7   0.0   1.6  27.0  11:10a   SSE
20  23.5  31.3   2:05p  15.6   4:40a   0.0   2.4   0.0   1.6  20.3  11:56a   NNE
21  25.4  32.9   2:19p  17.9   3:25a   0.0   3.0   0.0   2.9  34.0  12:38p     N
22  24.6  32.6   2:18p  16.6   4:55a   0.0   3.1   0.0   2.7  35.9   5:48p     N
23  24.6  32.6   1:30p  16.5   5:25a   0.0   3.1   0.0   4.9  52.4   3:33p   NNE
24  25.7  34.7   2:14p  16.6   5:10a   0.0   4.2   0.0   2.5  31.9   2:59p     N
25  26.8  32.9   3:14p  20.6   5:10a   0.0   4.0   0.0   2.4  35.9  11:01a   NNE
26  27.1  34.8   2:08p  19.3   5:30a   0.0   4.1   0.0   2.3  26.0  11:03a     N
27  26.0  31.4  10:49a  20.5   4:15a   0.0   3.0   0.0   2.0  22.0   2:00p   SSE
28  25.2  29.3   2:29p  21.0   4:20a   0.0   2.2   0.0   1.5  19.4   7:28p     N
29  28.7  37.2   2:55p  20.2   5:24a   0.0   5.1   6.2   2.2  44.6   4:17p     N
30  25.4  30.5   2:56p  20.2   5:18a   0.0   2.4   0.0   2.1  23.2   4:46p   SSE
31  24.4  27.4   3:10p  21.4   5:00a   0.0   1.3   0.0   1.1  20.7   3:00a     S
----------------------------------------------------------------------------------
    24.3  37.2    29    12.8     7     0.9  73.6  21.6   2.2  52.4    23     NNE

Max >=  30.0: 22
Max <=  25.0:  0
Min <=  10.0:  0
Min <=   5.0:  0
Max Rain: 6.7 on day 5
Days of Rain: 6 (>= 0.2 mm)  3 (>= 2.0 mm)  0 (>= 20.0 mm)
Heat Base: 18.0  Cool Base: 24.0  Method: Integration