Brisbane, Queensland, Australia, Latitude 27°S 23' 52", Longitude 152° E 55' 35", Elevation 76 m

Tue 4 Oct 2022 1:35:13 pm: Temperature: 21.6 °C, Humidity: 60 %, Wind speed: 6 km/h, Wind Gust: 12 km/h, Rain today: 0.0 mm, MSLP: 1020.3 hPa

Website under continual development from 11 years of weather data. Please contact us if you find issues or like to provide feedback.

NOAA Style Reports

This page shows monthly and annual NOAA style reports since 2009.

Tables are updated at midnight each day.


Report for 2014 Jan
                   Monthly Climatological Summary for Jan 2014

Name: Ferny Grove   City: Brisbane   State: Queensland
Elevation: 76 m  Lat: S 27° 23' 52"   Lon: E 152° 55' 35"

                  Temperature (°C), Rain (mm), Wind Speed (km/h)

                                      Heat  Cool        Avg
    Mean                              Deg   Deg         Wind                 Dom
Day Temp  High   Time   Low    Time   Days  Days  Rain  Speed High   Time    Dir
----------------------------------------------------------------------------------
 1  26.2  31.8   1:03p  20.6   5:10a   0.0   3.1   0.0   2.6  36.7   4:07p     E
 2  26.0  33.0  12:44p  19.0   5:48a   0.1   3.5   0.0   2.7  25.1   7:48a   NNE
 3  29.1  36.3   2:30p  21.8   5:45a   0.2   6.1   0.0   2.7  39.7   4:17p   NNE
 4  31.8  41.3   2:40p  22.2   5:35a   0.0   8.4   0.0   2.2  25.1   2:46p   SSE
 5  28.4  33.6   2:50p  23.1   5:30a   0.0   4.8   0.0   2.3  16.5   3:15p   SSW
 6  29.1  35.9   2:00p  22.2  11:30p   0.0   4.7  17.6   1.3  28.1   4:38p     N
 7  26.5  31.7   2:03p  21.3   6:15a   0.0   2.7   0.0   6.4  29.2   7:31p   SSE
 8  25.8  30.8  12:40p  20.7   5:37a   0.0   2.2   1.0   3.6  40.8   3:32p   SSE
 9  23.3  27.7   3:15p  18.9   6:45a   0.0   0.9   1.0   2.0  19.4   5:13p   SSE
10  21.7  25.0   9:55a  18.4   5:20a   0.0   0.1   6.7   1.0  19.4   5:13a     S
11  23.6  30.0   2:06p  17.2   5:15a   0.0   1.9   0.5   1.6  29.2   3:59p   NNE
12  24.6  31.3   1:42p  17.9   5:10a   0.0   2.5   0.0   1.9  29.8   8:33a   ESE
13  24.1  30.1   3:05p  18.1   4:40a   0.0   2.2   0.0   3.4  27.0   5:17p   SSE
14  25.1  30.7   1:50p  19.4   5:45a   0.0   2.3   0.0   2.6  29.2   4:29p   SSE
15  24.8  31.2   1:37p  18.4   5:35a   0.0   2.8   0.0   1.9  25.1   9:13a   SSE
16  25.4  31.6   3:10p  19.2   5:25a   0.0   2.7   0.0   2.0  21.3   7:11p   SSE
17  26.3  31.8   2:00p  20.7   5:35a   0.4   3.3   0.0   2.1  27.0  10:21a    SE
18  25.1  30.9   2:10p  19.2   5:35a   0.8   2.5   0.0   1.7  38.9   1:14p   ENE
19  26.2  33.4   2:15p  18.9   5:35a   0.0   3.4   0.0   1.7  22.1   4:04p   NNE
20  26.7  34.5   2:05p  18.8   5:44a   0.0   4.3   0.0   3.5  41.0  11:54a     N
21  28.4  35.4   1:10p  21.4   5:41a   0.0   6.0   0.0   4.0  34.8  12:29p     N
22  29.4  36.3   1:47p  22.5   5:35a   0.0   4.0   0.0   0.0  27.0   1:47p     E
23  24.7  29.4  12:29p  20.0  11:10p   0.0   1.0  25.9   0.0  20.3   6:03p   ---
24  23.1  27.0   1:51p  19.2   6:00a   0.0   0.5   4.7   0.4  18.4   4:26p     S
25  25.1  29.0   3:10p  21.1   5:20a   0.0   3.3   0.0   3.7  27.0   3:19p   SSE
26  24.4  28.8   3:24p  20.0   5:30a   0.0   1.3   0.0   9.2  41.6   4:37p   SSE
27  23.6  28.9   1:01p  18.2   5:30a   0.0   1.2   0.0   4.4  32.9   4:05p   SSE
28  23.1  26.4   1:31p  19.7   6:07a   0.0   0.5   0.5   3.3  26.2   3:20p   SSE
29  22.8  27.3   2:55p  18.3   5:56a   0.0   0.7   0.0   3.0  32.9   6:16p   SSE
30  24.2  28.8   3:00p  19.6   3:40a   0.1   1.5   0.0   2.6  31.9  12:13p   SSE
31  24.1  27.3   2:00p  20.8   4:20a   0.0   1.0   0.0   2.1  27.0  12:56p   SSE
----------------------------------------------------------------------------------
    25.6  41.3     4    17.2    11     1.6  85.4  57.9   2.8  41.6    26      SE

Max >=  30.0: 20
Max <=  25.0:  1
Min <=  10.0:  0
Min <=   5.0:  0
Max Rain: 25.9 on day 23
Days of Rain: 8 (>= 0.2 mm)  4 (>= 2.0 mm)  1 (>= 20.0 mm)
Heat Base: 18.0  Cool Base: 24.0  Method: Integration