Brisbane, Queensland, Australia, Latitude 27°S 23' 52", Longitude 152° E 55' 35", Elevation 76 m

Wed 22 Sep 2021 12:05:03 am: Temperature: 11.7 °C, Humidity: 42 %, Wind speed: 5 km/h, Wind Gust: 14 km/h, Rain today: 0.0 mm, MSLP: 1018.5 hPa

Website under continual development from 11 years of weather data. Please contact us if you find issues or like to provide feedback.

NOAA Style Reports

This page shows monthly and annual NOAA style reports since 2009.

Tables are updated at midnight each day.


Report for 2014 Feb
                   Monthly Climatological Summary for Feb 2014

Name: Ferny Grove   City: Brisbane   State: Queensland
Elevation: 76 m  Lat: S 27° 23' 52"   Lon: E 152° 55' 35"

                  Temperature (°C), Rain (mm), Wind Speed (km/h)

                                      Heat  Cool        Avg
    Mean                              Deg   Deg         Wind                 Dom
Day Temp  High   Time   Low    Time   Days  Days  Rain  Speed High   Time    Dir
----------------------------------------------------------------------------------
 1  25.5  30.3   2:43p  20.6   6:10a   0.0   2.1   0.0   2.8  25.1   2:49p    SE
 2  24.9  30.3   2:35p  19.5   4:10a   0.0   2.1   0.0   2.4  22.1   3:11p    SE
 3  24.2  29.8  12:20p  18.5   5:55a   0.0   1.4   1.0   2.0  35.9   1:13p   SSE
 4  24.2  31.2   3:25p  17.1   5:57a   0.0   2.3   0.0   2.4  27.0   2:29p   SSE
 5  25.0  31.3   2:30p  18.6   5:49a   0.0   1.8   2.1   5.3  34.8   1:07p     S
 6  22.4  27.1   1:50p  17.6   6:10a   0.0   0.8   0.0   3.3  31.1   2:50p     S
 7  22.8  27.9   1:53p  17.7   5:40a   0.0   1.1   0.0   1.6  24.3  12:57p   SSE
 8  24.1  29.5   1:10p  18.6   4:50a   0.0   2.1   0.0   1.9  22.1   3:12p   ENE
 9  24.7  28.6  11:45a  20.8   6:20a   0.0   1.9   0.0   1.3  27.2   8:07a   SSE
10  25.9  30.3   4:09p  21.4   6:18a   0.0   2.1   0.0   0.9  20.3   4:37p     E
11  24.5  30.1   2:00p  18.8   4:50a   0.0   1.9   0.0   1.9  32.9   2:18p   NNE
12  24.3  30.7   3:50p  17.8   5:50a   0.0   2.2   0.0   1.4  18.4   5:23p     N
13  25.6  32.6   2:45p  18.6   5:50a   0.0   3.2   0.0   1.9  31.9   3:13p    NE
14  26.2  32.1   1:55p  20.3   6:17a   0.0   2.9   0.0   2.9  25.1   4:19p   NNE
15  28.1  34.6   2:30p  21.6   6:29a   0.4   4.7   0.0   2.9  39.7   3:28p     N
16  28.8  35.6   1:53p  21.9   6:08a   0.1   5.4   0.0   2.7  37.6   3:55p   NNE
17  28.2  34.1   1:30p  22.2   5:45a   0.0   4.7   0.0   2.4  32.9   5:23p    SE
18  27.4  31.9  12:45p  22.8   4:35a   0.1   3.9   4.1   1.5  28.1  12:10p   ENE
19  27.4  33.4   2:35p  21.4   5:55a   0.0   4.5   0.0   3.7  31.1   2:54p   NNE
20  28.9  34.1   1:50p  23.6   5:10a   0.0   5.5   0.0   3.0  26.2   2:18p     N
21  28.9  34.2   2:15p  23.6   6:12a   0.0   4.9   7.8   1.7  22.1   7:05p   SSE
22  24.3  26.8  11:30a  21.7   7:00a   0.0   1.0   0.0   4.3  26.2   7:47a     S
23  25.3  30.7   1:33p  19.9   6:05a   0.0   2.0   0.0   7.2  38.9   3:17p   SSE
24  23.8  28.5   2:45p  19.1   6:25a   0.0   1.2   0.5   2.9  26.2   2:25a     S
25  24.0  29.2   2:15p  18.8   6:00a   0.0   1.6   1.0   1.9  22.1  12:33p   SSE
26  24.3  30.8   3:15p  17.7   6:00a   0.0   2.2   0.0   1.2  25.1   1:51p     E
27  25.1  32.1   2:00p  18.0   6:15a   0.0   3.0   0.0   1.6  46.4   1:44p    SE
28  23.9  27.8   2:45p  19.9   7:10a   0.0   1.0   1.0   1.5  20.7   6:14a    SE
----------------------------------------------------------------------------------
    25.5  35.6    16    17.1     4     0.6  73.5  17.5   2.5  46.4    27      SE

Max >=  30.0: 19
Max <=  25.0:  0
Min <=  10.0:  0
Min <=   5.0:  0
Max Rain: 7.8 on day 21
Days of Rain: 7 (>= 0.2 mm)  3 (>= 2.0 mm)  0 (>= 20.0 mm)
Heat Base: 18.0  Cool Base: 24.0  Method: Integration