Brisbane, Queensland, Australia, Latitude 27°S 23' 52", Longitude 152° E 55' 35", Elevation 76 m

Tue 7 Jul 2020 12:35:04 pm: Temperature: 22.2 °C, Humidity: 39 %, Wind speed: 5 km/h, Wind Gust: 10 km/h, Rain today: 0.0 mm, MSLP: 1024.92 hPa

Website under continual development from 10 years of weather data. Please contact us if you find issues or like to provide feedback.

NOAA Style Reports

This page shows monthly and annual NOAA style reports since 2009.

Tables are updated at midnight each day.


Report for 2014 Mar
                   Monthly Climatological Summary for Mar 2014

Name: Ferny Grove   City: Brisbane   State: Queensland
Elevation: 76 m  Lat: S 27° 23' 52"   Lon: E 152° 55' 35"

                  Temperature (°C), Rain (mm), Wind Speed (km/h)

                                      Heat  Cool        Avg
    Mean                              Deg   Deg         Wind                 Dom
Day Temp  High   Time   Low    Time   Days  Days  Rain  Speed High   Time    Dir
----------------------------------------------------------------------------------
 1  25.0  30.9   2:22p  19.1   6:05a   0.0   2.2   0.0   2.1  26.2  12:50p   SSE
 2  24.3  29.9   2:53p  18.6   6:10a   0.0   2.2   0.0   2.0  14.6   4:18p   SSE
 3  23.4  26.6   2:20p  20.2   6:13a   0.0   0.4   7.8   2.2  31.1   5:55p   SSE
 4  22.9  28.6   2:10p  17.1   4:50a   0.0   1.2   0.5   2.2  22.1   2:53p   SSE
 5  22.1  27.1   2:30p  17.1   4:45a   0.0   0.6   1.6   1.1  26.5   2:49p   SSE
 6  22.3  29.5   2:12p  15.1   6:05a   0.0   1.7   0.0   1.2  27.0   3:32p     S
 7  22.0  27.8   3:10p  16.1   4:45a   0.1   0.8   0.5   1.2  17.3   3:21p   SSE
 8  22.4  28.4   3:29p  16.4   2:55a   0.4   1.3   0.0   2.3  19.4   8:31a   SSE
 9  23.2  27.9   2:09p  18.5   4:10a   0.0   0.9   0.5   2.1  26.2   5:17a   SSE
10  23.9  28.8   1:35p  18.9   6:19a   0.0   1.3   1.6   4.1  42.7   1:26p   SSE
11  23.2  27.6   3:15p  18.7   6:00a   0.0   0.0   3.1   2.6  27.0   1:27p   SSE
12  23.6  28.6   3:20p  18.5   4:45a   0.0   1.3   1.0   1.6  17.3   7:41a     S
13  23.4  29.6   3:05p  17.1   6:20a   0.0   1.7   0.0   1.4  46.4   9:33a   SSE
14  22.8  27.9  11:41a  17.7   6:00a   0.0   1.2   0.0   1.3  23.2  11:47a   SSE
15  23.0  30.1   2:29p  15.9   6:05a   0.0   1.8   0.0   1.6  22.1   2:27p     N
16  25.0  33.9   2:24p  16.1   6:05a   0.0   3.7   2.1   3.3  31.9   4:39p     N
17  26.3  32.9   2:28p  19.7   6:15a   0.3   3.7   0.0   1.4  22.1   6:24p    SE
18  27.6  32.4   2:30p  22.8   6:25a   0.0   3.9   0.0   1.8  22.1  10:57a    NE
19  27.1  31.6   2:30p  22.5   6:10a   0.0   3.6   0.0   1.4  21.3  12:50p    SE
20  25.2  30.4   1:20p  20.0   6:49a   0.0   1.9   0.0   2.0  27.0   9:36a    SE
21  23.0  28.9   2:38p  17.1   6:31a   0.0   1.2   1.5   0.9  35.9   3:45p   ENE
22  23.8  30.3   2:19p  17.3   6:15a   0.0   1.9   0.0   1.1  19.4   1:27p   SSE
23  24.0  31.3   2:01p  16.7   5:55a   0.0   2.3   0.0   0.9  20.3   2:45p   ENE
24  23.2  29.1   2:42p  17.2   6:06a   0.0   1.8   0.0   1.5  23.2   5:55p   NNE
25  22.2  24.9  10:45a  19.4   6:50a   0.0   0.1  15.5   0.5  16.5   7:19p    SW
26  22.9  26.2   1:20p  19.6   3:50a   0.0   0.3   8.8   1.5  22.1  12:25p   ENE
27  21.0  22.6  12:00a  19.4   4:50a   0.0   0.0  77.7   1.7  22.1   7:09p   ESE
28  24.1  27.6   1:10p  20.6   6:55a   0.0   0.9  34.2   1.6  25.1   5:00p     N
29  26.4  31.6   3:11p  21.1   6:20a   0.0   2.8   0.5   1.8  26.2   4:00p     N
30  24.0  26.1  12:00a  21.9  10:25p   0.0   0.5   4.1   0.1   6.8   9:38a   SSW
31  23.9  28.1  11:55a  19.6   5:00a   0.0   1.2   0.5   1.2  21.3   9:22a   SSE
----------------------------------------------------------------------------------
    23.8  33.9    16    15.1     6     0.8  48.4 161.5   1.7  46.4    13      SE

Max >=  30.0: 10
Max <=  25.0:  2
Min <=  10.0:  0
Min <=   5.0:  0
Max Rain: 77.7 on day 27
Days of Rain: 17 (>= 0.2 mm)  8 (>= 2.0 mm)  2 (>= 20.0 mm)
Heat Base: 18.0  Cool Base: 24.0  Method: Integration