Brisbane, Queensland, Australia, Latitude 27°S 23' 52", Longitude 152° E 55' 35", Elevation 76 m

Sun 9 Aug 2020 12:40:02 am: Temperature: 14.5 °C, Humidity: 68 %, Wind speed: 3 km/h, Wind Gust: 2 km/h, Rain today: 0.0 mm, MSLP: 1013.82 hPa

Website under continual development from 10 years of weather data. Please contact us if you find issues or like to provide feedback.

NOAA Style Reports

This page shows monthly and annual NOAA style reports since 2009.

Tables are updated at midnight each day.


Report for 2014 Apr
                   Monthly Climatological Summary for Apr 2014

Name: Ferny Grove   City: Brisbane   State: Queensland
Elevation: 76 m  Lat: S 27° 23' 52"   Lon: E 152° 55' 35"

                  Temperature (°C), Rain (mm), Wind Speed (km/h)

                                      Heat  Cool        Avg
    Mean                              Deg   Deg         Wind                 Dom
Day Temp  High   Time   Low    Time   Days  Days  Rain  Speed High   Time    Dir
----------------------------------------------------------------------------------
 1  23.9  29.3   3:05p  18.5   6:30a   0.0   1.6   0.0   0.9  24.6   2:25p     S
 2  23.3  29.0   1:00p  17.6   6:15a   0.0   1.5   0.0   0.8  22.0   4:04p    SE
 3  23.4  30.1   2:03p  16.6   5:50a   0.1   1.8   0.0   1.2  22.0   3:20p    NE
 4  22.9  28.9   3:05p  16.8   6:10a   0.0   1.5   0.0   0.8  24.6   4:19p     E
 5  24.1  30.5   2:06p  17.6   6:15a   0.0   2.0   0.0   1.0  24.6   2:42p     N
 6  24.2  29.7   1:47p  18.7   6:25a   0.0   1.4  12.4   0.6  35.0   3:54p   SSE
 7  21.4  25.8   1:45p  16.9   6:57a   0.0   0.3   0.5   3.2  31.1   2:46p     S
 8  20.6  25.9   2:55p  15.2   6:46a   0.0   0.3   0.0   2.1  31.1   8:09a     S
 9  21.7  27.0   2:05p  16.4   6:40a   0.0   0.6   0.0   1.1  32.4   7:59a     S
10  21.0  26.4   3:15p  15.5   6:40a   0.0   0.4   0.0   0.5  15.6  12:02p   NNE
11  22.4  30.4   3:15p  14.4   6:05a   0.0   1.7   0.0   1.6  20.7   4:02p     N
12  24.1  29.5   4:23p  18.7   4:50a   0.0   2.3   0.0   0.9  20.7  11:16a     N
13  21.7  24.8  12:00a  18.6  11:55p   0.0   0.0   8.3   0.6  18.1   5:28p   SSE
14  20.9  23.3  12:48p  18.4  11:25p   0.0   0.0   1.6   4.7  43.2   3:23p     S
15  20.5  25.4   1:24p  15.5   6:40a   0.0   0.2   0.0   2.0  51.8  11:28a     S
16  20.1  27.3   3:50p  12.9   6:30a   0.3   0.6   0.0   1.2  14.0  12:10p   SSW
17  20.5  27.4   2:35p  13.6   6:10a   0.1   0.7   0.0   0.5  16.2  12:58p   SSW
18  21.0  27.8   2:29p  14.2   6:30a   0.0   0.8   0.0   0.5  17.3   1:27p   WSW
19  19.7  28.2   3:45p  11.2   6:10a   0.4   1.0   0.0   1.0  22.7   3:49p    SW
20  19.9  27.2   3:33p  12.5   6:40a   0.2   0.7   0.0   0.5  17.3   4:39p   NNE
21  20.4  27.3   3:23p  13.4   6:15a   0.1   0.8   0.0   0.9  18.4   3:51p     N
22  20.9  27.9   2:25p  13.9   6:54a   0.1   0.9   0.0   0.8  21.6   1:13p   NNE
23  21.1  28.0   2:45p  14.1   6:15a   0.0   0.8   0.0   0.5  14.0   6:01p     N
24  21.3  28.8   2:35p  13.8   6:15a   0.1   1.0   0.0   0.4  16.2  10:58a    NW
25  21.8  28.5   2:06p  15.0   6:20a   0.0   1.1   0.0   0.6  27.0   3:10p     S
26  21.3  27.9   3:19p  14.7   6:15a   0.0   0.9   0.0   0.5  15.1   2:53p   SSW
27  23.0  28.9   3:10p  17.0   5:50a   0.0   0.9   5.7   0.9  18.4  12:55p     S
28  20.6  24.1   2:05p  17.0   8:35a   0.0   0.0   1.0   2.4  35.6   1:41p   SSE
29  20.1  25.0   2:34p  15.1   6:35a   0.0   0.1   0.0   0.9  14.0   2:06p     S
30  19.1  25.6   2:15p  12.6   6:40a   0.5   0.2   3.1   0.2   9.7   3:05p     N
----------------------------------------------------------------------------------
    21.6  30.5     5    11.2    19     1.9  26.1  32.6   1.1  51.8    15       S

Max >=  30.0:  3
Max <=  25.0:  4
Min <=  10.0:  0
Min <=   5.0:  0
Max Rain: 12.4 on day 6
Days of Rain: 7 (>= 0.2 mm)  4 (>= 2.0 mm)  0 (>= 20.0 mm)
Heat Base: 18.0  Cool Base: 24.0  Method: Integration