Brisbane, Queensland, Australia, Latitude 27°S 23' 52", Longitude 152° E 55' 35", Elevation 76 m

Tue 7 Jul 2020 12:35:04 pm: Temperature: 22.2 °C, Humidity: 39 %, Wind speed: 5 km/h, Wind Gust: 10 km/h, Rain today: 0.0 mm, MSLP: 1024.92 hPa

Website under continual development from 10 years of weather data. Please contact us if you find issues or like to provide feedback.

NOAA Style Reports

This page shows monthly and annual NOAA style reports since 2009.

Tables are updated at midnight each day.


Report for 2014 Nov
                   Monthly Climatological Summary for Nov 2014

Name: Ferny Grove   City: Brisbane   State: Queensland
Elevation: 76 m  Lat: S 27° 23' 52"   Lon: E 152° 55' 35"

                  Temperature (°C), Rain (mm), Wind Speed (km/h)

                                      Heat  Cool        Avg
    Mean                              Deg   Deg         Wind                 Dom
Day Temp  High   Time   Low    Time   Days  Days  Rain  Speed High   Time    Dir
----------------------------------------------------------------------------------
 1  24.7  31.3   2:03p  18.1   5:40a   0.0   2.5   0.0   4.4  34.8   2:26p     N
 2  26.2  31.3  12:12p  21.1   5:40a   0.0   2.4   0.0   2.4  22.1   1:02p    SE
 3  22.1  23.8  12:00a  20.3  11:30p   0.0   0.0   0.0   3.0  26.2   2:00p   SSE
 4  21.2  26.4   3:14p  16.0   5:30a   0.0   0.4   0.0   1.4  23.2   4:31p   NNE
 5  21.9  28.8   2:45p  14.9   5:20a   0.0   1.1   0.0   2.2  38.9   3:49p   NNE
 6  23.7  30.3   1:37p  17.0   5:48a   0.0   1.5   4.7   4.5  41.6   2:35p     N
 7  24.2  29.4   4:06p  19.0   5:30a   0.0   1.6   0.0   1.6  15.4   5:59p   NNE
 8  25.9  30.9   2:12p  20.9   5:40a   0.0   2.1   0.0   1.9  22.1   2:20p    SE
 9  23.1  30.9   2:25p  15.2   5:20a   0.0   2.0   0.0   1.8  29.2   3:44p   NNE
10  24.5  30.9   2:49p  18.0   5:15a   0.0   2.0   0.0   3.4  37.8   4:36p     N
11  24.5  32.1   3:11p  16.8   4:30a   0.0   2.7   0.0   3.2  31.1   5:39p     N
12  26.0  30.8   1:00p  21.1   6:23a   0.0   1.8   0.5   1.5  27.0   5:35p    SE
13  24.8  29.6   2:15p  20.0   5:30a   0.0   1.7   1.5   2.5  36.3   1:50p   NNE
14  25.2  32.3   1:55p  18.1   5:15a   0.0   3.2   0.0   4.4  31.1  12:42p     N
15  27.5  36.9   2:25p  18.1   5:25a   0.0   5.5   0.0   1.9  22.1   3:11p     N
16  30.3  39.6   2:10p  20.9   5:25a   0.0   7.8   0.0   3.4  23.2   3:33p     W
17  27.3  32.8   1:57p  21.8   5:20a   0.0   4.6   0.0   2.3  22.1  11:21a    SE
18  25.9  30.1   3:15p  21.6   7:10a   0.0   2.1   1.5   1.5  27.0   4:40p   ENE
19  27.0  31.6   1:10p  22.3  11:15p   0.0   2.0  22.3   1.8  33.7  11:20p   NNE
20  23.8  29.5   2:13p  18.0   4:15a   0.0   1.7   0.5   4.1  38.9   1:32p     N
21  26.8  32.4   1:48p  21.1   5:30a   0.0   3.6   0.0   4.9  45.6   2:07p   NNE
22  28.6  34.8   1:17p  22.3   4:45a   0.0   4.8   0.0   3.6  41.6   1:32p     N
23  27.8  33.1   3:14p  22.5   4:30a   0.0   4.3   0.0   6.0  31.9   4:54p   NNW
24  25.1  33.1   2:30p  17.0   4:55a   0.0   3.6   0.0   6.2  45.6   2:57p     N
25  25.6  34.1   3:22p  17.0   4:45a   0.0   4.3   0.0   3.5  32.9   1:50p     N
26  24.7  30.8   2:43p  18.5   5:15a   0.0   3.2   0.0   1.8  25.1   2:08p     N
27  28.0  33.8   2:20p  22.1   5:22a   0.0   3.2   3.1   2.4  65.1   4:56p    SE
28  22.7  24.9  11:53a  20.4   6:25a   0.0   0.1  11.4   2.2  31.1  11:17a     S
29  23.9  29.6   1:49p  18.2   4:25a   0.0   1.7   0.5   1.9  21.3   7:22a    SE
30  22.2  30.3   2:46p  14.0   4:40a   0.0   1.8   0.0   2.5  36.7   4:44p     N
----------------------------------------------------------------------------------
    25.2  39.6    16    14.0    30     0.0  79.3  46.0   2.9  65.1    27     NNE

Max >=  30.0: 22
Max <=  25.0:  2
Min <=  10.0:  0
Min <=   5.0:  0
Max Rain: 22.3 on day 19
Days of Rain: 9 (>= 0.2 mm)  4 (>= 2.0 mm)  1 (>= 20.0 mm)
Heat Base: 18.0  Cool Base: 24.0  Method: Integration