Brisbane, Queensland, Australia, Latitude 27°S 23' 52", Longitude 152° E 55' 35", Elevation 76 m

Wed 22 Sep 2021 12:15:04 am: Temperature: 11.7 °C, Humidity: 42 %, Wind speed: 7 km/h, Wind Gust: 15 km/h, Rain today: 0.0 mm, MSLP: 1018.3 hPa

Website under continual development from 11 years of weather data. Please contact us if you find issues or like to provide feedback.

NOAA Style Reports

This page shows monthly and annual NOAA style reports since 2009.

Tables are updated at midnight each day.


Report for 2014 Dec
                   Monthly Climatological Summary for Dec 2014

Name: Ferny Grove   City: Brisbane   State: Queensland
Elevation: 76 m  Lat: S 27° 23' 52"   Lon: E 152° 55' 35"

                  Temperature (°C), Rain (mm), Wind Speed (km/h)

                                      Heat  Cool        Avg
    Mean                              Deg   Deg         Wind                 Dom
Day Temp  High   Time   Low    Time   Days  Days  Rain  Speed High   Time    Dir
----------------------------------------------------------------------------------
 1  23.9  29.9   2:15p  17.9   2:56a   0.0   1.8   0.0   3.2  31.1   2:10p     N
 2  24.7  28.6   1:55p  20.8   6:05a   0.0   1.4   0.0   1.6  32.9   3:04p     N
 3  24.9  32.4   2:25p  17.4   5:10a   0.0   2.8   0.0   3.2  37.8   6:13p     N
 4  27.4  31.8   2:45p  22.9   5:12a   0.0   3.0   0.0   4.8  30.0   4:16p     N
 5  26.5  31.1   2:20p  21.8   4:40a   0.0   2.3   5.2   1.5  26.2   2:06p     N
 6  24.4  27.6   1:17p  21.1   4:50a   0.0   0.7   5.2   1.8  25.1  12:51p     N
 7  26.1  31.2   2:52p  20.9   4:40a   0.0   2.7   1.0   3.1  27.0  12:35p     N
 8  26.6  32.3  12:20p  20.9   5:16a   0.0   2.7   0.0   2.3  28.1   2:48p     N
 9  26.6  32.2   1:15p  20.9   4:25a   0.0   2.9   7.2   2.5  28.1   5:58p   NNE
10  26.3  31.6   1:35p  20.9   5:05a   0.0   3.1   0.0   1.5  29.2   3:09p   NNE
11  26.9  32.3  12:05p  21.4  11:50p   0.0   2.3  31.1   1.8  26.2   2:45p     N
12  22.1  24.5   5:16p  19.7   8:20a   0.1   0.0   2.1   1.4  31.1  10:35p     S
13  20.9  24.4   3:21p  17.4   5:33a   0.0   0.0   0.0   4.3  27.0   4:40p     S
14  21.6  25.2  11:01a  17.9   5:00a   0.0   0.5   0.0   2.9  27.2  10:07a   SSE
15  22.3  30.5   2:00p  14.1   5:05a   0.0   2.0   0.0   1.5  16.5  10:43a     S
16  23.1  31.9   3:22p  14.2   5:10a   0.0   2.7   0.0   2.8  25.1   2:26p     N
17  29.0  36.8   5:21p  21.1   5:05a   0.0   6.2   0.0   1.8  19.4   4:17p     N
18  28.8  34.5   1:55p  23.1   5:27a   0.0   4.5   5.2   2.5  27.0  11:45a     N
19  28.5  36.4   5:20p  20.6   5:10a   0.0   4.2   4.1   3.0  26.2  11:10a   SSW
20  25.7  30.2   3:23p  21.1   4:50a   0.0   2.6   0.0   2.1  21.3   7:39a   SSE
21  25.6  30.3   1:39p  20.9   5:30a   0.0   2.2   0.0   1.7  19.4   2:43p   NNE
22  25.6  32.2   5:25p  18.9   4:50a   0.0   2.7   0.0   1.7  36.7  12:43p    SE
23  24.1  31.4   2:40p  16.8   5:15a   0.0   2.5   0.0   1.8  20.3   2:58p     E
24  25.9  33.1   2:35p  18.7   5:45a   0.0   3.6   0.0   2.5  36.7   1:38p     N
25  27.1  32.4   2:18p  21.8   4:45a   0.0   3.5   0.0   2.3  29.2   5:09p   NNE
26  27.4  31.5  12:24p  23.2   6:40a   0.0   3.4   0.5   1.8  16.5   3:36p     N
27  23.4  26.3  12:00a  20.5   9:14p   0.0   0.3  25.4   1.6  20.7   2:01p     S
28  21.9  24.8   3:52p  18.9  12:20a   0.0   0.1   9.3   0.2  14.3   3:44p   SSW
29  25.8  29.6   1:50p  21.9  12:35a   0.0   1.8   5.7   0.9  24.3   1:31p     N
30  28.5  35.6   3:35p  21.3   5:15a   0.0   4.7   0.0   1.6  28.1   4:30p     W
31  28.8  35.8  12:45p  21.7   5:25a   0.0   5.4   3.6   1.1  27.0   1:31p   ENE
----------------------------------------------------------------------------------
    25.5  36.8    17    14.1    15     0.1  78.6 105.6   2.2  37.8     3     NNE

Max >=  30.0: 22
Max <=  25.0:  3
Min <=  10.0:  0
Min <=   5.0:  0
Max Rain: 31.1 on day 11
Days of Rain: 13 (>= 0.2 mm)  11 (>= 2.0 mm)  2 (>= 20.0 mm)
Heat Base: 18.0  Cool Base: 24.0  Method: Integration