Brisbane, Queensland, Australia, Latitude 27°S 23' 52", Longitude 152° E 55' 35", Elevation 76 m

Tue 26 Oct 2021 6:40:03 pm: Temperature: 22.2 °C, Humidity: 80 %, Wind speed: 3 km/h, Wind Gust: 17 km/h, Rain today: 0.0 mm, MSLP: 1016.3 hPa

Website under continual development from 11 years of weather data. Please contact us if you find issues or like to provide feedback.

NOAA Style Reports

This page shows monthly and annual NOAA style reports since 2009.

Tables are updated at midnight each day.


Report for 2015 Jan
                   Monthly Climatological Summary for Jan 2015

Name: Ferny Grove   City: Brisbane   State: Queensland
Elevation: 76 m  Lat: S 27° 23' 52"   Lon: E 152° 55' 35"

                  Temperature (°C), Rain (mm), Wind Speed (km/h)

                                      Heat  Cool        Avg
    Mean                              Deg   Deg         Wind                 Dom
Day Temp  High   Time   Low    Time   Days  Days  Rain  Speed High   Time    Dir
----------------------------------------------------------------------------------
 1  28.2  32.8   3:21p  23.5   5:50a   0.0   4.8   1.0   1.8  34.9   2:16p     N
 2  27.0  31.8   1:15p  22.2   4:55a   0.0   3.7   0.0   2.0  59.4   1:47p     N
 3  25.0  27.9   5:27p  22.1   8:55a   0.0   2.0   6.7   0.9  36.0   8:35a     N
 4  26.0  30.7   2:28p  21.3   5:35a   0.0   2.5   0.0   1.4  60.8   3:34p   ESE
 5  23.0  25.3   5:00p  20.6   6:05a   0.0   0.2  38.8   0.4  16.6   9:05a   SSW
 6  25.5  30.4   2:32p  20.6   5:05a   0.0   2.3   4.1   3.4  31.0  12:27p   SSE
 7  23.3  26.7  10:50a  19.9   6:11a   0.0   0.5   5.2   3.1  36.0  10:24a     S
 8  22.7  27.6   3:25p  17.8   5:20a   0.0   1.2   0.0   0.8  33.5   3:46p   ENE
 9  25.0  30.9   3:25p  19.0   3:05a   0.0   2.8   0.0   2.0  37.4   6:13p   NNE
10  26.6  32.1   2:00p  21.1   5:35a   0.0   3.3   0.0   2.3  29.5   7:41p   NNE
11  25.7  29.5   1:45p  21.8   4:05a   0.0   2.5   1.0   0.8  19.4   7:27p     N
12  26.2  29.8   2:10p  22.5   6:35a   0.0   1.7   5.7   0.7  27.0   2:47p     S
13  25.3  28.6   1:35p  21.9   4:35a   0.0   1.8   2.6   2.2  49.0   1:44p     N
14  26.8  30.9   2:30p  22.7   5:35a   0.0   2.4   4.2   2.2  38.9   8:49p     N
15  29.6  36.1   5:30p  23.0   4:35a   1.3   5.1   0.0   2.3  29.5   5:29p   WNW
16  28.1  34.5   2:55p  21.7   5:40a   0.0   5.3   0.0   2.0  32.4   3:28p     N
17  28.8  35.5   1:35p  22.0   5:45a   1.8   6.1   0.0   1.6  58.3   3:35p     N
18  31.2  38.3   2:35p  24.1   5:40a   0.5   6.9   0.0   1.8  42.5  12:15p     N
19  29.2  33.6   2:30p  24.7   5:23a   0.0   5.5   0.5   2.5  27.0   7:07p   SSE
20  25.4  30.1   3:00p  20.7   5:50a   0.0   2.3   0.0   1.7  31.0   4:45p    NE
21  26.1  31.6   1:55p  20.6   5:45a   0.0   2.8   0.5   1.2  36.0  12:38p   ESE
22  25.5  28.8   1:15p  22.1   6:37a   0.0   1.9   1.0   1.1  28.4   3:11p   ESE
23  22.8  24.3  12:00a  21.3   6:35p   0.0   0.0 101.0   2.5  33.5   8:42p     S
24  24.2  28.9   3:08p  19.4  12:00a   0.0   1.4   4.1   1.2  28.5   2:49p    NW
25  28.9  36.6   3:23p  21.2   5:45a   0.0   5.3   0.0   1.1  41.0  12:51p    SW
26  29.1  33.8   3:30p  24.4   5:55a   0.0   5.8   0.0   2.0  42.5  11:33a    SE
27  27.4  31.4  12:19p  23.3   6:05a   0.0   3.6   2.1   1.7  38.9   4:17p   SSE
28  22.9  26.5   2:00p  19.2   6:55a   0.0   0.4   2.6   2.0  42.5   9:12a   SSW
29  24.2  29.3   1:15p  19.1   6:10a   0.0   1.6   0.5   1.0  22.0   3:57p     S
30  24.9  29.7   1:39a  20.0   5:15a   0.0   1.8   0.0   1.9  38.9   3:50p     N
31  25.4  33.1   2:55p  17.7   5:35a   0.0   3.1   0.0   1.8  34.9   5:31p     N
----------------------------------------------------------------------------------
    26.1  38.3    18    17.7    31     3.6  90.6 181.6   1.7  60.8     4      NE

Max >=  30.0: 18
Max <=  25.0:  1
Min <=  10.0:  0
Min <=   5.0:  0
Max Rain: 101.0 on day 23
Days of Rain: 17 (>= 0.2 mm)  11 (>= 2.0 mm)  2 (>= 20.0 mm)
Heat Base: 18.0  Cool Base: 24.0  Method: Integration