Brisbane, Queensland, Australia, Latitude 27°S 23' 52", Longitude 152° E 55' 35", Elevation 76 m

Tue 26 Oct 2021 6:45:03 pm: Temperature: 22.2 °C, Humidity: 80 %, Wind speed: 7 km/h, Wind Gust: 17 km/h, Rain today: 0.0 mm, MSLP: 1016.4 hPa

Website under continual development from 11 years of weather data. Please contact us if you find issues or like to provide feedback.

NOAA Style Reports

This page shows monthly and annual NOAA style reports since 2009.

Tables are updated at midnight each day.


Report for 2015 Feb
                   Monthly Climatological Summary for Feb 2015

Name: Ferny Grove   City: Brisbane   State: Queensland
Elevation: 76 m  Lat: S 27° 23' 52"   Lon: E 152° 55' 35"

                  Temperature (°C), Rain (mm), Wind Speed (km/h)

                                      Heat  Cool        Avg
    Mean                              Deg   Deg         Wind                 Dom
Day Temp  High   Time   Low    Time   Days  Days  Rain  Speed High   Time    Dir
----------------------------------------------------------------------------------
 1  27.8  35.2   3:31p  20.3   5:51a   0.0   4.4   0.0   1.3  36.3   4:43p   SSW
 2  26.2  31.3   2:20p  21.1   5:46a   0.0   2.7   2.0   4.8  57.0   9:33p   SSE
 3  24.4  28.8   2:27p  19.9   5:25a   0.0   0.4   3.1   2.5  53.1   6:00p     S
 4  24.2  30.3   2:15p  18.1   5:50a   0.0   1.4   0.0   3.9  41.4   5:46p   SSE
 5  25.7  31.1   1:44p  20.2   5:55a   0.0   2.0   0.0   5.9  49.2   2:53p   SSE
 6  25.0  30.1   2:25p  19.9   4:55a   0.0   1.9   1.5   5.9  63.4  12:12p   SSE
 7  24.9  30.0   2:04p  19.7   6:35a   0.0   1.9   0.0   2.8  36.3   2:17p     S
 8  25.4  32.2   2:41p  18.6   6:00a   0.0   2.8   0.0   1.3  28.5   4:14p   ESE
 9  24.8  31.8   3:30p  17.8   6:00a   0.0   2.6   0.0   3.9  61.9   6:35p   SSE
10  24.8  29.3   2:55p  20.3   5:50a   0.0   1.4   3.1   4.0  37.6   7:13p   SSE
11  24.7  29.6   3:20p  19.8   6:41a   0.0   1.6   2.6   2.3  36.3   1:15p     S
12  23.2  26.8   5:10p  19.6   5:55a   0.0   0.6  21.8   1.6  27.2  12:08p     S
13  24.6  29.9   1:25p  19.2   5:05a   0.0   1.6   0.5   3.4  51.8   7:58p   SSE
14  24.6  30.2   2:19p  18.9   5:40a   0.0   2.0   0.0   2.6  33.7  11:15a   SSE
15  24.4  28.3   4:15p  20.4   6:45a   0.0   1.3   0.5   0.9  33.7   3:17p     S
16  24.2  30.5   3:35p  17.8   4:35a   0.0   2.4   0.0   2.3  37.4   4:30p   SSE
17  24.7  30.3   2:35p  19.0   5:50a   0.0   1.8   0.0   4.9  49.0   2:06p   SSE
18  24.4  28.3   1:40p  20.5   5:30a   0.0   0.8   6.7   4.9  42.5   9:00a   SSE
19  23.9  25.6  12:00p  22.1   4:05a   0.0   0.3  10.9   4.4  37.4   4:20a   SSE
20  22.5  23.6  10:13p  21.4   6:53p   0.0   0.0 166.3   2.3  53.1   7:36a     S
21  22.1  23.6   3:59p  20.6   3:00a   0.0   0.0  89.1   4.5  55.7   4:29p     S
22  26.2  30.6   3:13p  21.7   3:10a   0.0   2.1   1.0   4.9  46.7  11:43a   SSW
23  26.9  31.7   1:50p  22.0   5:35a   0.0   2.7   2.1   5.8  34.9   1:50p   SSE
24  26.2  30.5   2:45p  21.8   3:05a   0.0   2.2   0.0   2.6  28.4   4:51p   SSE
25  25.6  30.3   1:30p  20.9   6:30a   0.0   2.1   0.0   2.8  36.3  10:20a   SSE
26  24.5  30.5   2:45p  18.5   5:50a   0.0   2.1   0.0   0.8  19.4   8:45a     S
27  26.0  30.8   2:45p  21.2   7:05a   0.0   2.2   3.6   1.0  25.9  11:20a     N
28  26.1  30.2   2:51p  22.0   6:25a   0.0   2.5   0.0   0.8  20.7   2:39p   NNW
----------------------------------------------------------------------------------
    24.9  35.2     1    17.8     9     0.0  49.8 314.8   3.2  63.4     6     SSE

Max >=  30.0: 18
Max <=  25.0:  2
Min <=  10.0:  0
Min <=   5.0:  0
Max Rain: 166.3 on day 20
Days of Rain: 15 (>= 0.2 mm)  11 (>= 2.0 mm)  3 (>= 20.0 mm)
Heat Base: 18.0  Cool Base: 24.0  Method: Integration