Brisbane, Queensland, Australia, Latitude 27°S 23' 52", Longitude 152° E 55' 35", Elevation 76 m

Sun 9 Aug 2020 12:50:02 am: Temperature: 14.1 °C, Humidity: 69 %, Wind speed: 0 km/h, Wind Gust: 0 km/h, Rain today: 0.0 mm, MSLP: 1013.72 hPa

Website under continual development from 10 years of weather data. Please contact us if you find issues or like to provide feedback.

NOAA Style Reports

This page shows monthly and annual NOAA style reports since 2009.

Tables are updated at midnight each day.


Report for 2015 Mar
                   Monthly Climatological Summary for Mar 2015

Name: Ferny Grove   City: Brisbane   State: Queensland
Elevation: 76 m  Lat: S 27° 23' 52"   Lon: E 152° 55' 35"

                  Temperature (°C), Rain (mm), Wind Speed (km/h)

                                      Heat  Cool        Avg
    Mean                              Deg   Deg         Wind                 Dom
Day Temp  High   Time   Low    Time   Days  Days  Rain  Speed High   Time    Dir
----------------------------------------------------------------------------------
 1  26.1  32.1   3:08p  20.0   5:55a   0.0   3.1   0.0   1.5  23.3   1:29p   NNW
 2  27.4  33.0   2:10p  21.8   4:45a   0.0   3.2   0.0   3.1  42.8   7:35p     S
 3  25.7  31.9   2:45p  19.5   5:50a   0.0   3.1   0.0   1.5  38.9   8:55a   SSE
 4  26.3  32.5   3:05p  20.0   6:20a   0.0   3.3   0.0   1.6  32.4   3:13p     N
 5  28.9  37.3   3:00p  20.5   5:30a   0.0   5.4   0.0   2.6  35.0   4:52p   SSE
 6  26.4  29.9   4:00p  22.8   5:20a   0.0   2.9   0.0   3.7  64.8  12:28a   SSE
 7  25.4  32.1   2:31p  18.7   5:55a   0.0   3.1   0.0   1.2  31.1  11:56a     N
 8  26.8  32.9   1:56p  20.6   5:20a   0.0   3.6   0.0   1.4  36.3   6:03p     N
 9  27.6  33.6   2:50p  21.6   6:30a   0.0   4.0   0.0   0.9  28.5   3:58p     W
10  27.3  32.6   2:50p  22.0   4:50a   0.0   3.6   0.0   1.6  35.0   1:03p    SE
11  25.6  30.8   2:05p  20.4   5:25a   0.0   2.5   0.0   1.7  23.3  11:07a   SSE
12  26.2  31.8   2:30p  20.6   6:29a   0.0   2.5   0.0   1.4  37.6   3:33p   SSE
13  24.0  30.6   2:00p  17.3   6:05a   0.0   1.8   0.0   3.4  36.3   3:49p   SSE
14  24.9  30.8   2:27p  18.9   6:15a   0.0   2.0   0.0   3.7  46.7  12:39p     S
15  23.8  31.7   4:04p  15.8   6:05a   0.0   2.6   0.0   2.0  27.2   9:42p   SSW
16  23.1  29.5   2:35p  16.7   5:50a   0.0   1.6   0.0   1.7  50.5   7:54a     S
17  24.3  29.5   3:10p  19.1   6:50a   0.5   1.7   0.0   1.1  23.3   3:48p   NNW
18  23.3  28.6   4:35p  18.0   5:55a   0.0   1.0   7.8   0.8  35.0   8:58a     N
19  27.5  35.4   2:40p  19.6   6:15a   0.0   4.2   0.0   0.5  16.8   3:32p     N
20  28.1  34.2   1:55p  22.0   3:15a   0.0   4.7   0.0   1.4  29.8   3:53p     S
21  26.4  28.9   1:05p  23.9   7:48p   0.0   1.6  31.6   0.7  20.7   2:03p     E
22  23.9  26.9  11:10a  20.9   9:49p   0.0   0.2   6.7   0.8  28.5   6:06p   SSE
23  24.0  28.3   3:00p  19.6   6:25a   0.0   1.1   0.5   0.6  15.6   1:35p   NNE
24  24.4  30.7   3:15p  18.1   6:05a   0.0   2.1   0.0   2.0  44.1  12:08p     N
25  27.2  33.3   2:10p  21.1   3:45a   0.0   3.7   0.0   1.3  29.5   4:35p     N
26  28.3  32.4   2:05p  24.2   6:20a   0.0   3.9   1.5   1.5  20.7   4:00p     N
27  27.5  33.1   2:40p  21.9   5:15a   0.0   3.5   0.0   1.0  23.0   1:16p     S
28  25.3  28.4   3:19p  22.1   6:32a   0.0   1.7   0.0   1.1  24.6  10:36a   SSE
29  24.1  30.1  12:52p  18.1   5:25a   0.0   1.7   0.0   1.1  49.2  12:00p     N
30  23.5  28.8   1:45p  18.2   5:55a   0.0   1.0   0.0   0.7  27.0  11:50a     S
31  22.6  26.8   2:25p  18.4   6:05a   0.0   0.4   0.0   1.1  40.0  12:05p     S
----------------------------------------------------------------------------------
    25.7  37.3     5    15.8    15     0.5  80.8  48.1   1.6  64.8     6     SSE

Max >=  30.0: 21
Max <=  25.0:  0
Min <=  10.0:  0
Min <=   5.0:  0
Max Rain: 31.6 on day 21
Days of Rain: 5 (>= 0.2 mm)  3 (>= 2.0 mm)  1 (>= 20.0 mm)
Heat Base: 18.0  Cool Base: 24.0  Method: Integration