Brisbane, Queensland, Australia, Latitude 27°S 23' 52", Longitude 152° E 55' 35", Elevation 76 m

Tue 7 Jul 2020 1:05:04 pm: Temperature: 22.2 °C, Humidity: 38 %, Wind speed: 4 km/h, Wind Gust: 15 km/h, Rain today: 0.0 mm, MSLP: 1024.82 hPa

Website under continual development from 10 years of weather data. Please contact us if you find issues or like to provide feedback.

NOAA Style Reports

This page shows monthly and annual NOAA style reports since 2009.

Tables are updated at midnight each day.


Report for 2015 Jun
                   Monthly Climatological Summary for Jun 2015

Name: Ferny Grove   City: Brisbane   State: Queensland
Elevation: 76 m  Lat: S 27° 23' 52"   Lon: E 152° 55' 35"

                  Temperature (°C), Rain (mm), Wind Speed (km/h)

                                      Heat  Cool        Avg
    Mean                              Deg   Deg         Wind                 Dom
Day Temp  High   Time   Low    Time   Days  Days  Rain  Speed High   Time    Dir
----------------------------------------------------------------------------------
 1  19.4  21.1  12:00a  17.6   9:43p   0.4   0.0   0.0   7.4  47.9   6:35a     W
 2  13.7  20.4   2:10p   7.0   7:00a   3.9   0.0   0.0   1.2  24.5   9:35a    SW
 3  12.1  19.4   1:00p   4.8   6:25a   4.9   0.0   0.0   0.6  28.5  12:09p   SSW
 4  13.3  21.3   2:55p   5.2   6:40a   4.6   0.0   0.0   0.5  14.3   3:50p   WSW
 5  12.9  20.9   2:55p   4.8   5:45a   4.2   0.0   0.0   2.6  47.9   2:30p     W
 6  14.8  21.9   2:08p   7.7   3:50a   2.6   0.0   0.0   4.5  40.2  11:46a   SSW
 7  16.5  22.9   2:03p  10.0   6:50a   5.0   0.0   0.0   2.9  37.6  10:18a     S
 8  16.8  23.4   1:34p  10.1   6:40a   1.8   0.0   0.0   0.7  14.3  10:22a     S
 9  17.2  23.6  12:55p  10.8  12:40a   1.4   0.0   0.0   0.4  22.0   2:35p   SSW
10  17.3  23.9   1:10p  10.6   6:45a   1.3   0.0   0.0   3.1  36.3   7:04p     S
11  17.4  20.0   9:30a  14.8   6:50a   0.8   0.0   3.1   7.2  45.4  10:59a   SSE
12  16.5  19.9  11:29a  13.0   4:40a   1.8   0.0   0.5   4.3  52.9   1:12p     S
13  17.3  20.4  11:30a  14.1   7:00a   1.4   0.0   2.6   2.5  27.2   1:19p     S
14  18.1  21.2   1:55p  14.9   4:05a   1.2   0.0   2.6   0.9  32.4  12:20a     S
15  18.7  21.3   2:10p  16.0   7:55a   0.5   0.0   3.1   1.0  38.9  12:35p     S
16  18.1  20.1   2:50p  16.1   4:50a   0.4   0.0   2.6   0.7  25.9   2:55a   SSW
17  17.6  19.1  11:25a  16.1   9:45p   0.9   0.0   2.1   0.4  16.8  12:30p   WNW
18  16.2  22.2   2:35p  10.2   7:00a   2.6   0.0   0.0   1.5  36.0  11:40a    SW
19  15.4  21.1   2:15p   9.6   6:10a   2.6   0.0   0.0   2.2  28.5   2:48p     W
20  13.9  20.6   3:06p   7.1   5:45a   3.8   0.0   0.0   1.4  24.6   1:57p    SW
21  13.4  20.5   3:25p   6.2   6:40a   3.9   0.0   0.0   1.9  29.5  10:42a     S
22  15.8  20.3  12:40p  11.2   6:35a   2.3   0.0   0.0   1.0  27.2  10:25a   SSE
23  14.9  19.3  12:40p  10.4   6:45a   2.3   0.0   0.0   0.4  22.0   8:05a     S
24  14.7  19.6   2:45p   9.8   5:09a   2.6   0.0   0.0   0.6  22.0  11:40a     S
25  15.0  20.4  12:35p   9.5   6:45a   2.7   0.0   0.0   1.0  31.0  11:10a    SW
26  17.2  22.2   2:40p  12.2   4:40a   1.9   0.0   0.0   4.0  38.9  10:55a   SSE
27  17.9  21.6   2:31p  14.2   4:35a   1.2   0.0   0.0   3.0  25.9   8:15a     S
28  17.6  21.2  11:58a  13.9   6:45a   0.7   0.0   1.0   0.4  16.8   8:43a     S
29  16.7  18.5   3:20p  14.9   7:05a   1.2   0.0   6.7   0.7  25.9   1:15p     S
30  17.5  22.5   2:35p  12.4   6:55a   1.6   0.0   0.5   0.6  20.7   9:20a   SSW
----------------------------------------------------------------------------------
    16.1  23.9    10     4.8     3    66.5   0.0  24.8   2.0  52.9    12     SSW

Max >=  30.0:  0
Max <=  25.0: 30
Min <=  10.0: 11
Min <=   5.0:  2
Max Rain: 6.7 on day 29
Days of Rain: 10 (>= 0.2 mm)  7 (>= 2.0 mm)  0 (>= 20.0 mm)
Heat Base: 18.0  Cool Base: 24.0  Method: Integration