Brisbane, Queensland, Australia, Latitude 27°S 23' 52", Longitude 152° E 55' 35", Elevation 76 m

Sun 9 Aug 2020 1:05:02 am: Temperature: 13.4 °C, Humidity: 72 %, Wind speed: 0 km/h, Wind Gust: 0 km/h, Rain today: 0.0 mm, MSLP: 1013.55 hPa

Website under continual development from 10 years of weather data. Please contact us if you find issues or like to provide feedback.

NOAA Style Reports

This page shows monthly and annual NOAA style reports since 2009.

Tables are updated at midnight each day.


Report for 2015 Aug
                   Monthly Climatological Summary for Aug 2015

Name: Ferny Grove   City: Brisbane   State: Queensland
Elevation: 76 m  Lat: S 27° 23' 52"   Lon: E 152° 55' 35"

                  Temperature (°C), Rain (mm), Wind Speed (km/h)

                                      Heat  Cool        Avg
    Mean                              Deg   Deg         Wind                 Dom
Day Temp  High   Time   Low    Time   Days  Days  Rain  Speed High   Time    Dir
----------------------------------------------------------------------------------
 1  15.1  23.9   2:56p   6.3   6:20a   3.2   0.0   0.0   1.4  28.5  12:05p     N
 2  16.5  24.9   2:59p   8.0   7:05a   2.3   0.1   0.0   1.3  32.4   2:32p     N
 3  18.0  26.6   3:20p   9.4   6:55a   1.6   0.3   0.0   1.2  27.2   9:20p    NW
 4  17.6  22.4   2:45p  12.7   7:10a   1.3   0.0   0.0   2.1  22.0   1:17p    SW
 5  13.1  19.3   2:35p   6.9   6:59a   4.4   0.0   0.0   5.1  45.4  11:18a     W
 6  13.2  20.8   3:00p   5.6   6:20a   3.9   0.0   0.0   3.6  33.7   9:54a   WSW
 7  13.0  20.8   1:39p   5.1   6:25a   4.3   0.0   0.0   1.2  24.5  10:41a     S
 8  12.5  21.2   2:41p   3.7   6:50a   4.8   0.0   0.0   0.9  22.0   9:30a   SSW
 9  13.6  21.8   2:11p   5.4   6:25a   4.0   0.0   0.0   1.2  27.0   9:30a     S
10  15.7  24.3   3:00p   7.0   5:55a   3.0   0.0   0.0   2.0  27.2  11:00a     N
11  15.7  25.6   2:17p   5.8   6:40a   2.9   0.1   0.0   0.6  31.0   1:35p   SSW
12  18.4  26.1  12:55p  10.6   5:40a   1.5   0.1   0.0   3.4  82.8  12:25p    NW
13  16.7  22.3   2:30p  11.0   7:21a   1.8   0.0   0.0   6.2  53.1   2:14p   WSW
14  13.4  22.6   2:10p   4.2   6:20a   3.9   0.0   0.0   1.0  27.0   9:11a     S
15  14.1  22.8   2:56p   5.3   6:25a   3.7   0.0   0.0   0.8  22.0   8:45a   SSE
16  14.1  20.2  12:29p   7.9   4:55a   2.9   0.0   0.0   1.9  31.1   9:08a     S
17  16.2  23.6   2:22p   8.8   6:25a   2.6   0.0   0.0   0.6  20.5  10:57a    NW
18  15.5  24.1   2:15p   6.9   6:25a   2.8   0.0   0.0   1.1  27.2   2:24p   WSW
19  15.0  22.4   2:45p   7.5   5:55a   2.9   0.0   0.0   0.9  35.0  12:59p   SSE
20  15.0  21.1  12:20p   8.8   4:40a   2.3   0.0   0.0   1.0  20.7  10:35a     S
21  18.4  21.6   2:18p  15.1   6:35a   0.9   0.0   1.5   1.0  22.0   3:13p    SE
22  20.5  24.6   2:35p  16.3   5:05a   0.4   0.0   2.1   1.2  32.4  11:33a     N
23  18.9  23.4   2:11p  14.4   4:20a   0.4   0.0   0.0   1.0  29.8   1:28p     N
24  19.6  24.3   1:25p  14.9   6:20a   0.5   0.0   0.0   2.3  32.4  12:30p     N
25  22.1  27.4   2:40p  16.7   6:55a   0.0   0.6   1.0   2.2  43.9   3:30a    NW
26  21.0  27.8   3:26p  14.1   6:40a   0.2   0.6   0.0   1.3  29.5   1:52p    NW
27  18.9  23.3  12:35p  14.5   6:25a   0.4   0.0   0.5   0.3  29.5   1:47p   SSW
28  19.8  24.6   2:45p  14.9   9:38p   1.0   0.0   1.6   1.7  22.0  10:45a   WSW
29  16.1  22.1  11:42a  10.0   4:35a   2.0   0.0   4.7   0.7  25.9   2:40p     N
30  18.1  23.2   2:24p  13.0  12:56a   1.5   0.0   0.0   3.1  31.1   2:28p     W
31  16.6  23.9   2:05p   9.2   6:50a   2.0   0.0   0.0   2.2  37.6   1:38p   WSW
----------------------------------------------------------------------------------
    16.5  27.8    26     3.7     8    69.4   1.8  11.4   1.8  82.8    12       W

Max >=  30.0:  0
Max <=  25.0: 26
Min <=  10.0: 19
Min <=   5.0:  2
Max Rain: 4.7 on day 29
Days of Rain: 6 (>= 0.2 mm)  2 (>= 2.0 mm)  0 (>= 20.0 mm)
Heat Base: 18.0  Cool Base: 24.0  Method: Integration