Brisbane, Queensland, Australia, Latitude 27°S 23' 52", Longitude 152° E 55' 35", Elevation 76 m

Sun 9 Aug 2020 12:50:02 am: Temperature: 14.1 °C, Humidity: 69 %, Wind speed: 0 km/h, Wind Gust: 0 km/h, Rain today: 0.0 mm, MSLP: 1013.72 hPa

Website under continual development from 10 years of weather data. Please contact us if you find issues or like to provide feedback.

NOAA Style Reports

This page shows monthly and annual NOAA style reports since 2009.

Tables are updated at midnight each day.


Report for 2015 Oct
                   Monthly Climatological Summary for Oct 2015

Name: Ferny Grove   City: Brisbane   State: Queensland
Elevation: 76 m  Lat: S 27° 23' 52"   Lon: E 152° 55' 35"

                  Temperature (°C), Rain (mm), Wind Speed (km/h)

                                      Heat  Cool        Avg
    Mean                              Deg   Deg         Wind                 Dom
Day Temp  High   Time   Low    Time   Days  Days  Rain  Speed High   Time    Dir
----------------------------------------------------------------------------------
 1  19.9  28.1   1:55p  11.6   5:40a   0.7   0.8   0.0   1.1  34.9  10:45a     E
 2  21.4  29.9   2:00p  12.9   5:55a   0.4   1.4   0.0   1.2  29.5  12:50p     S
 3  21.1  29.1   1:20p  13.0   5:45a   0.6   1.1   0.0   1.6  36.0   8:32a   SSE
 4  20.7  30.3   2:08p  11.0   5:20a   0.6   1.5   0.0   1.1  40.2   3:13p     N
 5  22.2  33.4   1:36p  11.0   5:36a   0.7   2.7   0.0   0.9  33.7   1:37p   NNE
 6  21.3  31.8   1:53p  10.8   4:30a   0.6   2.1   0.0   1.1  22.0   1:55p     N
 7  21.6  30.5   2:09p  12.6   5:35a   0.3   1.7   0.0   1.5  27.0   1:30p   ENE
 8  20.4  24.8  11:31a  16.0   5:35a   0.0   0.0   2.1   6.6  37.6   1:16p   SSE
 9  20.9  23.9   4:00p  17.8   5:48a   0.0   0.0   1.6   4.0  43.9   1:15p   SSE
10  21.4  27.1   1:22p  15.7   5:49a   0.1   0.4   0.0   1.0  36.3  12:37p    SE
11  19.7  27.2   2:27p  12.1   5:40a   0.6   0.5   0.0   2.5  31.1   9:49a     N
12  21.6  29.5   1:59p  13.6   5:30a   0.2   1.2   0.0   2.5  49.0   4:45p     N
13  23.0  30.1  12:50p  15.8   5:30a   0.0   1.4   0.0   1.8  35.0   5:49p   NNE
14  23.5  28.9   1:25p  18.1   5:15a   0.0   1.0   0.0   1.2  24.5  12:07p     N
15  23.1  29.2   2:05p  17.0   5:35a   0.0   1.3   1.0   1.5  32.4   4:20p    SE
16  21.9  28.7   1:10p  15.0   5:20a   0.0   1.0   0.0   1.2  29.8   8:59a   SSE
17  21.8  29.3   2:02p  14.2   5:35a   0.1   1.3   0.0   2.0  36.3   4:23p     N
18  21.3  27.6   1:35p  15.0   5:33a   0.0   0.8   0.0   1.5  36.3  12:01p     E
19  20.6  27.2   1:00p  14.0   3:35a   0.1   0.6   0.5   1.0  40.0   3:25p   SSE
20  20.6  28.3   1:55p  12.8   4:55a   0.4   0.9   0.0   1.4  33.5  10:20a     E
21  21.4  29.2   2:33p  13.6   5:24a   0.2   1.2   0.0   3.4  38.9   1:54p     N
22  22.4  30.7   2:21p  14.1   5:10a   0.1   1.3  15.5   2.0  41.4   4:26p     N
23  22.6  28.2  12:16p  16.9   5:55a   0.0   0.9   0.5   2.0  34.9  11:45a   SSE
24  20.5  23.9  11:13a  17.0   4:05a   0.0   0.0   0.0   1.1  20.7  12:32p   SSE
25  21.7  25.9   2:24p  17.5   5:39a   0.0   0.2   0.5   1.3  35.0   4:07p   NNW
26  23.5  30.1   1:50p  16.8   5:10a   0.0   1.4   0.0   3.0  42.5   3:35p     N
27  24.2  30.9   2:25p  17.5   5:20a   0.0   1.6   7.3   2.3  41.4  11:55a   SSE
28  20.1  22.9  11:40a  17.2   9:59p   0.0   0.0   9.8   1.4  27.0   1:02p   SSE
29  19.3  21.4  11:00a  17.1   5:06a   0.0   0.0   2.1   0.9  20.5  11:20a   SSE
30  20.6  24.4  10:45a  16.8   4:55a   0.0   0.0   0.0   0.9  33.7   4:49p   ENE
31  21.1  26.3   3:06p  15.9   5:35a   0.0   0.3   0.0   1.6  31.1   1:47p   NNE
----------------------------------------------------------------------------------
    21.5  33.4     5    10.8     6     5.7  28.6  40.9   1.8  49.0    12       E

Max >=  30.0:  8
Max <=  25.0:  6
Min <=  10.0:  0
Min <=   5.0:  0
Max Rain: 15.5 on day 22
Days of Rain: 10 (>= 0.2 mm)  5 (>= 2.0 mm)  0 (>= 20.0 mm)
Heat Base: 18.0  Cool Base: 24.0  Method: Integration