Brisbane, Queensland, Australia, Latitude 27°S 23' 52", Longitude 152° E 55' 35", Elevation 76 m

Wed 22 Sep 2021 12:25:02 am: Temperature: 11.7 °C, Humidity: 42 %, Wind speed: 7 km/h, Wind Gust: 14 km/h, Rain today: 0.0 mm, MSLP: 1018.5 hPa

Website under continual development from 11 years of weather data. Please contact us if you find issues or like to provide feedback.

NOAA Style Reports

This page shows monthly and annual NOAA style reports since 2009.

Tables are updated at midnight each day.


Report for 2015 Nov
                   Monthly Climatological Summary for Nov 2015

Name: Ferny Grove   City: Brisbane   State: Queensland
Elevation: 76 m  Lat: S 27° 23' 52"   Lon: E 152° 55' 35"

                  Temperature (°C), Rain (mm), Wind Speed (km/h)

                                      Heat  Cool        Avg
    Mean                              Deg   Deg         Wind                 Dom
Day Temp  High   Time   Low    Time   Days  Days  Rain  Speed High   Time    Dir
----------------------------------------------------------------------------------
 1  21.1  28.1   1:15p  14.0   5:24a   0.2   0.9   0.0   2.5  40.2   1:22p     N
 2  23.6  30.1   2:50p  17.0   4:45a   0.0   1.8   0.0   2.7  53.1   4:13p     N
 3  25.4  33.2   1:40p  17.6   5:10a   0.0   3.0   4.7   2.0  31.1   2:50p   NNE
 4  25.5  31.6   2:35p  19.4   3:50a   0.0   2.4   0.0   1.5  59.4   4:15p     N
 5  25.7  30.1  12:50p  21.2   6:14a   0.0   1.9  11.4   1.4  25.9   2:20p   SSE
 6  24.7  30.4   2:53p  18.9   5:13a   0.0   1.7   5.2   2.1  29.5   2:00a   NNW
 7  27.2  34.1   1:06p  20.2   5:00a   0.0   2.8  11.9   1.9  37.6   4:59p   NNW
 8  22.4  24.5   4:02p  20.3   9:44p   0.0   0.0  25.4   1.2  24.6   8:12p     S
 9  22.2  26.6   1:54p  17.7   3:20a   0.0   0.3   0.5   3.7  40.0   2:45a   SSE
10  22.1  28.9   2:55p  15.3   5:05a   0.0   1.3   0.0   1.2  27.0   8:05a     S
11  20.5  25.9   2:10p  15.1   5:05a   0.0   0.2   0.0   1.0  34.9   9:20a   SSE
12  21.3  26.9   3:15p  15.7   3:21a   0.0   0.6   0.0   1.0  27.0   3:20p   SSW
13  23.8  30.2   3:30p  17.4   5:03a   0.0   1.8   0.0   1.9  41.4  12:10p     N
14  21.9  25.6  12:45p  18.1   5:05a   0.0   0.1  22.8   1.0  28.5   3:53p   NNW
15  23.7  28.9   2:31p  18.5   5:25a   0.0   1.0   0.0   4.3  44.1   3:03p   SSE
16  21.9  27.2  11:10a  16.6   4:40a   0.0   0.7   0.0   2.8  31.1   6:59p   SSE
17  21.7  27.0   1:31p  16.4   4:35a   0.0   0.7   0.0   1.5  51.8   7:55a    SE
18  22.2  30.4   1:50p  13.9   4:40a   0.2   1.8   0.0   1.7  34.9  11:10a     N
19  25.3  35.1   1:40p  15.5   4:50a   0.0   3.8   0.0   1.5  31.1   4:13p     N
20  26.2  34.9   2:40p  17.4   5:23a   0.0   4.2   0.0   2.2  59.6  12:00p     N
21  27.4  36.5   2:05p  18.3   5:30a   0.0   4.7   0.0   2.7  40.0  10:50a    NE
22  24.7  26.3  12:16p  23.0   9:11p   0.0   0.6   0.5   2.0  33.5   8:20a    SE
23  27.1  32.9   2:10p  21.2   4:10a   0.0   3.1   2.1   2.0  41.5   2:59p     N
24  25.6  31.7   2:13p  19.4   5:10a   0.0   2.7   0.0   1.0  25.9   2:10p    SE
25  27.3  32.4   2:35p  22.1   4:40a   0.0   3.0   0.0   2.9  55.4   4:16p     N
26  27.5  34.9   1:40p  20.0   5:10a   0.0   4.4   0.0   3.6  60.8   4:10p     N
27  27.7  33.1   2:35p  22.3   5:29a   0.0   4.1   0.0   2.2  35.0   8:25a   ESE
28  27.1  31.1  12:45p  23.1   5:30a   0.0   3.3   1.0   1.1  23.3   3:17p     N
29  27.8  32.1   2:38p  23.5   9:52p   0.1   2.9   8.8   3.4  50.5  12:53p     N
30  26.2  32.6   1:45p  19.8   5:13a   0.0   3.4   0.0   2.4  36.0  12:26p     N
----------------------------------------------------------------------------------
    24.6  36.5    21    13.9    18     0.5  63.2  94.3   2.1  60.8    26     NNE

Max >=  30.0: 19
Max <=  25.0:  1
Min <=  10.0:  0
Min <=   5.0:  0
Max Rain: 25.4 on day 8
Days of Rain: 11 (>= 0.2 mm)  8 (>= 2.0 mm)  2 (>= 20.0 mm)
Heat Base: 18.0  Cool Base: 24.0  Method: Integration