Brisbane, Queensland, Australia, Latitude 27°S 23' 52", Longitude 152° E 55' 35", Elevation 76 m

Wed 22 Sep 2021 12:30:03 am: Temperature: 11.7 °C, Humidity: 42 %, Wind speed: 6 km/h, Wind Gust: 14 km/h, Rain today: 0.0 mm, MSLP: 1018.2 hPa

Website under continual development from 11 years of weather data. Please contact us if you find issues or like to provide feedback.

NOAA Style Reports

This page shows monthly and annual NOAA style reports since 2009.

Tables are updated at midnight each day.


Report for 2015 Dec
                   Monthly Climatological Summary for Dec 2015

Name: Ferny Grove   City: Brisbane   State: Queensland
Elevation: 76 m  Lat: S 27° 23' 52"   Lon: E 152° 55' 35"

                  Temperature (°C), Rain (mm), Wind Speed (km/h)

                                      Heat  Cool        Avg
    Mean                              Deg   Deg         Wind                 Dom
Day Temp  High   Time   Low    Time   Days  Days  Rain  Speed High   Time    Dir
----------------------------------------------------------------------------------
 1  27.1  33.4  12:10p  20.7   4:55a   0.0   3.6   0.0   3.1  73.9   5:14p     N
 2  25.1  27.1  10:40a  23.1  10:00p   0.0   1.1   2.1   0.5  18.0  11:35a   WNW
 3  23.6  26.8   2:20p  20.3  10:07p   0.0   0.6   0.5   5.0  55.4  10:45a   SSE
 4  21.4  26.1   3:40p  16.6   4:00a   0.5   0.3   0.0   3.7  40.2   8:24a     S
 5  21.3  28.3  12:08p  14.3   4:55a   0.0   1.0  -0.1   1.9  31.1   8:36a   SSE
 6  22.5  30.6   1:53p  14.4   4:40a   0.1   2.0   0.0   1.3  23.3   4:47p    SE
 7  23.6  31.1   1:25p  16.0   4:55a   0.0   2.5   0.0   1.4  29.8   6:28a   SSE
 8  24.8  32.1   1:15p  17.5   5:05a   0.0   3.0   0.0   2.6  32.4  12:44p     N
 9  25.8  32.4   1:30p  19.1   4:35a   0.0   3.0   0.0   2.6  40.0   6:30p     N
10  27.1  33.1  12:55p  21.0   5:05a   0.0   3.1  14.0   2.0  32.4   4:17p   NNE
11  28.0  35.0   1:30p  21.0   4:50a   0.0   4.1   0.5   2.1  53.1  12:53p     N
12  22.9  26.5  12:00a  19.3   9:53p   0.0   0.2   8.8   0.6  38.9   6:32a     W
13  22.4  27.4   2:51p  17.3   3:00a   0.0   0.5   1.6   2.2  31.1   3:49p   SSE
14  23.8  31.5   5:13p  16.0   5:14a   0.0   2.5   0.0   1.3  22.0   2:15p    NE
15  24.8  31.6   2:30p  18.0   5:00a   0.4   2.6   0.0   1.4  44.1   6:19p    NW
16  23.9  26.4   2:30p  21.4   9:58p   0.0   0.9   0.0   0.1  13.0   7:30p   SSE
17  24.6  30.9   2:30p  18.3   5:10a   0.0   1.8   1.6   1.1  33.5  11:25a   SSE
18  24.0  29.6   5:17p  18.3   5:30a   0.0   1.3   0.5   1.2  34.9  10:07a    NE
19  23.9  31.1   5:14p  16.6   4:30a   0.0   2.0   0.0   2.0  32.4   1:08p     N
20  24.3  31.4   1:35p  17.2   5:39a   0.1   3.0   0.0   3.1  25.9   9:43a     N
21  26.4  33.4   3:05p  19.3   5:00a   0.0   3.6   0.0   4.6  59.6  11:18a     N
22  25.6  32.3   1:25p  18.8   4:35a   0.0   3.0   0.0   1.6  55.4   1:50p     N
23  26.2  33.4   1:35p  19.0   5:00a   0.0   3.6   0.0   2.2  40.0  10:35a   NNE
24  24.1  27.4   2:10p  20.8  10:32p   0.0   0.9  14.0   1.1  33.7   6:09p     S
25  23.9  30.2   5:19p  17.6   4:40a   0.0   1.5   0.0   2.6  35.0   9:04a     S
26  24.7  32.5   5:16p  16.9   5:20a   0.0   3.3   0.0   2.3  29.8   3:58p     N
27  26.8  30.5   1:17p  23.0  11:07p   0.0   2.2   6.7   1.0  23.3   8:48p   SSW
28  24.6  29.1  11:48a  20.0   5:05a   0.0   1.2   0.0   5.4  40.2   6:33p   SSE
29  21.1  26.8   5:18p  15.3   5:10a   0.0   0.6   0.0   4.0  35.0   8:50a     S
30  24.3  30.4  12:47p  18.2   5:25a   0.0   2.1   0.0   4.0  37.4   8:45a   SSE
31  24.8  31.6   1:25p  18.0   5:05a   0.0   2.4   0.0   4.4  51.8   8:20a     S
----------------------------------------------------------------------------------
    24.4  35.0    11    14.3     5     1.1  63.5  50.2   2.3  73.9     1     ESE

Max >=  30.0: 20
Max <=  25.0:  0
Min <=  10.0:  0
Min <=   5.0:  0
Max Rain: 14.0 on day 10
Days of Rain: 10 (>= 0.2 mm)  5 (>= 2.0 mm)  0 (>= 20.0 mm)
Heat Base: 18.0  Cool Base: 24.0  Method: Integration