Brisbane, Queensland, Australia, Latitude 27°S 23' 52", Longitude 152° E 55' 35", Elevation 76 m

Wed 22 Sep 2021 12:30:03 am: Temperature: 11.7 °C, Humidity: 42 %, Wind speed: 6 km/h, Wind Gust: 14 km/h, Rain today: 0.0 mm, MSLP: 1018.2 hPa

Website under continual development from 11 years of weather data. Please contact us if you find issues or like to provide feedback.

NOAA Style Reports

This page shows monthly and annual NOAA style reports since 2009.

Tables are updated at midnight each day.


Report for 2016 Jan
                   Monthly Climatological Summary for Jan 2016

Name: Ferny Grove   City: Brisbane   State: Queensland
Elevation: 76 m  Lat: S 27° 23' 52"   Lon: E 152° 55' 35"

                  Temperature (°C), Rain (mm), Wind Speed (km/h)

                                      Heat  Cool        Avg
    Mean                              Deg   Deg         Wind                 Dom
Day Temp  High   Time   Low    Time   Days  Days  Rain  Speed High   Time    Dir
----------------------------------------------------------------------------------
 1  24.8  31.7   2:10p  17.8   5:10a   0.0   2.3   0.0   2.8  41.4   8:05a     S
 2  23.8  32.0   2:51p  15.6   5:32a   0.0   2.8   0.0   1.6  27.2  12:52p   SSE
 3  24.6  28.7   1:42p  20.4   7:37a   0.0   1.2   1.6   2.0  27.2  10:50a   SSE
 4  22.8  27.2  11:35a  18.4   4:30a   0.0   0.5  12.4   1.7  35.0   3:33p     S
 5  21.5  22.7   1:40p  20.3   6:00a   0.0   0.0  45.6   0.3  37.4   5:25p    SE
 6  26.2  32.5   5:25p  19.9   5:15a   0.0   3.3   0.5   3.6  42.5   9:20a     W
 7  25.8  31.9   2:40p  19.6   5:25a   0.0   3.0   0.5   1.4  22.0  12:14p   SSE
 8  24.1  30.5   2:30p  17.6   5:30a   0.0   2.2   0.0   0.8  28.4   6:25p   NNE
 9  24.6  32.0   3:20p  17.1   5:18a   0.0   3.0   0.0   1.3  32.4   4:15p   ESE
10  26.2  33.1   2:15p  19.3   5:05a   0.0   3.3   0.0   1.1  25.9  11:18a     S
11  26.7  33.6   2:25p  19.7   5:20a   0.0   3.8   0.0   1.8  31.1  11:09a     N
12  27.0  34.7   2:30p  19.2   5:20a   0.0   4.3   0.0   2.8  32.4   5:13p     N
13  27.3  34.5   1:40p  20.1   5:35a   0.0   4.4   0.0   1.2  25.9  11:55a    NE
14  26.5  34.1   2:30p  18.9   5:20a   0.0   4.0   0.0   1.8  45.4  11:25a     N
15  27.0  34.5   1:05p  19.4   5:30a   0.0   3.7   0.0   5.0  37.6   9:47p   SSE
16  21.7  24.9   3:29p  18.5   8:41a   0.0   0.1   1.5   5.3  58.3   4:37p   SSE
17  23.4  29.2  12:17p  17.5   5:15a   0.0   1.5   0.0   5.9  48.0   3:04p   SSE
18  23.9  29.6   3:00p  18.2   6:17a   0.0   1.6   0.0   2.1  31.1   9:49a    SE
19  24.8  32.8   2:45p  16.8   5:15a   0.0   3.1   0.0   1.9  35.0   2:54p   NNE
20  25.5  33.3   2:30p  17.6   5:30a   0.0   3.4   0.0   2.8  51.8   5:50p     N
21  26.0  34.3   2:55p  17.6   4:50a   0.0   3.8   0.0   3.2  43.9   4:11p     N
22  26.9  34.9   1:50p  18.9   5:30a   0.0   4.4   0.0   2.3  33.5   9:18a    NW
23  26.3  31.3   1:55p  21.2   4:55a   0.0   3.4   0.0   1.4  36.3   7:09a   NNW
24  27.2  33.2   2:35p  21.2   5:25a   0.0   3.5   0.0   1.7  42.5   3:37p   SSE
25  26.9  32.5   2:05p  21.3   4:20a   0.0   3.0   0.0   1.3  31.1   1:53p    SE
26  24.6  27.7  11:25a  21.5  10:55p   0.0   0.8  48.2   0.4  38.9  11:22a     E
27  24.3  29.9   1:50p  18.7   5:34a   0.0   1.7   0.0   0.9  33.5   2:51p    SE
28  24.5  27.9   4:10p  21.1   4:10a   0.0   1.3   1.0   1.0  23.0  11:20a     N
29  28.1  34.4   1:55p  21.8   5:15a   0.0   3.6   1.5   2.4  44.1   2:04p     N
30  25.6  29.3   3:55p  21.8   5:35a   0.0   2.5   3.1   2.7  41.4   9:11p     N
31  28.2  34.6   2:20p  21.8   4:55a   0.0   4.3   0.0   3.5  54.4   4:20p     N
----------------------------------------------------------------------------------
    25.4  34.9    22    15.6     2     0.0  83.8 115.9   2.2  58.3    16     ESE

Max >=  30.0: 21
Max <=  25.0:  2
Min <=  10.0:  0
Min <=   5.0:  0
Max Rain: 48.2 on day 26
Days of Rain: 10 (>= 0.2 mm)  4 (>= 2.0 mm)  2 (>= 20.0 mm)
Heat Base: 18.0  Cool Base: 24.0  Method: Integration