NOAA Style Reports

This page shows monthly and annual NOAA style reports since 2009.

Tables are updated at midnight each day.


Report for 2016 Feb
                   Monthly Climatological Summary for Feb 2016

Name: Ferny Grove   City: Brisbane   State: Queensland
Elevation: 76 m  Lat: S 27° 23' 52"   Lon: E 152° 55' 35"

                  Temperature (°C), Rain (mm), Wind Speed (km/h)

                                      Heat  Cool        Avg
    Mean                              Deg   Deg         Wind                 Dom
Day Temp  High   Time   Low    Time   Days  Days  Rain  Speed High   Time    Dir
----------------------------------------------------------------------------------
 1  29.6  37.6   3:50p  21.5   5:40a   0.0   5.9   0.0   4.2  59.4  11:00a   NNW
 2  29.2  35.9  10:45a  22.5   5:10a   0.1   6.2   0.0   3.1  42.5   6:00p    NW
 3  28.6  34.0   1:12p  23.1   5:30a   0.0   4.8   1.0   1.9  33.7  12:00a    NW
 4  25.6  27.1  12:00a  24.1  10:21p   0.0   1.6   2.6   1.7  40.0   3:55p   SSE
 5  24.0  26.9   1:05p  21.1   5:05a   0.0   0.9   0.5   2.9  37.6   8:33p   SSE
 6  25.7  29.6   2:00p  21.8   6:03a   0.0   1.2   9.3   4.5  44.1   2:34p   SSE
 7  24.5  27.7  12:25p  21.2   5:35a   0.0   1.1   0.0   3.9  36.3   2:44p     S
 8  26.9  32.1   2:15p  21.6   5:25a   0.0   2.7   0.0   3.8  41.5   8:18a   SSE
 9  26.1  32.4   1:45p  19.8   5:30a   0.0   2.8   0.0   6.3  51.8   4:54p   SSE
10  25.8  31.8   2:42p  19.7   4:30a   0.0   2.7   0.0   5.0  38.9   4:34a   SSE
11  25.5  33.2   1:58p  17.7   5:50a   0.0   3.2   0.0   3.3  32.4   2:34p   SSE
12  26.0  31.8   1:57p  20.1   5:40a   0.0   2.6   0.0   4.9  42.8   5:54p   SSE
13  23.7  28.1   2:06p  19.3   5:05a   0.0   1.1   0.0   5.1  37.6   2:08p     S
14  26.3  34.4   1:45p  18.2   5:25a   0.0   3.8   0.0   2.2  27.2   8:33a     S
15  27.3  35.6   1:45p  18.9   5:30a   0.0   4.7   0.0   2.7  37.4   2:27p     S
16  28.1  37.1   2:05p  19.0   5:55a   0.0   5.2   0.0   1.9  33.5   1:37p     N
17  29.2  35.1   1:12p  23.2   5:50a   0.0   5.2   0.0   1.9  36.3   8:48p     N
18  28.6  35.1   1:43p  22.0   6:05a   0.0   5.2   0.0   3.2  55.4   3:22p     N
19  29.9  35.1   1:35p  24.6   6:05a   0.0   4.4  53.4   2.9  41.4  10:11a     N
20  27.3  33.5   2:05p  21.0   3:15a   0.0   3.7   1.0   1.2  60.8   2:41p     N
21  26.6  32.7   1:50p  20.5   5:51a   0.0   3.6   0.0   5.1  56.9   2:35p   SSE
22  26.4  32.7   1:25p  20.0   6:28a   0.0   3.2   0.0   5.1  40.2   7:12p   SSE
23  25.9  31.9   3:26p  19.9   5:38a   0.0   2.8   0.0   4.1  33.7   7:52a   SSE
24  25.9  32.7   1:34p  19.1   5:45a   0.0   3.2   0.0   1.6  25.9   8:45a   SSE
25  26.2  33.1   2:10p  19.2   6:00a   0.0   3.4   0.0   1.2  25.9   9:00a     N
26  26.6  34.4   2:55p  18.8   5:50a   0.0   4.1   0.0   1.3  54.4  10:20a    SE
27  27.4  35.9   2:57p  18.9   6:04a   0.0   4.9   0.0   3.6  51.8   9:36a   SSE
28  27.7  33.3   1:40p  22.0   6:10a   0.0   4.0   0.0   4.4  36.3   9:44a   SSE
29  27.6  32.5   2:30p  22.6   6:05a   0.0   3.5   0.0   5.0  49.2  12:12p   SSE
----------------------------------------------------------------------------------
    26.8  37.6     1    17.7    11     0.1 101.7  67.8   3.4  60.8    20     SSE

Max >=  30.0: 24
Max <=  25.0:  0
Min <=  10.0:  0
Min <=   5.0:  0
Max Rain: 53.4 on day 19
Days of Rain: 6 (>= 0.2 mm)  3 (>= 2.0 mm)  1 (>= 20.0 mm)
Heat Base: 18.0  Cool Base: 24.0  Method: Integration