Brisbane, Queensland, Australia, Latitude 27°S 23' 52", Longitude 152° E 55' 35", Elevation 76 m

Tue 7 Jul 2020 1:05:04 pm: Temperature: 22.2 °C, Humidity: 38 %, Wind speed: 4 km/h, Wind Gust: 15 km/h, Rain today: 0.0 mm, MSLP: 1024.82 hPa

Website under continual development from 10 years of weather data. Please contact us if you find issues or like to provide feedback.

NOAA Style Reports

This page shows monthly and annual NOAA style reports since 2009.

Tables are updated at midnight each day.


Report for 2016 Mar
                   Monthly Climatological Summary for Mar 2016

Name: Ferny Grove   City: Brisbane   State: Queensland
Elevation: 76 m  Lat: S 27° 23' 52"   Lon: E 152° 55' 35"

                  Temperature (°C), Rain (mm), Wind Speed (km/h)

                                      Heat  Cool        Avg
    Mean                              Deg   Deg         Wind                 Dom
Day Temp  High   Time   Low    Time   Days  Days  Rain  Speed High   Time    Dir
----------------------------------------------------------------------------------
 1  25.3  28.6  12:20p  22.0   6:37a   0.0   1.2  14.5   2.9  33.7   8:50a     S
 2  25.8  30.9   2:03p  20.7   5:40a   0.0   2.4   2.1   1.4  29.8  11:49a    SE
 3  26.0  30.7  12:50p  21.3   6:05a   0.0   2.7   0.5   0.9  40.0  11:15a   ENE
 4  24.6  30.1   1:35p  19.0   3:19a   0.0   1.9   0.0   1.1  31.1   2:08p   SSE
 5  23.4  28.4   2:52p  18.4   5:50a   0.0   1.3   0.5   1.8  33.5   3:50p   SSE
 6  24.9  31.9   2:20p  17.9   5:40a   0.0   2.6   1.0   1.2  33.7   2:19p   SSE
 7  25.4  30.7   1:15p  20.1   5:20a   0.0   1.9   1.6   1.6  29.8   4:24p   SSE
 8  25.3  30.5   2:30p  20.1   5:55a   0.0   1.9  16.1   1.4  35.0   1:58p   SSE
 9  25.0  28.6  12:25p  21.3   3:55a   0.0   1.4   4.1   1.0  23.0   4:56p   SSE
10  25.5  31.0   1:05p  19.9   6:30a   0.0   2.1   0.0   1.5  32.4   2:56p     S
11  24.5  27.9  10:20a  21.0   6:53a   0.0   1.3   7.3   1.0  27.0  10:25a   SSW
12  26.4  31.9   1:20p  20.8   6:35a   0.0   2.5   0.0   3.7  29.8   1:55p   SSE
13  25.0  27.8   3:20p  22.1   4:10a   0.0   1.1   9.3   1.1  22.0   1:25a     S
14  25.4  29.9   1:55p  20.8   5:55a   0.0   2.1   0.5   1.3  33.7   3:13p   SSE
15  25.5  32.1   2:35p  18.8   5:20a   0.0   2.6   0.5   3.7  49.0   4:35p   SSE
16  25.9  30.8   2:28p  21.0   5:05a   0.0   1.9   0.5   3.3  34.9   9:22a   SSE
17  25.2  29.4   3:10p  20.9   6:04a   0.0   1.8   0.5   1.8  31.0  10:05a   SSE
18  25.4  31.8   2:30p  18.9   5:55a   0.0   2.9   3.6   2.2  35.0   7:13p     N
19  26.5  32.7  12:35p  20.3   5:50a   0.0   3.1   0.5   2.2  22.0   2:07p   SSE
20  25.7  30.4   2:20p  20.9   5:35a   0.0   2.1   0.0   3.4  31.0   2:35a     S
21  24.9  29.6  11:59a  20.2   5:45a   0.0   1.4   0.0   2.6  42.8  10:09p   SSE
22  23.3  28.9   2:35p  17.6   6:15a   0.0   1.2   2.6   1.8  49.0   1:51p     S
23  23.6  30.1   1:55p  17.0   5:00a   0.0   1.6   0.0   1.3  35.0  11:44a    NW
24  24.0  30.6   1:04p  17.4   5:45a   0.0   2.0   0.0   1.1  32.4   4:21p   NNW
25  23.8  30.9   1:55p  16.6   5:50a   0.0   2.1   0.0   1.1  25.9   1:54p   SSW
26  24.7  32.2   2:06p  17.1   5:35a   0.0   2.4   5.2   1.7  29.8   1:34p     N
27  22.7  25.5  11:45a  19.9   4:00a   0.0   0.1   7.8   0.2  10.4   2:35a   SSW
28  23.0  28.4   3:05p  17.5   6:13a   0.0   1.2   0.5   0.9  31.0   1:03p     N
29  24.3  31.6   2:20p  17.0   6:10a   0.0   2.3   0.0   1.5  50.5   2:19p   NNE
30  24.7  31.3   2:41p  18.0   6:35a   0.0   1.8  18.7   0.9  31.0   1:20p   WNW
31  24.7  31.4   3:27p  17.9   6:34a   0.0   2.1   0.0   0.9  25.9  10:17a     S
----------------------------------------------------------------------------------
    24.9  32.7    19    16.6    25     0.0  59.0  97.9   1.7  50.5    29     SSE

Max >=  30.0: 20
Max <=  25.0:  0
Min <=  10.0:  0
Min <=   5.0:  0
Max Rain: 18.7 on day 30
Days of Rain: 21 (>= 0.2 mm)  11 (>= 2.0 mm)  0 (>= 20.0 mm)
Heat Base: 18.0  Cool Base: 24.0  Method: Integration