Brisbane, Queensland, Australia, Latitude 27°S 23' 52", Longitude 152° E 55' 35", Elevation 76 m

Tue 7 Jul 2020 1:05:04 pm: Temperature: 22.2 °C, Humidity: 38 %, Wind speed: 4 km/h, Wind Gust: 15 km/h, Rain today: 0.0 mm, MSLP: 1024.82 hPa

Website under continual development from 10 years of weather data. Please contact us if you find issues or like to provide feedback.

NOAA Style Reports

This page shows monthly and annual NOAA style reports since 2009.

Tables are updated at midnight each day.


Report for 2016 Apr
                   Monthly Climatological Summary for Apr 2016

Name: Ferny Grove   City: Brisbane   State: Queensland
Elevation: 76 m  Lat: S 27° 23' 52"   Lon: E 152° 55' 35"

                  Temperature (°C), Rain (mm), Wind Speed (km/h)

                                      Heat  Cool        Avg
    Mean                              Deg   Deg         Wind                 Dom
Day Temp  High   Time   Low    Time   Days  Days  Rain  Speed High   Time    Dir
----------------------------------------------------------------------------------
 1  23.9  30.5   1:40p  17.3   4:55a   0.0   2.0   0.0   1.1  28.4  11:45a     N
 2  24.4  31.3   2:40p  17.5   6:19a   0.0   2.2   0.0   1.2  38.9   6:23p     N
 3  24.4  31.6   1:40p  17.1   6:14a   0.0   2.4   0.0   1.6  33.7   2:24p    SE
 4  25.9  31.2   1:40p  20.6   6:30a   0.0   2.3   0.0   4.8  57.0  11:54a   SSE
 5  24.1  29.9   1:27p  18.2   6:25a   0.0   1.6   0.0   2.9  36.0   8:55a   SSE
 6  23.5  30.9   1:04p  16.0   6:30a   0.0   1.9   0.0   1.1  27.0  11:56a    SE
 7  24.0  31.9   2:15p  16.1   6:10a   0.0   2.3   0.0   1.2  23.0   9:00a     N
 8  23.4  29.3   3:25p  17.5   5:40a   0.0   1.6   0.0   0.5  18.1   4:08p     N
 9  23.8  30.6   2:15p  17.0   5:55a   0.0   1.9   0.0   0.8  25.9   1:57p     N
10  24.9  31.5   1:48p  18.2   5:25a   0.0   1.5   0.0   2.3  38.9   4:43p     N
11  24.0  29.2   2:16p  18.8   6:05a   0.0   1.6   0.0   0.7  31.0   8:42a     W
12  22.9  28.4  12:49p  17.3   4:27a   0.0   1.1   0.0   1.1  23.0   9:21a   SSE
13  23.1  28.5   3:01p  17.7   6:25a   0.0   1.0   0.0   3.5  62.2  10:17a   SSE
14  21.4  26.3   1:14p  16.5   6:46a   0.0   0.2   1.0   4.1  51.8   2:12p     S
15  19.3  25.1  11:28a  13.4   6:12a   0.1   0.0   1.0   1.4  25.9   1:38p     S
16  19.7  26.6  11:57a  12.8   6:00a   0.4   0.5   0.0   0.9  22.0  12:04p   SSE
17  21.7  28.7   1:19p  14.6   6:19a   0.0   0.9   0.0   0.9  22.0   9:19a     S
18  22.0  28.6   2:13p  15.3   5:17a   0.0   1.1   0.0   1.5  28.5   9:13a   SSW
19  21.7  28.4   1:58p  15.0   6:12a   0.0   1.0   0.0   0.5  22.0   9:13a   SSE
20  21.9  29.8   1:43p  14.0   6:36a   0.0   1.2   0.0   1.2  38.9   8:31a     S
21  22.2  29.3  12:28p  15.1   6:04a   0.0   1.2   0.0   1.2  29.5  12:58p   SSE
22  23.1  30.1   2:19p  16.0   6:38a   0.0   1.6   0.0   1.0  45.4   9:09a    SW
23  23.2  29.4   1:05p  17.0   6:40a   0.0   1.1   0.0   1.0  29.5  10:10a     S
24  22.2  28.4   1:39p  15.9   6:33a   0.0   0.9   0.0   6.9  49.2  12:34p     S
25  21.5  26.9  12:17p  16.0   5:56a   0.0   0.3   0.0   6.3  51.8   2:07p   SSE
26  21.2  25.8   1:25p  16.6   6:00a   0.0   0.2   0.0   5.5  63.5   9:59a   SSE
27  21.4  26.4  12:18p  16.4   6:00a   0.0   0.3   0.5   2.8  29.5   8:50a   SSE
28  21.9  28.1   1:46p  15.6   4:47a   0.0   0.7   0.5   1.2  51.8   3:44p     E
29  19.9  24.8   2:14p  14.9   4:56a   0.0   0.0   5.7   0.5  22.0   2:39p     S
30  23.8  28.2  12:59p  19.3   6:23a   0.0   0.9   0.5   0.7  22.0   2:59p   NNE
----------------------------------------------------------------------------------
    22.7  31.9     7    12.8    16     0.5  35.5   9.2   2.0  63.5    26     SSE

Max >=  30.0:  9
Max <=  25.0:  1
Min <=  10.0:  0
Min <=   5.0:  0
Max Rain: 5.7 on day 29
Days of Rain: 6 (>= 0.2 mm)  1 (>= 2.0 mm)  0 (>= 20.0 mm)
Heat Base: 18.0  Cool Base: 24.0  Method: Integration