Brisbane, Queensland, Australia, Latitude 27°S 23' 52", Longitude 152° E 55' 35", Elevation 76 m

Mon 29 Nov 2021 7:15:03 pm: Temperature: 23.1 °C, Humidity: 80 %, Wind speed: 5 km/h, Wind Gust: 15 km/h, Rain today: 0.0 mm, MSLP: 1016.6 hPa

Website under continual development from 11 years of weather data. Please contact us if you find issues or like to provide feedback.

NOAA Style Reports

This page shows monthly and annual NOAA style reports since 2009.

Tables are updated at midnight each day.


Report for 2016 Sep
                   Monthly Climatological Summary for Sep 2016

Name: Ferny Grove   City: Brisbane   State: Queensland
Elevation: 76 m  Lat: S 27° 23' 52"   Lon: E 152° 55' 35"

                  Temperature (°C), Rain (mm), Wind Speed (km/h)

                                      Heat  Cool        Avg
    Mean                              Deg   Deg         Wind                 Dom
Day Temp  High   Time   Low    Time   Days  Days  Rain  Speed High   Time    Dir
----------------------------------------------------------------------------------
 1  18.3  25.6  12:40p  11.0   5:50a   1.1   0.2   0.0   2.1  45.4  10:46a     N
 2  21.5  25.3   1:45p  17.7   6:25a   0.0   0.1   0.0   3.8  48.0   9:58p     N
 3  19.3  23.8  12:51p  14.7   6:40a   0.1   0.0   8.8   6.3  48.0   9:26a   WSW
 4  17.3  25.6   2:19p   8.9   6:15a   1.1   0.1   0.0   3.3  40.2   8:53a    SW
 5  16.9  23.9   2:10p   9.8   6:00a   1.2   0.0   0.0   2.4  45.4  12:49p   SSE
 6  17.3  23.3   2:10p  11.2   5:55a   0.9   0.0   0.0   2.3  36.3  10:14a   SSE
 7  19.5  23.9   2:38p  15.0   5:20a   0.2   0.0   0.0   1.4  34.9   1:47p   SSE
 8  18.6  23.9   3:28p  13.2   3:55a   0.4   0.0   0.0   1.2  27.2  11:40a    SE
 9  18.1  22.2  10:00a  13.9   5:55a   0.3   0.0  16.6   1.6  45.4   1:31p     N
10  20.1  23.9   2:02p  16.3   6:10a   0.1   0.0  13.0   1.3  35.0   1:01p     N
11  17.7  24.9   2:14p  10.4   6:25a   0.9   0.1   0.5   0.9  20.7   2:16p   SSW
12  18.9  26.8   2:31p  11.0   6:00a   1.0   0.4   0.0   0.7  31.0   8:00a     N
13  20.8  26.9   2:25p  14.7   4:10a   0.1   0.5   0.0   1.7  43.9  11:30a     N
14  21.1  27.1  12:35p  15.0   6:10a   0.0   0.6   0.0   5.0  55.7   9:18a     N
15  21.6  24.8  11:10a  18.3   6:40a   0.0   0.1   2.6   1.6  34.2  10:05a     N
16  21.0  26.1   1:00p  15.9   7:02a   0.1   0.3   1.0   4.2  52.9  10:35a   WSW
17  17.0  24.1   1:40p   9.9   5:50a   1.1   0.0   0.0   1.1  32.4   3:42p    NW
18  19.9  21.9   1:38p  17.9   6:05a   0.0   0.0   3.1   2.0  25.9  10:04a     N
19  19.5  22.0   1:15p  16.9  10:20p   0.1   0.0   0.0   5.2  70.0   7:43a     W
20  17.7  26.1   1:19p   9.2   6:05a   1.0   0.2   0.0   1.0  69.8   7:47a     N
21  18.7  21.1   2:55p  16.3  10:02p   0.0   0.0   9.3   0.3  19.4   1:23p    NW
22  19.4  24.9   3:00p  13.8   6:40a   0.0   0.1   0.0   7.1  52.9   2:40p   WSW
23  17.9  24.9   2:05p  10.9   5:55a   0.9   0.1   0.0   4.9  37.6   3:09p   WNW
24  18.9  27.9   2:07p   9.9   5:50a   0.9   0.7   0.0   1.1  31.1   3:48p     S
25  19.2  26.9   4:18p  11.4   5:35a   0.8   0.6   0.0   3.2  48.0   4:18p     W
26  19.2  27.6   2:05p  10.7   6:10a   0.3   0.8   0.0   3.5  57.0   7:34a   WSW
27  19.8  26.6   4:14p  13.0   5:55a   0.1   0.4   0.0   4.5  31.1  12:50a   WSW
28  18.8  28.5   1:20p   9.0   5:40a   0.9   0.8   0.0   1.3  22.0  11:50a   SSE
29  18.7  22.4  11:35a  15.0   5:10a   0.0   0.0   0.0   1.5  49.0   8:17p     N
30  20.6  26.3   1:50p  14.9   6:17a   0.1   0.3   0.5   5.5  60.9   2:23p   WNW
----------------------------------------------------------------------------------
    19.1  28.5    28     8.9     4    13.7   6.4  55.4   2.7  70.0    19       W

Max >=  30.0:  0
Max <=  25.0: 16
Min <=  10.0:  6
Min <=   5.0:  0
Max Rain: 16.6 on day 9
Days of Rain: 9 (>= 0.2 mm)  6 (>= 2.0 mm)  0 (>= 20.0 mm)
Heat Base: 18.0  Cool Base: 24.0  Method: Integration