Brisbane, Queensland, Australia, Latitude 27°S 23' 52", Longitude 152° E 55' 35", Elevation 76 m

Tue 4 Oct 2022 2:10:14 pm: Temperature: 21.0 °C, Humidity: 62 %, Wind speed: 6 km/h, Wind Gust: 14 km/h, Rain today: 0.0 mm, MSLP: 1020.0 hPa

Website under continual development from 11 years of weather data. Please contact us if you find issues or like to provide feedback.

NOAA Style Reports

This page shows monthly and annual NOAA style reports since 2009.

Tables are updated at midnight each day.


Report for 2016 Nov
                   Monthly Climatological Summary for Nov 2016

Name: Ferny Grove   City: Brisbane   State: Queensland
Elevation: 76 m  Lat: S 27° 23' 52"   Lon: E 152° 55' 35"

                  Temperature (°C), Rain (mm), Wind Speed (km/h)

                                      Heat  Cool        Avg
    Mean                              Deg   Deg         Wind                 Dom
Day Temp  High   Time   Low    Time   Days  Days  Rain  Speed High   Time    Dir
----------------------------------------------------------------------------------
 1  23.3  26.4  12:50p  20.1   3:58a   0.0   0.5   4.1   0.4  29.5   1:22a   SSW
 2  20.9  29.9  12:50p  11.9   5:35a   0.2   1.7   0.0   1.7  33.7  10:33a   SSE
 3  22.1  28.2   2:00p  15.9   4:23a   0.0   1.1   0.0   1.9  36.3  10:50a   NNE
 4  24.0  31.0   1:10p  16.9   5:28a   0.0   2.1   0.0   2.7  49.2   3:13p     N
 5  25.1  35.9   2:48p  14.2   5:05a   0.0   3.8   0.0   2.7  54.4   1:44p   WNW
 6  25.1  35.9   3:10p  14.3   5:30a   0.0   3.8   0.0   2.3  29.8  11:11a    SW
 7  25.0  30.7  12:53p  19.2   4:35a   0.0   2.4   0.0   1.8  31.1   1:14p   NNE
 8  27.9  34.6   1:20p  21.2  10:42p   0.0   3.0  12.4   2.4  43.9   8:45a   NNW
 9  25.3  31.9   1:10p  18.7   4:45a   0.0   2.6   2.6   2.9  47.9   5:00p     N
10  26.8  33.1   2:01p  20.5   5:52a   0.0   3.7   1.0   1.1  33.5   7:44a    NE
11  26.0  32.9   1:20p  19.0   5:25a   0.0   3.3   0.0   1.3  31.0   3:00p   NNE
12  27.3  33.4   1:02p  21.1   4:11a   0.0   2.3  65.8   1.6  53.1   3:34p    NW
13  28.3  34.9   2:29p  21.7   4:55a   0.0   2.9   6.7   2.0  64.8   3:29p   NNW
14  25.4  30.5   2:45p  20.3   6:25a   0.0   2.1   0.0  10.0  65.9   9:27a   WSW
15  20.4  28.1   2:22p  12.7   5:15a   0.0   0.9   0.0   1.9  42.5  10:50a     S
16  21.4  28.9   3:25p  13.9   5:17a   0.0   1.3   0.0   1.7  54.4  10:40a   NNE
17  21.9  29.1   1:11p  14.7   4:11a   0.0   1.1   0.0   2.4  36.3  10:48a    SE
18  22.8  29.6   2:40p  15.9   5:20a   0.0   1.5   0.0   1.8  29.8   1:48p     E
19  22.0  28.6   2:43p  15.3   5:28a   0.0   1.1   0.0   1.2  20.7   8:04a     S
20  22.8  30.8   2:42p  14.7   5:10a   0.0   2.1   0.0   1.0  25.9   7:20a     E
21  23.6  31.6   2:00p  15.5   3:25a   0.0   2.3   0.0   1.4  33.7   3:08p   ENE
22  22.8  30.9   2:25p  14.7   3:25a   0.0   2.1   0.0   2.7  54.4  12:45p    SE
23  25.8  32.8   3:22p  18.7   3:50a   0.0   3.0   0.0   1.8  29.5   6:22a   SSE
24  26.4  35.1  12:00p  17.6   4:50a   0.0   3.7   0.0   3.2  35.0   9:54a    SE
25  23.9  31.4   1:40p  16.3   5:39a   0.0   2.3   0.0   1.5  33.5   1:30p   ENE
26  24.9  28.9  12:47p  20.9   4:35a   0.0   1.4   0.0   1.5  33.7   6:12p   ENE
27  25.7  31.4   2:13p  19.9   5:09a   0.0   2.2   0.0   1.4  28.5   2:39p     N
28  24.5  31.8   1:50p  17.2   5:15a   0.0   2.3   0.0   2.3  40.0   4:16p     N
29  25.0  33.0   1:58p  17.0   5:25a   3.1   2.8   0.0   2.5  50.5   6:23p     N
30  25.6  33.2   1:05p  17.9   5:35a   0.0   2.4   0.0   1.9  42.5   4:10p   ENE
----------------------------------------------------------------------------------
    24.4  35.9     5    11.9     2     3.3  67.8  92.6   2.2  65.9    14     NNE

Max >=  30.0: 21
Max <=  25.0:  0
Min <=  10.0:  0
Min <=   5.0:  0
Max Rain: 65.8 on day 12
Days of Rain: 6 (>= 0.2 mm)  5 (>= 2.0 mm)  1 (>= 20.0 mm)
Heat Base: 18.0  Cool Base: 24.0  Method: Integration