Brisbane, Queensland, Australia, Latitude 27°S 23' 52", Longitude 152° E 55' 35", Elevation 76 m

Tue 26 Oct 2021 7:10:03 pm: Temperature: 22.3 °C, Humidity: 81 %, Wind speed: 4 km/h, Wind Gust: 12 km/h, Rain today: 0.0 mm, MSLP: 1016.8 hPa

Website under continual development from 11 years of weather data. Please contact us if you find issues or like to provide feedback.

NOAA Style Reports

This page shows monthly and annual NOAA style reports since 2009.

Tables are updated at midnight each day.


Report for 2016 Dec
                   Monthly Climatological Summary for Dec 2016

Name: Ferny Grove   City: Brisbane   State: Queensland
Elevation: 76 m  Lat: S 27° 23' 52"   Lon: E 152° 55' 35"

                  Temperature (°C), Rain (mm), Wind Speed (km/h)

                                      Heat  Cool        Avg
    Mean                              Deg   Deg         Wind                 Dom
Day Temp  High   Time   Low    Time   Days  Days  Rain  Speed High   Time    Dir
----------------------------------------------------------------------------------
 1  25.2  33.3   1:10p  17.0   5:15a   0.0   2.7   1.0   2.9  61.9   9:55a     N
 2  25.7  33.6   2:05p  17.7   5:05a   0.0   3.8   0.0   1.6  31.0  12:57p   NNE
 3  26.8  33.3  12:43p  20.3  10:57p   0.0   3.1  18.6   2.9  53.3   5:19p     N
 4  26.2  32.5   1:40p  19.8   4:55a   0.0   3.4   0.5   2.5  41.5   1:48p     N
 5  27.7  33.8   1:25p  21.5   5:05a   0.0   4.3   0.0   2.2  33.7   1:20p     N
 6  30.2  36.6   4:07p  23.7   6:50a   0.0   5.2   0.0   3.4  40.2  12:48p     N
 7  26.7  31.6   3:17p  21.8   6:50a   0.0   2.8  18.1   0.7  19.4  11:20a   ESE
 8  25.7  28.5   4:20p  22.8   5:05a   0.0   1.6   0.5   0.7  41.4   3:30p     N
 9  25.5  28.4   5:25p  22.6  10:38p   0.0   1.3   0.0   2.7  36.3   8:24a     W
10  23.8  27.9   1:45p  19.7   5:45a   0.0   1.0   0.0   4.0  38.9   7:05a   SSE
11  22.8  29.0   1:25p  16.5   5:10a   0.0   1.2   0.0   1.0  25.9   1:44p    SE
12  23.5  30.9   2:06p  16.0   5:10a   0.0   2.3   0.0   1.5  45.4   9:52a    SE
13  23.4  32.6   5:22p  14.1   5:10a   0.0   2.5   0.0   1.1  36.0   9:45a    NE
14  24.4  32.0   5:21p  16.8   5:05a   0.0   2.7   0.0   2.5  71.3   5:19p     N
15  25.3  33.9   2:10p  16.6   5:26a   0.0   3.6   0.0   3.0  50.4  11:15a   NNE
16  27.4  32.5   1:25p  22.2   5:25a   0.0   3.6   0.0   2.8  38.9   8:17a     N
17  27.0  34.3   2:13p  19.6   5:15a   0.0   4.1   0.0   3.1  48.0   2:13p   NNE
18  27.8  33.6   1:16p  22.0  11:16p   0.0   2.6   9.3   3.5  90.7   3:03p    SE
19  23.8  28.0   1:55p  19.6   5:53a   0.0   1.1   0.0   3.1  42.5   7:50a   SSE
20  25.9  31.2   1:43p  20.6   4:40a   0.0   2.5   0.0   1.8  27.2   2:50p   NNE
21  28.3  35.4   2:50p  21.1   4:51a   0.0   3.7   0.5   2.3  29.5   6:22p   WNW
22  25.3  31.5  12:55p  19.0   5:04a   0.0   2.5   0.0   3.5  51.8   4:30p   SSE
23  24.7  28.1   3:30p  21.3  11:45p   0.0   1.3   0.0   1.5  23.3   3:18p   SSE
24  25.1  32.3   5:19p  17.8   4:41a   0.0   2.6   0.0   1.3  25.9  11:19a    SE
25  21.1  25.1   8:39a  17.1   4:20a   0.0   0.2   5.7   0.6  29.8   7:39a     S
26  24.2  31.5   1:49p  16.9   3:55a   0.0   2.2   0.5   1.6  42.5  12:06p   SSE
27  24.4  31.9   5:24p  16.8   5:00a   0.0   3.0   0.0   1.8  31.1   1:59p   ESE
28  26.4  34.9   5:27p  17.8   5:20a   0.0   3.5   0.0   1.4  29.5   5:35p    NE
29  26.8  34.6   5:30p  18.9   5:10a   0.0   3.9   0.0   1.7  36.3  12:13p     N
30  26.5  34.9   1:40p  18.1   5:30a   0.0   4.6   0.0   2.0  37.4   1:20p   NNE
31  29.2  37.1   1:51p  21.3   5:20a   0.0   6.3   0.0   2.1  36.0   5:50p     N
----------------------------------------------------------------------------------
    25.7  37.1    31    14.1    13     0.0  89.2  54.7   2.2  90.7    18      NE

Max >=  30.0: 24
Max <=  25.0:  0
Min <=  10.0:  0
Min <=   5.0:  0
Max Rain: 18.6 on day 3
Days of Rain: 9 (>= 0.2 mm)  4 (>= 2.0 mm)  0 (>= 20.0 mm)
Heat Base: 18.0  Cool Base: 24.0  Method: Integration