Brisbane, Queensland, Australia, Latitude 27°S 23' 52", Longitude 152° E 55' 35", Elevation 76 m

Sun 9 Aug 2020 1:05:02 am: Temperature: 13.4 °C, Humidity: 72 %, Wind speed: 0 km/h, Wind Gust: 0 km/h, Rain today: 0.0 mm, MSLP: 1013.55 hPa

Website under continual development from 10 years of weather data. Please contact us if you find issues or like to provide feedback.

NOAA Style Reports

This page shows monthly and annual NOAA style reports since 2009.

Tables are updated at midnight each day.


Report for 2017 Jan
                   Monthly Climatological Summary for Jan 2017

Name: Ferny Grove   City: Brisbane   State: Queensland
Elevation: 76 m  Lat: S 27° 23' 52"   Lon: E 152° 55' 35"

                  Temperature (°C), Rain (mm), Wind Speed (km/h)

                                      Heat  Cool        Avg
    Mean                              Deg   Deg         Wind                 Dom
Day Temp  High   Time   Low    Time   Days  Days  Rain  Speed High   Time    Dir
----------------------------------------------------------------------------------
 1  29.5  36.9   1:15p  22.0   5:20a   0.0   7.4   0.0   3.8  64.8   3:03p     N
 2  29.7  34.6   2:31p  24.7  11:30p   0.0   5.0  75.1   3.3  29.8   6:35a     N
 3  23.6  25.2   8:06a  22.0  11:18p   0.0   0.1   4.7   6.9  53.1  12:34p   SSE
 4  25.7  30.1   1:05p  21.3   5:10a   0.0   2.1   0.0   8.6  53.1   9:54a   SSE
 5  25.0  29.3   1:08p  20.6   5:23a   0.0   1.7   1.0   1.9  25.9  12:30p   SSE
 6  24.4  28.1   4:35p  20.7   5:35a   0.0   1.5  10.4   2.0  35.0   4:08p   SSE
 7  27.0  32.6   5:27p  21.4   5:10a   0.0   1.8   7.3   4.0  41.5   9:25a    SE
 8  24.3  30.7   3:02p  17.8   4:05a   0.0   2.3   0.5   1.8  38.9   1:56p   SSE
 9  24.6  32.4   2:00p  16.7   5:05a   0.0   3.2   0.0   1.5  31.1   5:18p     E
10  26.7  33.2   5:34p  20.1   5:15a   0.0   3.9   0.0   1.5  40.0  12:55p     N
11  28.0  35.1   5:35p  20.9   5:30a   0.0   4.7   0.0   1.4  36.0   2:50p     N
12  29.4  37.0   3:53p  21.8   5:25a   0.0   6.2   0.0   1.4  33.7   2:13p    NE
13  29.6  35.2   2:45p  23.9   5:15a   0.0   6.1   0.0   1.7  24.5   3:01p     N
14  30.7  37.4   1:25p  23.9   6:00a   0.0   7.2   0.0   2.6  42.8  12:00p     N
15  28.5  32.1  11:55a  24.9  11:27p   0.0   4.6  10.9   1.1  23.3   7:12p    SE
16  28.3  33.9   3:09p  22.7   5:45a   0.0   4.3   0.0   1.4  23.0   1:01p     S
17  28.1  34.1   3:02p  22.0   5:30a   0.0   4.4   0.0   1.2  20.7   1:27p     N
18  28.9  38.0   2:54p  19.8   5:45a   0.0   6.2   0.5   1.5  29.5   9:46a    NW
19  27.5  31.7   3:17p  23.3   3:15a   0.0   4.7   0.0   1.5  50.5   4:23p   SSE
20  29.7  35.1   2:55p  24.2   7:05a   0.0   5.7   0.0   1.6  27.2   4:48p   NNW
21  31.0  35.1  12:11p  26.8  11:10p   0.0   4.6   4.1   2.4  35.0   5:02p   SSE
22  26.0  30.1  11:27a  21.9  11:55p   0.0   2.1   0.0   3.3  38.9  10:08a    SE
23  24.7  32.1   3:10p  17.2   3:15a   0.0   2.7   0.0   1.1  19.4   1:25p    SE
24  25.3  34.3   2:20p  16.2   5:46a   0.0   4.0   0.0   1.7  45.4   2:05p     N
25  27.1  35.1   1:30p  19.0   5:25a   0.0   4.9   0.0   1.6  28.5   4:25p     N
26  28.1  34.9   1:15p  21.2   5:35a   0.0   5.3   4.7   1.6  27.0  12:55p     N
27  25.4  27.8  11:33a  22.9  11:35p   0.0   2.3   3.6   0.1  10.4   5:29p     S
28  27.5  33.1   2:09p  21.8   5:15a   0.0   3.6   1.6   0.9  29.8   3:17p   ESE
29  27.4  34.6   2:11p  20.1   5:50a   0.0   4.4   0.0   1.0  22.0  11:39a   NNE
30  27.8  34.4   2:40p  21.2   5:10a   0.0   4.7   0.0   1.3  53.1   6:14p     N
31  27.3  35.1   2:58p  19.4   5:52a   0.0   4.8   0.0   2.0  38.9   6:06p     N
----------------------------------------------------------------------------------
    27.3  38.0    18    16.2    24     0.0 126.5 124.4   2.2  64.8     1     ESE

Max >=  30.0: 27
Max <=  25.0:  0
Min <=  10.0:  0
Min <=   5.0:  0
Max Rain: 75.1 on day 2
Days of Rain: 12 (>= 0.2 mm)  8 (>= 2.0 mm)  1 (>= 20.0 mm)
Heat Base: 18.0  Cool Base: 24.0  Method: Integration