Brisbane, Queensland, Australia, Latitude 27°S 23' 52", Longitude 152° E 55' 35", Elevation 76 m

Wed 22 Sep 2021 12:45:03 am: Temperature: 11.7 °C, Humidity: 42 %, Wind speed: 4 km/h, Wind Gust: 10 km/h, Rain today: 0.0 mm, MSLP: 1018.2 hPa

Website under continual development from 11 years of weather data. Please contact us if you find issues or like to provide feedback.

NOAA Style Reports

This page shows monthly and annual NOAA style reports since 2009.

Tables are updated at midnight each day.


Report for 2017 Feb
                   Monthly Climatological Summary for Feb 2017

Name: Ferny Grove   City: Brisbane   State: Queensland
Elevation: 76 m  Lat: S 27° 23' 52"   Lon: E 152° 55' 35"

                  Temperature (°C), Rain (mm), Wind Speed (km/h)

                                      Heat  Cool        Avg
    Mean                              Deg   Deg         Wind                 Dom
Day Temp  High   Time   Low    Time   Days  Days  Rain  Speed High   Time    Dir
----------------------------------------------------------------------------------
 1  27.5  35.5   2:00p  19.4   6:08a   0.0   5.2   0.0   2.1  29.5   6:18p     N
 2  29.0  36.3   1:20p  21.7   5:45a   0.0   6.0   0.0   2.2  25.9   4:53p     N
 3  29.0  35.1   2:55p  22.9   5:45a   0.0   5.6   0.0   1.9  43.9   8:29a     N
 4  28.0  35.3   2:49p  20.6   5:40a   0.0   5.2   0.0   2.2  50.5   3:38p     N
 5  28.3  35.3  12:55p  21.2   5:44a   0.0   5.5   0.0   1.0  22.0  10:05a   NNE
 6  28.3  35.6   2:15p  21.0   4:50a   0.0   5.4   0.0   1.4  31.0   4:15p     N
 7  28.0  34.7   2:55p  21.3   5:35a   0.0   5.1   0.0   2.2  35.0   2:33p    SE
 8  28.6  33.9   3:08p  23.2   6:13a   0.0   4.9   0.0   7.0  87.8  11:57a   SSE
 9  27.8  33.6   2:32p  21.9   5:10a   0.0   3.9   4.1   4.9  60.9   2:43p   SSE
10  28.7  35.7   1:34p  21.7   6:20a   0.0   4.8   1.0   2.1  42.5   1:01p   SSE
11  29.7  38.5  12:55p  20.8   5:55a   0.0   6.2   0.0   1.3  37.4   2:25p     N
12  30.7  40.5   1:06p  20.9   5:45a   0.0   8.0   0.0   1.4  28.5   5:59p    NE
13  30.4  34.9  11:47a  25.9   6:49p   0.0   6.1   8.8   1.8  38.9   3:35a   SSE
14  26.1  29.4   1:05p  22.8   6:06a   0.0   2.7   0.0   3.2  36.0   2:27p   SSE
15  24.9  30.8   3:00p  18.9   5:45a   0.0   2.8   0.0   1.0  29.8   4:53p    SE
16  26.0  31.7   3:30p  20.3   5:30a   0.0   2.9   0.0   1.0  22.0   3:47p   NNE
17  27.3  33.4  12:21p  21.1   5:45a   0.0   3.6   0.0   1.6  25.9   1:55p     N
18  27.6  34.5   1:09p  20.7   4:45a   0.0   4.2   0.0   2.8  38.9   7:02p     N
19  28.5  35.0  12:35p  21.9   8:32a   0.0   3.5  14.5   0.9  19.4  10:09a     W
20  26.9  33.3   1:38p  20.4   5:50a   0.0   3.5   0.0   1.3  46.7  10:43a   SSW
21  26.6  33.2  12:43p  19.9   5:35a   0.0   3.5   0.0   2.8  33.7   2:32p    SE
22  25.5  30.6   1:00p  20.3   5:51a   0.0   2.4   0.0   2.9  58.3   3:31p   SSE
23  25.2  32.3  12:02p  18.0   6:15a   0.0   3.1   0.0   2.3  31.1   8:04a   SSE
24  25.5  33.1   2:00p  17.8   5:25a   0.0   3.3   0.0   1.9  36.0   7:13a   SSE
25  25.5  32.9  12:11p  18.0   6:20a   0.0   3.2   0.0   2.7  35.0   7:00p   SSE
26  24.9  31.9   1:31p  17.9   6:16a   0.0   2.3   0.0   3.9  35.0   5:42p   SSE
27  24.9  31.0   1:25p  18.8   5:50a   0.0   2.0   0.0   2.8  36.3   4:36p   SSE
28  25.1  32.6  12:45p  17.6   5:50a   0.0   2.7   0.0   2.5  33.7   2:30p   SSE
----------------------------------------------------------------------------------
    27.3  40.5    12    17.6    28     0.0 117.6  28.4   2.3  87.8     8      SE

Max >=  30.0: 27
Max <=  25.0:  0
Min <=  10.0:  0
Min <=   5.0:  0
Max Rain: 14.5 on day 19
Days of Rain: 4 (>= 0.2 mm)  3 (>= 2.0 mm)  0 (>= 20.0 mm)
Heat Base: 18.0  Cool Base: 24.0  Method: Integration