Brisbane, Queensland, Australia, Latitude 27°S 23' 52", Longitude 152° E 55' 35", Elevation 76 m

Tue 7 Jul 2020 1:30:04 pm: Temperature: 22.8 °C, Humidity: 37 %, Wind speed: 4 km/h, Wind Gust: 12 km/h, Rain today: 0.0 mm, MSLP: 1024.69 hPa

Website under continual development from 10 years of weather data. Please contact us if you find issues or like to provide feedback.

NOAA Style Reports

This page shows monthly and annual NOAA style reports since 2009.

Tables are updated at midnight each day.


Report for 2017 May
                   Monthly Climatological Summary for May 2017

Name: Ferny Grove   City: Brisbane   State: Queensland
Elevation: 76 m  Lat: S 27° 23' 52"   Lon: E 152° 55' 35"

                  Temperature (°C), Rain (mm), Wind Speed (km/h)

                                      Heat  Cool        Avg
    Mean                              Deg   Deg         Wind                 Dom
Day Temp  High   Time   Low    Time   Days  Days  Rain  Speed High   Time    Dir
----------------------------------------------------------------------------------
 1  19.9  27.3   1:14p  12.4   3:50a   0.6   0.6   0.0   0.7  22.0  10:27a   SSW
 2  20.6  27.4   1:36p  13.7   6:20a   0.3   0.6   0.0   0.6  18.1  12:45p     W
 3  22.1  28.5   1:13p  15.7   7:09a   0.0   0.9   0.0   2.6  31.0   1:45p   SSE
 4  20.0  24.3  10:26a  15.7   6:15a   0.0   0.0   0.0   3.6  40.0   7:51a     S
 5  19.5  24.9   1:40p  14.0   6:45a   0.4   0.1   0.0   3.2  33.5  10:25a     S
 6  19.3  25.7   1:35p  12.9   6:25a   0.5   0.2   0.0   1.8  31.1  11:08a    SE
 7  20.9  26.7  12:36p  15.0   6:45a   0.0   0.6   0.0   1.3  27.2  10:09a   SSE
 8  16.8  20.6   1:15p  12.9   4:55a   0.4   0.0   8.3   1.9  27.2   5:48a     S
 9  19.5  23.2   1:00p  15.7   6:10a   0.4   0.0   1.0   4.0  47.9  11:52a   SSE
10  17.0  18.8  12:00a  15.2   5:21a   1.0   0.0   3.1   1.4  22.0   9:44p     S
11  18.6  24.4   1:15p  12.8   5:40a   1.1   0.0   0.0   2.3  40.2   8:38a   SSW
12  17.4  23.7  12:17p  11.1   1:26a   0.9   0.0   0.0   1.9  35.0   9:58a     S
13  18.9  22.4  11:19a  15.3   5:25a   0.1   0.0   1.0   1.2  41.5  10:12a   SSW
14  19.4  22.1  12:38p  16.7   7:25a   0.1   0.0   0.5   0.7  29.5   9:01a   SSW
15  19.6  26.4   1:35p  12.8   7:00a   0.8   0.4   0.5   1.4  36.3  11:43a     W
16  17.8  26.2  12:48p   9.3   6:25a   1.5   0.4   0.0   1.0  18.1  11:59a   WSW
17  17.9  24.9   1:36p  10.9   6:25a   1.2   0.1   0.0   1.0  18.1   3:34p   SSE
18  19.8  23.3   1:30p  16.2   5:10a   0.0   0.0   4.1   1.3  50.4  10:20a    SE
19  18.7  19.8   1:52p  17.6   6:00a   0.0   0.0  18.1   0.2  14.0  10:37a   SSW
20  19.9  24.7   3:01p  15.0   7:00a   0.3   0.0   0.5   0.2  15.5   8:17a   SSW
21  20.0  25.9  12:58p  14.0   2:50a   0.4   0.3   0.0   0.8  25.9  11:24a     S
22  20.3  26.6   2:05p  14.0   6:35a   0.3   0.3   0.0   0.5  25.9  10:35a     S
23  20.0  26.4   2:15p  13.6   7:00a   0.5   0.4   0.0   0.5  28.5   9:27a   SSW
24  20.7  27.6   2:40p  13.8   6:32a   0.4   0.6   0.0   0.4  15.6   9:58a   SSW
25  18.5  25.9   1:01p  11.0   6:40a   0.7   0.2   0.0   1.0  22.0  10:14a     S
26  18.2  24.1  12:02p  12.3   4:25a   1.0   0.0   0.0   0.2  16.6  11:05a     W
27  17.6  24.3   2:03p  10.8   6:35a   1.4   0.0   0.0   0.4  16.6   1:42p   SSE
28  18.4  25.8   2:02p  11.0   6:58a   1.1   0.2   0.0   0.5  14.3  11:56a     N
29  19.8  26.8   2:05p  12.7   6:30a   0.6   0.4   0.0   0.6  19.4  12:42p   WSW
30  17.3  24.4   2:15p  10.2   6:45a   1.6   0.0   0.0   0.4  20.7  10:00a     S
31  16.2  23.4   2:09p   9.0   7:09a   1.6   0.0   0.0   2.4  29.8  10:40a    SW
----------------------------------------------------------------------------------
    19.1  28.5     3     9.0    31    19.2   6.3  37.1   1.3  50.4    18       S

Max >=  30.0:  0
Max <=  25.0: 17
Min <=  10.0:  2
Min <=   5.0:  0
Max Rain: 18.1 on day 19
Days of Rain: 9 (>= 0.2 mm)  4 (>= 2.0 mm)  0 (>= 20.0 mm)
Heat Base: 18.0  Cool Base: 24.0  Method: Integration