Brisbane, Queensland, Australia, Latitude 27°S 23' 52", Longitude 152° E 55' 35", Elevation 76 m

Tue 26 Oct 2021 7:25:04 pm: Temperature: 22.4 °C, Humidity: 81 %, Wind speed: 4 km/h, Wind Gust: 12 km/h, Rain today: 0.0 mm, MSLP: 1016.9 hPa

Website under continual development from 11 years of weather data. Please contact us if you find issues or like to provide feedback.

NOAA Style Reports

This page shows monthly and annual NOAA style reports since 2009.

Tables are updated at midnight each day.


Report for 2017 Jun
                   Monthly Climatological Summary for Jun 2017

Name: Ferny Grove   City: Brisbane   State: Queensland
Elevation: 76 m  Lat: S 27° 23' 52"   Lon: E 152° 55' 35"

                  Temperature (°C), Rain (mm), Wind Speed (km/h)

                                      Heat  Cool        Avg
    Mean                              Deg   Deg         Wind                 Dom
Day Temp  High   Time   Low    Time   Days  Days  Rain  Speed High   Time    Dir
----------------------------------------------------------------------------------
 1  14.6  22.4   1:59p   6.8   6:55a   2.7   0.0   0.0   3.0  54.4  11:25a     S
 2  15.8  23.5   2:19p   8.0   6:25a   2.4   0.0   0.0   2.1  47.9   2:05p   SSW
 3  15.8  24.1   2:24p   7.5   5:20a   2.6   0.0   0.0   2.4  31.1   9:49a   SSW
 4  16.6  23.9   2:36p   9.2   6:40a   2.0   0.0   0.0   1.4  33.7  10:56a     S
 5  16.1  24.3   2:11p   7.9   6:53a   2.3   0.0   0.0   1.1  28.5   9:08a   SSW
 6  15.7  22.4  12:11p   8.9   5:55a   2.1   0.0   0.0   3.2  28.5  10:16p   WSW
 7  14.1  21.6  12:50p   6.6   5:45a   2.5   0.0   0.0   2.6  37.6   9:59a    SW
 8  14.0  21.9   2:14p   6.0   5:10a   3.4   0.0   0.0   1.6  49.0   8:43a   SSW
 9  15.8  23.9   1:03p   7.7   2:40a   2.3   0.0   0.0   2.2  31.1  12:03p   SSW
10  18.1  23.2  11:55a  13.0   3:09a   0.9   0.0   4.7   3.4  28.5   9:43a     S
11  17.4  19.8   2:48p  15.0   6:20a   1.2   0.0  32.1   1.3  40.0   2:15a   SSW
12  18.0  22.9  12:28p  13.0   6:45a   1.0   0.0   7.8   2.0  35.0   2:58p   SSW
13  15.5  16.9  11:57a  14.0   6:10a   2.1   0.0  10.4   2.3  55.7   8:45a   SSW
14  16.9  18.3   9:00a  15.5   1:49a   1.1   0.0  25.9   4.4  31.0   9:27a     S
15  17.6  21.3  11:00a  13.9   6:50a   0.9   0.0   0.0   2.9  33.5   9:50a     S
16  18.2  22.4   2:35p  14.0   6:25a   0.5   0.0   0.0   1.5  22.0  10:25a   SSW
17  20.0  23.9  12:31p  16.0   6:55a   0.1   0.0   1.0   0.9  25.9  11:36a   SSW
18  18.5  24.1  12:54p  12.9   6:30a   0.8   0.0   0.5   2.2  35.0  12:33p   SSW
19  18.5  23.3  12:12p  13.7   6:40a   0.7   0.0   0.0   5.7  42.8   2:14p     S
20  17.8  21.2   1:52p  14.4   4:00a   0.6   0.0   0.0   4.2  43.9   8:46a     S
21  16.7  23.5   1:05p   9.9   6:50a   1.6   0.0   0.0   1.8  42.8  10:19a   SSW
22  16.9  23.6  12:50p  10.1   6:45a   1.3   0.0   0.0   1.5  41.4   9:12a     S
23  16.2  24.4   1:55p   7.9   6:30a   2.6   0.0   0.0   0.6  27.2   2:13p   WSW
24  16.3  24.3   2:00p   8.2   6:10a   2.8   0.0   0.0   0.8  23.3  10:14a   WSW
25  16.3  23.9   1:45p   8.7   6:15a   2.3   0.0   0.0   0.7  28.4   3:25p     N
26  17.5  25.1   2:18p   9.9   7:05a   1.7   0.1   0.0   0.8  34.9  12:25p     S
27  16.3  21.9   2:18p  10.6   6:00a   1.7   0.0   0.0   0.6  20.5   9:52a     S
28  16.8  23.2   1:35p  10.4   6:40a   1.4   0.0   0.0   0.5  23.0  12:45p     N
29  18.3  24.6   1:43p  11.9   7:05a   1.0   0.1   0.5   0.9  23.3   3:58p     N
30  18.8  23.2   1:00p  14.3  10:47p   0.6   0.0   3.1   0.7  22.0  12:30p    SW
----------------------------------------------------------------------------------
    16.8  25.1    26     6.0     8    49.2   0.2  86.0   2.0  55.7    13     SSW

Max >=  30.0:  0
Max <=  25.0: 29
Min <=  10.0: 14
Min <=   5.0:  0
Max Rain: 32.1 on day 11
Days of Rain: 9 (>= 0.2 mm)  6 (>= 2.0 mm)  2 (>= 20.0 mm)
Heat Base: 18.0  Cool Base: 24.0  Method: Integration