Brisbane, Queensland, Australia, Latitude 27°S 23' 52", Longitude 152° E 55' 35", Elevation 76 m

Thu 9 Feb 2023 3:45:17 am: Temperature: 21.2 °C, Humidity: 88 %, Wind speed: 0 km/h, Wind Gust: 2 km/h, Rain today: 0.0 mm, MSLP: 1009.9 hPa

Website under continual development from 11 years of weather data. Please contact us if you find issues or like to provide feedback.

NOAA Style Reports

This page shows monthly and annual NOAA style reports since 2009.

Tables are updated at midnight each day.


Report for 2017 Oct
                   Monthly Climatological Summary for Oct 2017

Name: Ferny Grove   City: Brisbane   State: Queensland
Elevation: 76 m  Lat: S 27° 23' 52"   Lon: E 152° 55' 35"

                  Temperature (°C), Rain (mm), Wind Speed (km/h)

                                      Heat  Cool        Avg
    Mean                              Deg   Deg         Wind                 Dom
Day Temp  High   Time   Low    Time   Days  Days  Rain  Speed High   Time    Dir
----------------------------------------------------------------------------------
 1  20.7  26.1  12:02p  15.3  11:01p   0.0   0.2   3.6   1.6  36.0   1:06p    SE
 2  18.9  20.8  11:00a  16.9  12:15a   0.0   0.0  21.3   0.5  35.0  12:24p   NNE
 3  20.6  25.1   1:53p  16.0   3:15a   0.3   0.1  24.9   1.3  34.9  11:10a    SW
 4  22.4  27.3   2:43p  17.4   4:45a   0.0   0.6   0.0   0.7  24.5   3:40p     S
 5  23.9  30.4  12:50p  17.3   6:00a   0.0   1.6   0.0   1.3  18.1   7:34a   NNE
 6  24.9  32.3  12:14p  17.4   5:25a   0.0   2.2   5.7   1.9  51.8  11:25a     N
 7  22.9  24.9   1:22p  20.8  11:34p   0.0   0.0   0.0   1.7  23.3   8:30a   SSE
 8  22.2  26.5  12:23p  17.9   5:33a   0.0   0.5   0.0   1.0  28.5   4:29p   NNE
 9  24.2  30.0  12:40p  18.4   5:30a   0.0   1.7   0.0   1.4  36.3  11:29a     N
10  26.3  33.3  12:00p  19.3   5:40a   0.0   3.2   0.0   1.5  35.0   6:39p    SE
11  25.4  28.9   2:30p  21.9  12:20a   0.0   1.3   0.0   1.6  36.3   3:36p     N
12  22.8  24.6   1:05p  20.9  11:35p   0.0   0.1   1.0   0.5  22.0  11:43a     N
13  25.0  30.7   1:00p  19.3   4:25a   0.0   1.8   0.5   1.6  38.9   2:23p   NNE
14  23.7  26.5  10:53a  20.8  11:35p   0.0   0.2  16.1   1.5  38.9  11:27a    SE
15  19.2  21.0   1:01p  17.4   8:05p   0.0   0.0  37.3   3.2  29.8   2:03p   SSE
16  18.9  20.6  11:30a  17.1  12:58a   0.0   0.0  10.9   3.1  32.4   8:44p   SSE
17  19.3  20.6  10:29a  17.9   5:35a   0.0   0.0   9.8   4.5  45.4   9:10a    SE
18  20.4  22.8  12:54p  17.9   3:30a   0.0   0.0  16.6   3.0  27.2   2:55a    SE
19  20.1  24.2   1:13p  15.9   5:05a   0.0   0.0   0.0   0.5  27.2   8:47a    SE
20  21.2  25.3   3:45p  17.1   2:45a   0.0   0.2   1.0   1.0  20.7  11:55a     N
21  17.4  18.9  12:00a  15.8  11:40p   0.6   0.0  20.7   0.4  22.0   2:56p   SSW
22  18.4  25.9   2:59p  10.9   5:25a   1.2   0.2   0.0   1.8  29.8   1:26p   SSW
23  19.4  25.2   1:02p  13.5   5:45a   0.3   0.0  13.5   1.1  45.6   9:35a   SSW
24  19.4  26.5  12:11p  12.2   5:20a   0.6   0.5   0.0   1.1  29.8  12:46p     N
25  21.0  29.3   2:05p  12.6   4:50a   0.4   1.3   0.0   2.3  49.0   1:50p     N
26  24.3  32.8   2:43p  15.8   4:30a   0.0   2.9   0.5   2.3  38.9   4:37p     N
27  25.4  31.1   2:56p  19.7  11:52p   0.0   2.9   0.0   6.6  59.6   9:30a     W
28  22.9  29.8  11:31a  16.0   5:15a   0.0   1.7   0.0   1.4  32.4   4:54p     N
29  26.5  32.6   1:57p  20.3   4:35a   0.0   2.8   7.8   1.8  40.2   2:14p   NNW
30  26.1  32.5   2:48p  19.7   1:55a   0.0   2.5   3.1   1.5  31.0   1:52p     N
31  25.7  32.5   1:36p  18.9   6:00a   0.0   2.1   0.0   3.7  40.2  12:46p    SW
----------------------------------------------------------------------------------
    22.2  33.3    10    10.9    22     3.4  30.6 194.3   1.8  59.6    27     SSE

Max >=  30.0: 10
Max <=  25.0:  9
Min <=  10.0:  0
Min <=   5.0:  0
Max Rain: 37.3 on day 15
Days of Rain: 17 (>= 0.2 mm)  13 (>= 2.0 mm)  4 (>= 20.0 mm)
Heat Base: 18.0  Cool Base: 24.0  Method: Integration