Brisbane, Queensland, Australia, Latitude 27°S 23' 52", Longitude 152° E 55' 35", Elevation 76 m

Mon 5 Dec 2022 12:05:14 pm: Temperature: 29.5 °C, Humidity: 50 %, Wind speed: 6 km/h, Wind Gust: 17 km/h, Rain today: 0.0 mm, MSLP: 1008.8 hPa

Website under continual development from 11 years of weather data. Please contact us if you find issues or like to provide feedback.

NOAA Style Reports

This page shows monthly and annual NOAA style reports since 2009.

Tables are updated at midnight each day.


Report for 2017 Nov
                   Monthly Climatological Summary for Nov 2017

Name: Ferny Grove   City: Brisbane   State: Queensland
Elevation: 76 m  Lat: S 27° 23' 52"   Lon: E 152° 55' 35"

                  Temperature (°C), Rain (mm), Wind Speed (km/h)

                                      Heat  Cool        Avg
    Mean                              Deg   Deg         Wind                 Dom
Day Temp  High   Time   Low    Time   Days  Days  Rain  Speed High   Time    Dir
----------------------------------------------------------------------------------
 1  22.2  28.6   1:11p  15.8   5:25a   0.0   1.0   0.0   1.7  45.4   5:32p   NNW
 2  20.6  29.5  12:19p  11.7   5:05a   0.2   1.4   0.0   1.3  35.0   1:19p   NNW
 3  22.8  29.5  12:09p  16.1   5:00a   0.0   1.7   0.0   1.6  32.4   5:02p     N
 4  23.2  31.2  12:05p  15.2   5:05a   0.0   2.4   0.0   1.1  29.8  12:01p     N
 5  24.1  30.1  12:40p  18.1   5:25a   0.1   2.7   0.0   1.7  38.9   2:14p     N
 6  23.1  28.4   2:45p  17.7   5:05a   0.0   1.2   0.5   3.1  38.9   4:36p     N
 7  23.9  29.6  10:51a  18.2   5:20a   0.0   1.0   0.0   2.4  37.6   2:03p   SSE
 8  21.9  25.8   1:35p  18.0  12:11a   0.1   0.1   3.1   4.2  40.0  10:45a   SSE
 9  18.7  25.3  11:58a  12.1   4:30a   0.6   0.1   0.0   5.5  68.7   3:53p     S
10  19.8  23.8   3:46p  15.7   5:10a   0.1   0.0   1.6   3.2  35.0  10:58a   SSE
11  18.9  23.0  10:34a  14.7   4:30a   0.3   0.0   4.7   2.0  33.7   3:07p     S
12  19.3  25.9   2:49p  12.7   5:25a   0.5   0.2   0.0   2.1  33.7   8:14a   SSE
13  19.4  26.0  12:05p  12.8   5:00a   0.4   0.4   0.0   1.7  42.5   9:40a   SSE
14  19.6  27.4   2:19p  11.8   4:55a   0.5   0.8   0.0   1.5  40.2   2:13p   SSE
15  21.1  27.8   1:20p  14.3   5:15a   0.0   0.7   0.0   1.4  33.5   1:25p   NNE
16  21.2  27.9   1:05p  14.4   4:45a   0.0   0.7   0.0   1.1  28.4   9:00a     N
17  21.0  27.9  12:05p  14.1   5:16a   0.0   0.6   0.0   0.9  61.9   1:25p   NNE
18  18.3  20.9   9:55a  15.7  11:28p   0.1   0.0  20.7   0.2  23.0  10:51a   NNW
19  18.4  22.7   8:55a  14.1   2:20a   0.4   0.0   9.3   0.8  31.1   7:29a   SSW
20  21.1  26.9  12:40p  15.2   4:10a   0.2   0.5   1.0   3.5  37.4  10:40a   SSE
21  20.9  25.4  12:38p  16.3   4:40a   0.0   0.1   5.2   3.1  31.1  12:51p   SSE
22  20.7  26.1  12:53p  15.2   4:55a   0.1   0.2   0.0   1.9  50.5  12:58p   SSE
23  21.1  28.1  12:47p  14.1   5:20a   0.1   0.8   3.1   0.8  18.1   2:19p   SSE
24  22.4  29.4   2:09p  15.4   5:15a   0.0   1.5   0.0   1.0  24.5   4:52p   SSE
25  22.4  27.6  11:35a  17.2   5:05a   0.0   0.9   0.0   1.6  29.8   3:34p   SSE
26  24.1  30.9   2:07p  17.3   5:10a   0.0   2.0   0.0   2.2  29.5   7:41a   SSE
27  24.8  30.2  12:45p  19.3   5:05a   0.0   2.0   0.0   1.0  33.7   1:28p   SSE
28  24.6  30.2   1:10p  18.9   4:50a   0.0   2.1   0.0   0.8  20.7   9:53a   ESE
29  23.1  24.3  12:01a  21.8  10:55p   0.0   0.0  46.6   0.5  28.5   4:40p   SSE
30  23.3  26.5   1:39p  20.0   4:25a   0.0   0.4  10.9   0.9  32.4   2:05p   NNE
----------------------------------------------------------------------------------
    21.5  31.2     4    11.7     2     3.7  25.5 106.7   1.8  68.7     9     SSE

Max >=  30.0:  5
Max <=  25.0:  5
Min <=  10.0:  0
Min <=   5.0:  0
Max Rain: 46.6 on day 29
Days of Rain: 11 (>= 0.2 mm)  8 (>= 2.0 mm)  2 (>= 20.0 mm)
Heat Base: 18.0  Cool Base: 24.0  Method: Integration