Brisbane, Queensland, Australia, Latitude 27°S 23' 52", Longitude 152° E 55' 35", Elevation 76 m

Wed 22 Sep 2021 12:55:03 am: Temperature: 11.6 °C, Humidity: 42 %, Wind speed: 7 km/h, Wind Gust: 15 km/h, Rain today: 0.0 mm, MSLP: 1018.2 hPa

Website under continual development from 11 years of weather data. Please contact us if you find issues or like to provide feedback.

NOAA Style Reports

This page shows monthly and annual NOAA style reports since 2009.

Tables are updated at midnight each day.


Report for 2018 Jan
                   Monthly Climatological Summary for Jan 2018

Name: Ferny Grove   City: Brisbane   State: Queensland
Elevation: 76 m  Lat: S 27° 23' 52"   Lon: E 152° 55' 35"

                  Temperature (°C), Rain (mm), Wind Speed (km/h)

                                      Heat  Cool        Avg
    Mean                              Deg   Deg         Wind                 Dom
Day Temp  High   Time   Low    Time   Days  Days  Rain  Speed High   Time    Dir
----------------------------------------------------------------------------------
 1  28.2  32.8   3:13p  23.5   4:46a   0.0   3.4  15.5   0.7  18.1   4:36p   SSE
 2  26.1  30.2   2:06p  21.9   4:39a   0.0   2.0   8.8   0.8  28.5   7:06p   SSW
 3  26.2  32.5  12:15p  19.8   5:12a   0.0   2.9   0.0   1.5  24.6  10:17a     S
 4  26.7  30.1  11:58a  23.3   5:30a   0.0   2.5   0.0   1.2  20.7  10:21a   SSE
 5  25.9  30.1  12:52p  21.7   5:03a   0.0   2.8   0.0   0.7  23.3  10:54a    SE
 6  26.0  32.0  12:55p  19.9   5:13a   0.0   3.9   0.0   1.1  44.1  12:59p     S
 7  25.1  32.8   1:07p  17.4   4:50a   0.0   3.4   0.0   1.4  24.6   1:17p     N
 8  26.0  33.6   1:33p  18.3   5:08a   0.0   3.7   0.0   2.2  48.0   4:28p     W
 9  25.9  33.7   1:30p  18.0   5:36a   0.0   3.8   0.0   2.2  36.3   5:55p   NNE
10  26.6  33.9   2:40p  19.2   5:16a   0.0   4.2   0.0   1.8  44.1   3:19p     N
11  27.0  33.5   1:15p  20.5   5:19a   0.0   4.2   0.0   1.0  32.4  10:33a     N
12  26.9  33.3   2:56p  ----   -----   0.0   4.2   0.0   1.6  41.5   4:42p   SSW
13  29.6  38.0   1:43p  21.2   5:46a   0.0   6.4   0.0   1.6  25.9   4:55p    SE
14  30.1  37.8   1:30p  22.3   5:25a   0.0   6.3   0.0   4.9  54.4   3:15p   NNE
15  23.0  32.1   1:35p  13.8   5:33a   0.0   2.4   0.0   3.1  55.7   5:38p   SSW
16  23.1  32.3   3:33p  13.9   5:42a   0.0   2.7   0.0   4.9  50.5  10:53a     S
17  23.0  31.9   1:07p  14.1   5:42a   0.0   2.5   0.0   1.8  38.9   3:36p   SSW
18  23.7  32.3   1:44p  15.0   5:41a   0.0   2.9   0.0   1.4  38.9  12:44p   WNW
19  23.6  33.2  12:35p  14.0   5:29a   0.0   3.3   0.0   1.2  40.2   1:27p   ENE
20  24.9  33.6   1:33p  16.1   5:40a   0.0   3.6   0.0   2.0  36.3   3:41p     S
21  24.2  30.5  12:40p  17.8   5:19a   0.0   2.6   0.0   1.3  23.3   6:42a   ESE
22  25.2  32.2  12:28p  18.2   5:35a   0.0   3.2   0.0   1.2  54.4   6:49p   ENE
23  25.6  32.9   2:25p  18.3   4:32a   0.0   3.5   0.0   1.3  28.5   1:29p   ENE
24  25.8  32.9  12:05p  18.6   5:18a   0.0   3.4   3.6   1.3  38.9   3:32p   NNW
25  27.9  33.2   1:18p  22.6   5:55a   0.0   3.9   2.1   1.6  34.9   1:30p   WNW
26  27.4  33.9   1:00p  20.8   5:12a   0.0   4.5   0.0   1.7  37.6   2:09p   NNE
27  28.1  34.1   1:44p  22.0   4:53a   0.0   5.0   0.0   1.5  24.6  12:21p   ENE
28  25.7  29.8   9:56a  21.5  11:35p   0.0   2.5   1.6   2.7  40.2  11:32a    SE
29  25.7  31.2   2:14p  20.2   5:35a   0.0   2.6   0.5   3.2  35.0   7:47a    SE
30  26.6  33.2   2:41p  20.0   4:40a   0.0   3.4   0.0   2.8  36.0   8:15a    SE
31  28.1  36.3   1:27p  19.8   5:45a   0.0   4.5  12.4   1.9  29.8   2:57p   ESE
----------------------------------------------------------------------------------
    26.1  38.0    13    13.8    15     0.0 110.2  44.5   1.9  55.7    15      SE

Max >=  30.0: 30
Max <=  25.0:  0
Min <=  10.0:  0
Min <=   5.0:  0
Max Rain: 15.5 on day 1
Days of Rain: 7 (>= 0.2 mm)  5 (>= 2.0 mm)  0 (>= 20.0 mm)
Heat Base: 18.0  Cool Base: 24.0  Method: Integration