Brisbane, Queensland, Australia, Latitude 27°S 23' 52", Longitude 152° E 55' 35", Elevation 76 m

Wed 22 Sep 2021 12:55:03 am: Temperature: 11.6 °C, Humidity: 42 %, Wind speed: 7 km/h, Wind Gust: 15 km/h, Rain today: 0.0 mm, MSLP: 1018.2 hPa

Website under continual development from 11 years of weather data. Please contact us if you find issues or like to provide feedback.

NOAA Style Reports

This page shows monthly and annual NOAA style reports since 2009.

Tables are updated at midnight each day.


Report for 2018 Feb
                   Monthly Climatological Summary for Feb 2018

Name: Ferny Grove   City: Brisbane   State: Queensland
Elevation: 76 m  Lat: S 27° 23' 52"   Lon: E 152° 55' 35"

                  Temperature (°C), Rain (mm), Wind Speed (km/h)

                                      Heat  Cool        Avg
    Mean                              Deg   Deg         Wind                 Dom
Day Temp  High   Time   Low    Time   Days  Days  Rain  Speed High   Time    Dir
----------------------------------------------------------------------------------
 1  23.0  24.9  12:00a  21.0   7:13a   0.0   0.1   0.0   3.1  33.5   9:51a   SSE
 2  19.8  21.5   2:12p  18.0   6:35a   0.0   0.0  12.9   1.8  25.9   2:42p   SSW
 3  20.1  22.2  11:25a  18.0   4:15a   0.0   0.0   6.7   2.6  32.4  11:33a   SSW
 4  22.5  27.9   3:28p  17.1   4:40a   0.0   1.0   0.5   6.1  38.9  10:52a     S
 5  23.9  30.7   1:55p  17.1   5:35a   0.0   1.8   0.5   4.1  31.0   8:25a   SSW
 6  23.1  29.8  12:47p  16.4   5:30a   0.0   1.7   0.0   2.9  28.5  12:17p   SSE
 7  23.8  30.8   2:15p  16.8   5:50a   0.0   2.1   0.0   4.1  37.4   7:23a    SE
 8  23.2  29.9   1:42p  16.4   5:40a   0.0   1.8   0.0   3.3  32.4   9:56a   SSE
 9  23.3  32.4   1:40p  14.2   5:45a   0.0   2.7   0.0   1.9  31.1   8:45a   ESE
10  25.5  34.0   1:27p  16.9   5:50a   0.0   3.6   1.0   1.7  40.2   9:23a   NNE
11  27.6  35.9   1:25p  19.2   5:40a   0.0   4.1  12.4   1.6  99.8   6:24p   ENE
12  27.1  35.1   2:37p  19.0   5:10a   0.0   4.8   0.0   0.8  20.7   5:09p     N
13  29.8  34.4   1:11p  25.2   6:15a   0.0   5.1   4.7   1.2  46.7   8:02p    NE
14  28.0  35.8   2:50p  20.2   5:40a   0.0   5.4   0.0   0.6  29.5   2:26p    SW
15  29.9  37.4   1:15p  22.4   5:55a   0.0   6.1   1.0   1.1  25.9  10:40a    SE
16  25.8  26.5  12:00p  25.0   6:42a   0.0   4.3  10.4   1.5  22.0   8:11a     N
17  26.3  31.5   2:07p  21.1  12:00a   0.0   3.1   1.0   1.2  20.7   9:37a   ESE
18  27.1  33.1   1:04p  21.1   5:45a   0.0   3.7   0.0   1.8  35.0  10:43a   SSE
19  26.2  34.3   2:20p  18.0   5:55a   0.0   4.0   0.0   1.6  24.6   2:33p   SSW
20  26.0  30.4   2:53p  21.6   6:21a   0.0   2.7   0.5   3.5  36.0   8:31a   SSE
21  24.0  26.9  10:10a  21.0   5:30a   0.0   0.6   0.5   7.5  44.1   8:18a     S
22  22.8  25.3   3:25p  20.3   4:35a   0.0   0.3   9.3   3.7  43.9   3:57a   SSE
23  23.3  24.6   9:00a  22.0   6:40a   0.0   0.0 115.5   1.2  28.5  12:04p   WSW
24  24.8  27.8  11:45a  21.7   3:49a   0.0   1.1  29.5   0.5  22.0   3:17p   WSW
25  26.8  32.2  12:29p  21.3   6:10a   0.0   2.6   1.0   1.1  31.1   2:07p   WSW
26  27.7  32.6   1:15p  22.7   6:19a   0.0   3.6  45.6   1.4  29.8  11:38p   WSW
27  24.3  27.6   1:53p  20.9   5:45a   0.0   0.8   0.0   2.3  25.9   9:50p   SSE
28  23.7  30.4  12:28p  17.0   5:45a   0.0   2.1   0.0   1.4  36.0   7:26a     W
----------------------------------------------------------------------------------
    25.0  37.4    15    14.2     9     0.0  69.2 253.0   2.3  99.8    11     SSE

Max >=  30.0: 16
Max <=  25.0:  4
Min <=  10.0:  0
Min <=   5.0:  0
Max Rain: 115.5 on day 23
Days of Rain: 17 (>= 0.2 mm)  9 (>= 2.0 mm)  3 (>= 20.0 mm)
Heat Base: 18.0  Cool Base: 24.0  Method: Integration