Brisbane, Queensland, Australia, Latitude 27°S 23' 52", Longitude 152° E 55' 35", Elevation 76 m

Sun 9 Aug 2020 1:20:01 am: Temperature: 12.8 °C, Humidity: 74 %, Wind speed: 0 km/h, Wind Gust: 0 km/h, Rain today: 0.0 mm, MSLP: 1013.41 hPa

Website under continual development from 10 years of weather data. Please contact us if you find issues or like to provide feedback.

NOAA Style Reports

This page shows monthly and annual NOAA style reports since 2009.

Tables are updated at midnight each day.


Report for 2018 Mar
                   Monthly Climatological Summary for Mar 2018

Name: Ferny Grove   City: Brisbane   State: Queensland
Elevation: 76 m  Lat: S 27° 23' 52"   Lon: E 152° 55' 35"

                  Temperature (°C), Rain (mm), Wind Speed (km/h)

                                      Heat  Cool        Avg
    Mean                              Deg   Deg         Wind                 Dom
Day Temp  High   Time   Low    Time   Days  Days  Rain  Speed High   Time    Dir
----------------------------------------------------------------------------------
 1  26.9  35.5   2:55p  18.3   5:50a   0.0   4.9   0.0   1.5  27.0  11:20a   NNW
 2  26.7  29.3   1:40p  24.0   6:34a   0.0   3.0   0.0   0.9  16.6   3:20a     E
 3  27.3  31.3   2:29p  23.3   4:35a   0.0   3.0   0.5   0.5  20.5   9:10a    NE
 4  28.9  35.4   1:55p  22.4   5:55a   0.0   4.7   3.1   1.1  29.8  11:47a   NNW
 5  26.0  29.0   2:00p  22.9   3:30a   0.0   2.1   3.1   0.4  16.8   2:53p     S
 6  23.5  24.9  12:00a  22.1   6:26a   0.0   0.0  50.3   1.8  44.1   4:52p     S
 7  21.3  25.1   3:43p  17.5  12:25a   0.0   0.1   3.6   5.6  55.7   4:04p   SSE
 8  21.7  26.1  12:42p  17.3   5:35a   0.0   0.2   0.5   5.8  40.2   2:21p     S
 9  22.4  26.6   2:37p  18.2   5:32a   0.0   0.5   1.0   5.9  53.1   2:15p   SSE
10  22.4  26.0   1:44p  18.7   4:44a   0.0   0.2   3.6   5.0  41.5   3:44p     S
11  21.2  25.1   1:41p  17.3   5:50a   0.0   0.1   2.6   2.9  41.5  11:39a     S
12  21.9  28.9   1:10p  14.9   5:45a   0.0   1.3   0.0   1.8  58.3   1:12p     S
13  21.7  26.3   3:09p  17.0   6:16a   0.0   0.6   1.6   2.4  36.3   8:09a     S
14  24.4  28.8   2:43p  20.0   5:45a   0.0   1.4   4.1   5.9  46.7   1:17p   SSE
15  24.7  30.3   2:09p  19.1   6:03a   0.0   1.9   0.0   2.8  28.5  10:29a     S
16  23.9  31.8   2:51p  16.0   5:50a   0.0   2.5   0.0   1.3  24.6   9:00a     S
17  25.2  32.3   1:39p  18.0   6:15a   0.0   2.9   0.0   0.9  27.4  10:14a   ESE
18  25.6  31.4  12:53p  19.8   6:05a   0.0   2.7   0.0   1.1  18.1   3:02p    SE
19  26.6  32.8   1:20p  20.3   4:52a   0.0   3.4   0.0   1.0  28.4  10:01a    SE
20  25.9  31.2   1:10p  20.5   6:10a   0.0   2.7   0.0   2.1  27.2   4:36p   ESE
21  23.0  25.6  10:15a  20.4   7:05a   0.0   0.1  30.0   3.5  51.8  10:29a     S
22  23.9  27.8   2:05p  20.0   5:09a   0.0   0.8  10.4   3.0  33.5  12:20p   SSE
23  23.2  28.0   3:10p  18.4   5:50a   0.0   0.9   4.1   2.2  44.1   3:23p   SSE
24  23.8  28.3   1:58p  19.3   6:29a   0.0   1.2   0.0   0.7  29.8   1:18p     S
25  22.8  28.3   1:05p  17.2   4:55a   0.0   0.9   3.6   0.7  23.3   2:08p   SSE
26  24.6  29.1   2:25p  20.0   5:55a   0.1   1.8   1.0   0.6  23.3   3:46p   NNE
27  23.7  27.3   3:41p  20.0   6:20a   0.0   0.8  42.5   1.5  28.5   5:32p   SSW
28  25.4  30.6   2:30p  20.1   6:20a   0.1   2.2   0.5   4.1  37.6  12:53p   SSE
29  23.5  26.9   1:30p  20.1   6:00a   0.1   0.5   8.8   2.5  41.5   1:09p   SSE
30  23.5  26.6   1:03p  20.3   6:05a   0.0   0.8   1.6   1.2  27.2  11:12a     S
31  24.9  29.9   1:00p  19.9   6:20a   0.0   1.8   0.0   2.5  36.3  11:39a   SSE
----------------------------------------------------------------------------------
    24.2  35.5     1    14.9    12     0.3  50.0 176.5   2.4  58.3    12     SSE

Max >=  30.0: 10
Max <=  25.0:  1
Min <=  10.0:  0
Min <=   5.0:  0
Max Rain: 50.3 on day 6
Days of Rain: 20 (>= 0.2 mm)  13 (>= 2.0 mm)  3 (>= 20.0 mm)
Heat Base: 18.0  Cool Base: 24.0  Method: Integration