Brisbane, Queensland, Australia, Latitude 27°S 23' 52", Longitude 152° E 55' 35", Elevation 76 m

Wed 22 Sep 2021 1:00:02 am: Temperature: 11.6 °C, Humidity: 42 %, Wind speed: 7 km/h, Wind Gust: 15 km/h, Rain today: 0.0 mm, MSLP: 1018.0 hPa

Website under continual development from 11 years of weather data. Please contact us if you find issues or like to provide feedback.

NOAA Style Reports

This page shows monthly and annual NOAA style reports since 2009.

Tables are updated at midnight each day.


Report for 2018 Apr
                   Monthly Climatological Summary for Apr 2018

Name: Ferny Grove   City: Brisbane   State: Queensland
Elevation: 76 m  Lat: S 27° 23' 52"   Lon: E 152° 55' 35"

                  Temperature (°C), Rain (mm), Wind Speed (km/h)

                                      Heat  Cool        Avg
    Mean                              Deg   Deg         Wind                 Dom
Day Temp  High   Time   Low    Time   Days  Days  Rain  Speed High   Time    Dir
----------------------------------------------------------------------------------
 1  24.5  29.9   1:06p  19.0   6:44a   0.0   1.5   1.0   1.2  27.2  12:42p   SSE
 2  24.2  29.3   1:34p  19.0   5:40a   0.0   1.8   0.0   0.8  18.1  12:49p    SW
 3  24.0  29.8   2:28p  18.2   6:20a   0.0   0.9   2.1   2.2  31.1   2:36p     S
 4  22.1  24.7   3:11p  19.4   6:00a   0.0   0.0   9.3   4.0  51.8   1:24a   SSE
 5  22.8  28.1  12:00p  17.5   6:10a   0.0   0.8   1.0   2.4  40.2  10:38a     S
 6  23.1  29.1   1:13p  17.0   5:40a   0.0   1.1   0.5   2.6  38.9  11:33a     S
 7  23.3  28.9  11:36a  17.7   5:55a   0.0   1.2   1.6   2.0  41.5   4:47p   SSW
 8  21.9  27.4  10:46a  16.3   5:00a   0.0   0.7   0.0   1.1  37.6  11:31a   SSW
 9  23.0  30.3   1:34p  15.7   5:50a   0.0   1.6   0.0   0.4  23.3   4:04p    SW
10  22.3  30.3   2:14p  14.2   5:59a   0.1   1.6   0.0   2.9  37.6   4:42p     S
11  22.6  27.3  12:28p  17.9   5:35a   0.0   0.7   0.5   2.3  55.7  11:52a     S
12  21.4  27.0  12:05p  15.8  12:15a   0.0   0.5   0.0   0.9  36.3  12:29p    SW
13  22.5  28.4  12:40p  16.5   5:20a   0.0   1.0   0.0   0.8  22.0   1:24p   WNW
14  22.0  26.9   2:44p  17.1   6:25a   0.0   0.5   0.0   0.4  18.1   5:42p     W
15  25.0  33.1   2:09p  16.9   5:50a   0.0   2.6   0.0   0.5  15.6  10:48a   WSW
16  22.4  32.1   2:00p  12.7   6:25a   0.3   2.3   0.0   0.9  29.5  12:50p     W
17  22.8  31.6  12:37p  13.9   6:52a   0.2   2.1   0.0   1.7  49.2   9:32p     S
18  20.9  23.9   3:20p  17.9   4:58a   0.0   0.0   7.8   1.4  36.0   5:10p   SSE
19  21.5  26.6  12:05p  16.3   1:30a   0.0   0.5   0.5   1.2  35.0   1:14p     S
20  23.0  29.0  12:00p  17.0   4:35a   0.0   0.5   9.3   0.7  19.4  12:30p    SW
21  22.0  27.8  12:00p  16.1   6:25a   0.0   0.4   2.1   1.1  32.4   9:00a   NNW
22  20.1  25.8   2:16p  14.3   5:05a   0.4   0.2   0.0   1.9  24.6  10:20a   SSW
23  21.1  28.2   2:15p  13.9   5:55a   0.4   0.8   0.0   1.8  33.5  10:20a   SSE
24  20.8  28.3   1:15p  13.2   6:34a   0.5   0.9   0.0   1.9  38.9  10:29a    SE
25  23.1  28.8   1:22p  17.3   4:55a   0.0   1.2   0.0   1.0  22.0   2:15p   SSE
26  22.5  29.8   1:10p  15.2   6:47a   0.0   1.4   0.0   0.3  16.6  12:40p   SSW
27  21.9  28.3  12:20p  15.4   4:55a   0.0   1.0   0.0   3.4  38.9   7:00p   SSE
28  19.9  26.5  12:40p  13.2   6:10a   0.4   0.3   0.0   3.7  46.4   9:35a     S
29  19.6  26.3  12:54p  12.8   6:30a   0.6   0.4   0.0   2.2  35.0  12:54p     S
30  19.0  26.2   1:59p  11.7   5:30a   1.0   0.3   0.0   3.2  37.6  10:45a     S
----------------------------------------------------------------------------------
    22.2  33.1    15    11.7    30     3.9  28.8  35.7   1.7  55.7    11       S

Max >=  30.0:  5
Max <=  25.0:  2
Min <=  10.0:  0
Min <=   5.0:  0
Max Rain: 9.3 on day 4
Days of Rain: 11 (>= 0.2 mm)  5 (>= 2.0 mm)  0 (>= 20.0 mm)
Heat Base: 18.0  Cool Base: 24.0  Method: Integration