Brisbane, Queensland, Australia, Latitude 27°S 23' 52", Longitude 152° E 55' 35", Elevation 76 m

Wed 22 Sep 2021 1:10:03 am: Temperature: 11.6 °C, Humidity: 43 %, Wind speed: 6 km/h, Wind Gust: 14 km/h, Rain today: 0.0 mm, MSLP: 1018.1 hPa

Website under continual development from 11 years of weather data. Please contact us if you find issues or like to provide feedback.

NOAA Style Reports

This page shows monthly and annual NOAA style reports since 2009.

Tables are updated at midnight each day.


Report for 2018 Jul
                   Monthly Climatological Summary for Jul 2018

Name: Ferny Grove   City: Brisbane   State: Queensland
Elevation: 76 m  Lat: S 27° 23' 52"   Lon: E 152° 55' 35"

                  Temperature (°C), Rain (mm), Wind Speed (km/h)

                                      Heat  Cool        Avg
    Mean                              Deg   Deg         Wind                 Dom
Day Temp  High   Time   Low    Time   Days  Days  Rain  Speed High   Time    Dir
----------------------------------------------------------------------------------
 1  17.9  22.1   1:26p  13.7   3:00a   0.7   0.0   0.0   0.2  13.0   9:12a   NNW
 2  19.5  24.6  12:45p  14.3   4:55a   0.8   0.0   0.0   0.8  33.5   9:25a   SSE
 3  17.4  24.0   1:22p  10.7   4:40a   1.5   0.0   0.0   4.5  33.7  12:07p   SSW
 4  19.0  24.6   1:50p  13.3   5:13a   1.2   0.0   0.0   2.1  23.3   3:04p     S
 5  17.9  21.9  12:45p  13.8   4:03a   0.4   0.0   5.7   0.5  23.3  12:35p    NE
 6  20.6  24.1  11:59a  17.1   6:27a   0.0   0.0   3.6   2.0  33.5   6:01a   NNE
 7  20.8  23.8   2:41p  17.8   6:22a   0.3   0.0   0.0   4.4  58.3   8:51p   NNE
 8  13.6  20.6   1:40p   6.5   6:53a   3.1   0.0   0.0   7.1  45.4   1:53a   SSW
 9  13.5  21.6  12:45p   5.4   7:07a   4.2   0.0   0.0   1.1  31.0   9:00a    SW
10  14.2  22.4   1:25p   5.9   6:25a   4.4   0.0   0.0   1.5  54.4   9:20a     S
11  14.4  21.2  11:15a   7.6   6:05a   3.5   0.0   7.3   1.0  22.0   8:47a    SW
12  17.9  22.4   2:23p  13.3   6:36a   2.3   0.0   1.0   0.8  27.0   2:05p     S
13  14.5  21.7   2:05p   7.3   7:14a   3.8   0.0   0.0   1.4  36.0  11:50a    SW
14  11.7  21.3   1:23p   2.0   6:36a   5.6   0.0   0.0   0.8  20.7   3:14p   WSW
15  11.6  21.4   1:32p   1.8   6:39a   5.7   0.0   0.0   1.1  27.2   2:26p   NNE
16  14.1  22.9   1:50p   5.2   6:19a   4.3   0.0   0.0   0.9  35.0  10:26a     W
17  12.9  23.7   1:35p   2.1   6:45a   5.3   0.0   0.0   0.4  20.7  10:54a   ENE
18  13.6  24.8   1:55p   2.3   6:40a   5.3   0.0   0.0   0.5  23.0   1:10p    NE
19  13.2  24.2   1:35p   2.2   6:54a   5.0   0.0   0.0   0.9  37.6   2:17p   WNW
20  15.9  24.7   1:44p   7.1   6:40a   2.9   0.0   0.0   1.7  27.2   9:56p    SW
21  13.2  20.6   1:25p   5.8   7:03a   3.8   0.0   0.0   1.3  22.0   4:58a   SSW
22  12.4  20.5   1:11p   4.3   5:12a   4.9   0.0   0.0   1.0  20.7   3:37p   ENE
23  14.3  23.1  12:30p   5.5   6:39a   4.4   0.0   0.0   0.4  43.9  12:55p     N
24  15.8  25.8   2:15p   5.8   6:55a   3.8   0.1   0.0   0.5  36.0  12:35p    NE
25  15.4  23.8   2:25p   7.0   5:17a   3.0   0.0   0.0   0.1  14.0  10:27a   WSW
26  19.0  26.2   1:10p  11.8   7:22a   1.6   0.3   0.0   0.8  25.9   2:57p     S
27  16.9  25.8   1:41p   8.0   6:28a   2.0   0.1   0.0   2.3  57.0   3:58p   NNW
28  18.8  27.9   1:46p   9.7   6:36a   1.5   0.5   0.0   0.9  23.3   2:48p   ENE
29  17.7  26.3   2:37p   9.0   6:16a   1.7   0.3   0.0   1.5  22.0   5:52p   NNW
30  18.3  24.2   1:41p  12.3   6:50a   1.2   0.0   0.5   3.8  46.7   1:39p     W
31  13.8  24.4   1:32p   3.2   6:24a   3.8   0.0   0.0   0.7  20.5   2:30p    NW
----------------------------------------------------------------------------------
    15.8  27.9    28     1.8    15    92.0   1.3  18.1   1.5  58.3     7      SW

Max >=  30.0:  0
Max <=  25.0: 26
Min <=  10.0: 21
Min <=   5.0:  7
Max Rain: 7.3 on day 11
Days of Rain: 5 (>= 0.2 mm)  3 (>= 2.0 mm)  0 (>= 20.0 mm)
Heat Base: 18.0  Cool Base: 24.0  Method: Integration