Brisbane, Queensland, Australia, Latitude 27°S 23' 52", Longitude 152° E 55' 35", Elevation 76 m

Wed 22 Sep 2021 1:00:02 am: Temperature: 11.6 °C, Humidity: 42 %, Wind speed: 7 km/h, Wind Gust: 15 km/h, Rain today: 0.0 mm, MSLP: 1018.0 hPa

Website under continual development from 11 years of weather data. Please contact us if you find issues or like to provide feedback.

NOAA Style Reports

This page shows monthly and annual NOAA style reports since 2009.

Tables are updated at midnight each day.


Report for 2018 Nov
                   Monthly Climatological Summary for Nov 2018

Name: Ferny Grove   City: Brisbane   State: Queensland
Elevation: 76 m  Lat: S 27° 23' 52"   Lon: E 152° 55' 35"

                  Temperature (°C), Rain (mm), Wind Speed (km/h)

                                      Heat  Cool        Avg
    Mean                              Deg   Deg         Wind                 Dom
Day Temp  High   Time   Low    Time   Days  Days  Rain  Speed High   Time    Dir
----------------------------------------------------------------------------------
 1  21.7  28.9  12:24p  14.4   5:08a   0.7   1.1   0.0   2.9  25.0   4:16p   ENE
 2  22.5  28.3  12:28p  16.7  12:57a   0.1   1.0   0.0   4.7  27.0   4:25p    NE
 3  24.5  33.9   3:13p  15.0   5:18a   0.5   2.5   0.0   2.8  21.0   8:16a   NNE
 4  25.6  33.9  11:35a  17.2   5:06a   0.1   2.8   0.0   2.3  18.0  12:07p     E
 5  26.4  33.3  11:57a  19.4   4:28a   0.0   2.9   0.0   2.0  20.0   1:33p   ESE
 6  28.3  34.4   1:16p  22.2   3:40a   0.0   3.6   0.0   2.4  21.0   2:00p    NE
 7  28.1  34.4  12:16p  21.7   4:34a   0.0   3.4   0.0   5.0  27.0   4:20p    NE
 8  20.6  25.6   4:26p  15.6  11:56p   0.1   0.1   0.0   4.0  30.0   9:30a     W
 9  19.2  24.4   1:50p  13.9  11:58p   1.0   0.0   0.0   4.2  25.0   9:10a   SSE
10  20.0  27.2   1:54p  12.8   4:45a   1.4   0.5   0.0   3.2  20.0   3:26p   ESE
11  21.1  27.2   2:16p  15.0   1:50p   0.6   0.8   0.0   4.0  23.0  12:30p    SE
12  21.4  28.3   1:57p  14.4   4:32a   0.6   0.7   0.0   4.7  25.0   3:54p   SSE
13  21.2  26.7  11:21a  15.6   5:16a   0.5   0.5   0.0   3.6  29.0  12:32p    SE
14  22.0  28.9  12:01p  15.0   4:21a   0.5   1.0   0.0   3.7  23.0  11:29a   ENE
15  24.8  30.6   1:15p  18.9   4:54a   0.0   1.6   0.0   4.0  20.0  12:45p    NE
16  24.2  30.6   1:22p  17.8   5:05a   0.0   1.6   0.0   3.3  21.0   1:25p   ENE
17  24.2  30.6  11:44a  17.8   4:57a   0.0   1.3   1.8   3.7  30.0   7:13p     E
18  20.9  25.0  12:08p  16.7   4:51a   0.1   0.1   0.2   5.3  26.0   1:00p   SSE
19  22.0  27.2   1:50p  16.7   5:13a   0.1   0.4   0.0   3.5  27.0   4:35p    SE
20  22.2  28.3  11:36a  16.1   2:06p   0.3   1.1   0.0   5.7  27.0  11:50a    NE
21  25.3  33.9   1:31p  16.7   5:07a   0.1   2.8   9.6   5.0  32.0   7:00p    NE
22  26.2  30.6   4:08p  21.7  12:14p   0.0   1.7   2.6   7.0  35.0   9:20a   NNW
23  24.5  30.6   3:09p  18.3   5:47a   0.0   1.7   0.0  11.1  41.0   9:45a   WNW
24  23.4  31.7   3:37p  15.0   3:20a   0.2   1.9   0.0   7.4  42.0   2:22p   WNW
25  25.0  35.0   1:49p  15.0   4:50a   0.4   3.0   0.0   4.3  29.0   9:38a   NNW
26  25.9  35.6   2:10p  16.1   4:30a   0.3   3.2   0.0   5.0  39.0   1:30p    SW
27  22.5  28.3   3:37p  16.7   4:16a   0.2   0.8   0.0   4.6  28.0   3:17p    NE
28  29.5  37.2   2:40p  21.7   3:47a   0.0   4.6   3.4  12.8  54.0   2:55p    NW
29  27.8  35.0   2:29p  20.6  11:59p   0.0   2.7   0.0   9.2  37.0  12:01a     W
30  24.2  30.6   1:43p  17.8   4:52a   0.0   1.6   0.0   5.7  28.0   1:58p   ENE
----------------------------------------------------------------------------------
    23.8  37.2    28    12.8    10     7.8  51.0  17.6   4.9  54.0    28     NNE

Max >=  30.0: 17
Max <=  25.0:  2
Min <=  10.0:  0
Min <=   5.0:  0
Max Rain: 9.6 on day 21
Days of Rain: 5 (>= 0.2 mm)  3 (>= 2.0 mm)  0 (>= 20.0 mm)
Heat Base: 18.0  Cool Base: 24.0  Method: Integration