Brisbane, Queensland, Australia, Latitude 27°S 23' 52", Longitude 152° E 55' 35", Elevation 76 m

Mon 5 Dec 2022 12:25:13 pm: Temperature: 28.9 °C, Humidity: 52 %, Wind speed: 3 km/h, Wind Gust: 12 km/h, Rain today: 0.0 mm, MSLP: 1008.5 hPa

Website under continual development from 11 years of weather data. Please contact us if you find issues or like to provide feedback.

NOAA Style Reports

This page shows monthly and annual NOAA style reports since 2009.

Tables are updated at midnight each day.


Report for 2018 Dec
                   Monthly Climatological Summary for Dec 2018

Name: Ferny Grove   City: Brisbane   State: Queensland
Elevation: 76 m  Lat: S 27° 23' 52"   Lon: E 152° 55' 35"

                  Temperature (°C), Rain (mm), Wind Speed (km/h)

                                      Heat  Cool        Avg
    Mean                              Deg   Deg         Wind                 Dom
Day Temp  High   Time   Low    Time   Days  Days  Rain  Speed High   Time    Dir
----------------------------------------------------------------------------------
 1  28.1  36.7   2:12p  19.4  12:46a   0.0   3.5   0.0   5.3  28.0   4:25p    NE
 2  28.3  37.2   1:57p  19.4   6:15a   0.0   4.9   0.0   4.2  32.0  11:46a   NNE
 3  27.5  33.9   1:15p  21.1  11:52p   0.0   2.4   0.0   5.8  25.0  12:05p     E
 4  25.3  31.1  12:35p  19.4   5:35a   0.0   1.2   4.2   3.2  19.0  10:46a    SE
 5  23.9  28.9   2:14p  18.9   5:55a   0.0   0.3   0.2   7.5  39.0   4:35p   SSE
 6  23.1  28.3   4:26p  17.8   6:12a   0.0   0.3   0.0   9.5  35.0   6:48p   SSE
 7  22.5  27.2   4:13p  17.8   5:53a   0.0   0.0   0.2   7.6  35.0   2:05p   SSE
 8  23.9  28.3   4:36p  19.4   5:58a   0.0   0.1   0.0   6.3  29.0   9:42a    SE
 9  24.7  31.1   4:01p  18.3   6:10a   0.0   0.8   0.0   5.6  32.0  10:35a    SE
10  26.1  33.3   4:39p  18.9   6:08a   0.0   1.8   0.0   4.1  22.0   9:32a     E
11  25.0  32.2   1:24p  17.8   5:47a   0.0   1.8   0.0   4.2  29.0   2:20p     E
12  25.6  33.3   2:15p  17.8   6:27a   0.0   1.7   0.0   4.8  25.0   4:12p     E
13  25.6  31.7   1:52p  19.4   5:49a   0.0   1.9   0.0   7.8  39.0   3:55p    NE
14  27.0  31.7   2:17p  22.2   9:06a   0.0   1.9   0.6   7.8  33.0   3:45p    NE
15  26.7  32.2   1:14p  21.1   6:19a   0.0   1.9   4.4   9.0  33.0   7:25a    NE
16  25.9  30.0  10:55a  21.7   6:05a   0.0   0.0  36.6   4.8  22.0   1:54p   ENE
17  25.3  30.0  12:46p  20.6   8:35a   0.0   0.8   7.8   3.2  23.0  12:10p   ESE
18  26.1  31.1   3:33p  21.1   5:49a   0.0   1.2   2.6   3.5  23.0  11:35a   ESE
19  27.3  32.8   1:30p  21.7   6:05a   0.0   2.1   0.0   4.0  22.0   2:53p   ENE
20  28.9  36.1   2:20p  21.7  12:00a   0.0   3.9   0.0   5.6  28.0   3:56p    NE
21  30.6  38.3   3:24p  22.8  11:27p   0.0   4.9   5.0   7.5  48.0   5:45p   NNE
22  29.2  36.1   3:23p  22.2  11:09p   0.0   3.2   0.8   6.3  31.0   5:21p     E
23  25.6  31.7   1:35p  19.4   6:25a   0.0   0.7   0.0   8.0  31.0  12:16p   SSE
24  24.2  30.6   3:27p  17.8  11:23p   0.0   0.6   0.0   5.7  25.0   3:01p   SSE
25  23.6  32.2   2:40p  15.0   6:08a   0.5   1.1   0.0   3.4  22.0   2:47p   ESE
26  24.2  33.3   3:33p  15.0   6:13a   0.6   1.4   0.0   3.8  22.0  12:58p   ESE
27  25.3  33.9   2:37p  16.7   6:23a   0.2   1.5   0.0   3.8  25.0   1:12p   ESE
28  26.1  33.9   2:49p  18.3  12:26a   0.0   1.7   0.0   4.6  31.0   9:00a   ESE
29  25.6  33.9   2:39p  17.2   6:04a   0.1   2.2   0.0   4.5  29.0   2:58p     E
30  22.0  33.3   2:45p  10.6  11:52p   0.0   2.2   0.2   4.0  28.0   9:57a     E
31  26.4  33.9   1:56p  18.9  12:56a   0.0   2.3   0.0   4.4  25.0  10:38a   ENE
----------------------------------------------------------------------------------
    25.8  38.3    21    10.6    30     1.4  54.3  62.6   5.5  48.0    21       E

Max >=  30.0: 27
Max <=  25.0:  0
Min <=  10.0:  0
Min <=   5.0:  0
Max Rain: 36.6 on day 16
Days of Rain: 11 (>= 0.2 mm)  6 (>= 2.0 mm)  1 (>= 20.0 mm)
Heat Base: 18.0  Cool Base: 24.0  Method: Integration