Brisbane, Queensland, Australia, Latitude 27°S 23' 52", Longitude 152° E 55' 35", Elevation 76 m

Mon 29 Nov 2021 7:25:03 pm: Temperature: 23.0 °C, Humidity: 81 %, Wind speed: 3 km/h, Wind Gust: 6 km/h, Rain today: 0.0 mm, MSLP: 1016.7 hPa

Website under continual development from 11 years of weather data. Please contact us if you find issues or like to provide feedback.

NOAA Style Reports

This page shows monthly and annual NOAA style reports since 2009.

Tables are updated at midnight each day.


Report for 2019 Jan
                   Monthly Climatological Summary for Jan 2019

Name: Ferny Grove   City: Brisbane   State: Queensland
Elevation: 76 m  Lat: S 27° 23' 52"   Lon: E 152° 55' 35"

                  Temperature (°C), Rain (mm), Wind Speed (km/h)

                                      Heat  Cool        Avg
    Mean                              Deg   Deg         Wind                 Dom
Day Temp  High   Time   Low    Time   Days  Days  Rain  Speed High   Time    Dir
----------------------------------------------------------------------------------
 1  25.8  32.2   1:31p  19.4   5:21a   0.0   2.5   0.0   4.3  25.0   2:33p   ENE
 2  25.3  31.7  12:41p  18.9   4:53a   0.0   2.4   0.0   4.1  25.0   4:48p   ENE
 3  24.7  29.4   2:34p  20.0   3:43a   0.0   1.3   2.2   4.1  25.0   5:31p   ENE
 4  26.2  30.6   2:28p  21.7   4:46a   0.0   2.1   3.2   4.3  25.0   2:41a     E
 5  25.6  31.1  12:53p  20.0   4:56a   0.0   2.4   0.0   4.0  23.0   8:51a   ENE
 6  26.4  30.6  11:16a  22.2   2:23a   0.0   2.4   0.0   4.1  25.0  12:27p     E
 7  26.1  30.0  11:30a  22.2   5:26a   0.0   1.6   0.8   5.2  37.0  12:07p    SE
 8  26.4  30.0  11:10a  22.8   6:44a   0.0   2.0   0.0   5.4  28.0  11:31a     E
 9  25.3  28.9  12:48p  21.7   5:37a   0.0   1.1   1.6   4.0  19.0  12:30p   NNE
10  26.4  31.1   2:16p  21.7  11:55p   0.0   2.2   0.2   3.1  22.0   4:18p   ENE
11  25.6  31.1  12:12p  20.0   3:16a   0.0   2.3   0.0   4.4  29.0   1:15p    SE
12  25.6  31.7   2:38p  19.4   4:13a   0.0   2.4   0.0   4.1  23.0   3:45p    SE
13  25.9  31.7  11:58a  20.0   1:35a   0.0   2.6   0.0   5.8  31.0   1:09p    SE
14  26.2  31.7   1:31p  20.6   5:18a   0.0   2.6   0.0   6.0  23.0   8:35a    SE
15  26.4  32.8   1:22p  20.0   4:38a   0.0   2.7   0.0   4.5  23.0   1:35p   ENE
16  27.8  33.9  11:58a  21.7   1:31a   0.0   3.2   0.0   6.3  29.0   1:40p    NE
17  26.7  32.8   1:38p  20.6   5:28a   0.0   2.4   0.0   4.8  28.0   4:22p   ENE
18  25.3  32.2   1:18p  18.3   5:11a   0.0   2.8   0.0   5.2  28.0   2:23p   ENE
19  26.9  34.4   1:17p  19.4   5:32a   0.0   2.9   0.0   4.8  25.0  12:48p    NE
20  26.4  32.8  12:12p  20.0   5:05a   0.0   3.0   0.0   4.0  23.0   3:26p     E
21  26.4  32.2   1:35p  20.6   5:25a   0.0   2.9   0.0   4.1  23.0   2:10p   ESE
22  26.7  32.2   1:35p  21.1   5:12a   0.0   2.8   0.0   4.4  25.0  12:58p     E
23  27.5  33.9  11:41a  21.1   5:35a   0.0   3.5   0.0   6.6  31.0   3:54p    NE
24  28.1  33.3  10:52a  22.8   5:35a   0.0   3.5   0.0   5.2  25.0   2:54p   ENE
25  28.1  33.3  11:50a  22.8   5:24a   0.0   3.4   0.0   5.2  28.0   3:41p   ENE
26  27.0  32.8   1:34p  21.1   5:43a   0.0   3.0   0.0   5.9  31.0   5:55p    NE
27  26.7  33.3  11:51a  20.0   5:28a   0.0   3.1   0.0   7.7  35.0   3:02p    NE
28  27.0  33.3  12:36p  20.6   5:28a   0.0   3.2   0.4   5.6  32.0  10:26a   ENE
29  27.0  32.2   1:27p  21.7   5:31a   0.0   3.0   0.0   5.2  29.0   1:55p   ENE
30  26.4  31.7  11:38a  21.1   5:28a   0.0   2.7   0.0   4.5  31.0  12:00p     E
31  27.0  32.8  12:40p  21.1   5:21a   0.0   2.8   0.0   4.8  23.0   3:25p   ENE
----------------------------------------------------------------------------------
    26.4  34.4    19    18.3    18     0.0  80.8   8.4   4.9  37.0     7     ENE

Max >=  30.0: 29
Max <=  25.0:  0
Min <=  10.0:  0
Min <=   5.0:  0
Max Rain: 3.2 on day 4
Days of Rain: 6 (>= 0.2 mm)  2 (>= 2.0 mm)  0 (>= 20.0 mm)
Heat Base: 18.0  Cool Base: 24.0  Method: Integration