Brisbane, Queensland, Australia, Latitude 27°S 23' 52", Longitude 152° E 55' 35", Elevation 76 m

Sun 9 Aug 2020 1:25:01 am: Temperature: 12.6 °C, Humidity: 75 %, Wind speed: 0 km/h, Wind Gust: 0 km/h, Rain today: 0.0 mm, MSLP: 1013.34 hPa

Website under continual development from 10 years of weather data. Please contact us if you find issues or like to provide feedback.

NOAA Style Reports

This page shows monthly and annual NOAA style reports since 2009.

Tables are updated at midnight each day.


Report for 2019 Feb
                   Monthly Climatological Summary for Feb 2019

Name: Ferny Grove   City: Brisbane   State: Queensland
Elevation: 76 m  Lat: S 27° 23' 52"   Lon: E 152° 55' 35"

                  Temperature (°C), Rain (mm), Wind Speed (km/h)

                                      Heat  Cool        Avg
    Mean                              Deg   Deg         Wind                 Dom
Day Temp  High   Time   Low    Time   Days  Days  Rain  Speed High   Time    Dir
----------------------------------------------------------------------------------
 1  27.0  32.8  10:55a  21.1   4:54a   0.0   2.9   0.0   4.6  29.0   3:25p    SE
 2  26.4  31.1   1:20p  21.7   5:30a   0.0   2.2   1.6   5.7  35.0   1:32p    SE
 3  25.0  29.4   1:55p  20.6   5:11a   0.0   1.1   5.0   3.9  25.0  12:25p    SE
 4  25.0  30.0   3:15p  20.0   5:34a   0.0   1.4   3.8   4.2  28.0   2:09p    SE
 5  26.1  31.1   1:03p  21.1   2:04a   0.0   1.8   4.6   6.4  39.0   1:45p    SE
 6  25.3  28.9   3:52p  21.7   3:19a   0.0   1.1  19.2   5.2  31.0   3:54p    SE
 7  25.6  29.4  11:39a  21.7   5:06a   0.0   1.6   0.6   5.4  29.0  12:55p    SE
 8  26.4  30.6   1:46p  22.2   5:43a   0.0   1.6   0.8   4.1  28.0  11:10a   ESE
 9  26.7  32.8   1:16p  20.6   5:41a   0.0   2.8   0.0   4.9  28.0   2:18p    NE
10  27.3  32.8  11:18a  21.7   5:33a   0.0   3.2   0.0   5.3  25.0   3:11p    SE
11  27.8  32.2   2:32p  23.3   5:22a   0.0   2.6   0.0   5.6  28.0   2:31p   ENE
12  28.6  36.1  12:56p  21.1   5:46a   0.0   4.0   0.0   5.6  31.0   4:24p    NE
13  29.2  36.7   1:39p  21.7   5:27a   0.0   5.0   0.0   5.2  29.0   3:35p   ENE
14  27.5  31.1  11:08a  23.9  11:04p   0.0   3.0   0.0   9.6  33.0  10:45a   SSE
15  26.7  31.1   1:27p  22.2  11:56p   0.0   1.9   0.0   8.4  37.0   1:55p   SSE
16  25.6  31.1  12:46p  20.0   5:28a   0.0   1.7   0.0   7.6  29.0   8:14a   SSE
17  25.0  31.1  12:50p  18.9   5:50a   0.0   2.1   0.0   4.8  25.0   1:42p    SE
18  25.3  31.7   2:50p  18.9   3:55a   0.0   2.3   0.0   3.5  23.0   1:15p   ESE
19  26.4  34.4   1:04p  18.3   5:41a   0.0   3.1   0.0   3.8  22.0   1:09p   ENE
20  27.8  33.9  11:49a  21.7   2:47a   0.0   3.5   0.0   4.4  25.0  12:56p    SE
21  28.4  32.8   1:24p  23.9   4:22a   0.0   3.8   0.0   7.6  31.0   1:36p   SSE
22  27.3  31.7  12:19p  22.8   4:05a   0.0   2.4   0.2  12.0  44.0  12:43p   SSW
23  26.1  31.1   3:21p  21.1   5:43a   0.0   2.1   0.0  11.3  38.0   6:09p   SSW
----------------------------------------------------------------------------------
    26.6  36.7    13    18.3    19     0.0  57.2  35.8   6.1  44.0    22      SE

Max >=  30.0: 20
Max <=  25.0:  0
Min <=  10.0:  0
Min <=   5.0:  0
Max Rain: 19.2 on day 6
Days of Rain: 8 (>= 0.2 mm)  4 (>= 2.0 mm)  0 (>= 20.0 mm)
Heat Base: 18.0  Cool Base: 24.0  Method: Integration